{"id":72,"date":"2019-03-05T14:48:57","date_gmt":"2019-03-05T13:48:57","guid":{"rendered":"https:\/\/lefthander-consulting.org\/en\/?page_id=72"},"modified":"2019-04-24T11:28:54","modified_gmt":"2019-04-24T09:28:54","slug":"emphasis-of-activity","status":"publish","type":"page","link":"https:\/\/lefthander-consulting.org\/english\/consulting\/emphasis-of-activity\/","title":{"rendered":"Emphasis of Activity"},"content":{"rendered":"<p>Close cooperation in the field of research about handedness, about knowledge about the chances and risks of\u00a0<a href=\"https:\/\/lefthander-consulting.org\/english\/consulting\/reconversion\/\">reconverting<\/a>\u00a0the handedness back to the naturally dominant hand.<\/p>\n<p><a href=\"https:\/\/lefthander-consulting.org\/english\/consulting\/testing\/\">Examinations and tests<\/a>\u00a0are made to determine the handedness; guidance is offered to children and adults; contacts to other experts are procured.<\/p>\n<p>Another focal point is to continually\u00a0<a href=\"https:\/\/lefthander-consulting.org\/english\/network\/public-relations\/\">inform the public<\/a>, a measure aimed at preventing the conversion of handedness.<\/p>\n<p>Our information work is not only aimed at the persons affected. The findings obtained by the Consulting Center and by the research projects carried out in cooperation with the Center\u00a0<u>must<\/u>\u00a0be conveyed to other professional groups, such as medical doctors, ergotherapists, experts in medical pedagogy, and mototherapists, to teachers, educators, psychologists and social pedagogs to become an integral part of their knowledge. This is done by means of training courses and lectures and also through articles and by arranging contacts among experts.<\/p>\n<p>The activities of the Erste deutsche Beratungs- und Informationsstelle f\u00fcr Linksh\u00e4nder und umgeschulte Linksh\u00e4nder (First Consulting and Information Center for Left-handers and Converted Left-handers in Germany) also resulted in the book &#8220;<a href=\"https:\/\/lefthander-consulting.org\/english\/information\/literature\/the-left-handed-child-in-elementary-school\/\">Das linksh\u00e4ndige Kind in der Grundschule<\/a>&#8221; (The Left-Handed Child in Elementary School). It was compiled at the request of the Bayerische Kultusministerium f\u00fcr Unterricht, Kultus, Wissenschaft und Kunst (Bavarian Ministry of Education, Culture, Science, and Art) and published by the Staatsinstitut f\u00fcr Schulp\u00e4dagogik und Bildungsforschung (State Institute for Pedagogy and Educational Research). In 1993 the education offices distributed the book to all Bavarian elementary school. It was also offered to other countries of the Federal German Republic, where it is now in use. The book has been on sale since 1993. The experience gleaned at the Consulting Center has also been incorporated in the new Bavarian curricula (2000\/2001) where they refer to left-handedness.<\/p>\n<p>\u00a9 Copyright: Consulting and Information Center for Left-handers and Converted Left-handers<br \/>\n(Erste deutsche Beratungs- und Informationsstelle f\u00fcr Linksh\u00e4nder und umgeschulte Linksh\u00e4nder)<br \/>\nSendlinger Str. 17, D \u2013 80331 Munich (M\u00fcnchen), Germany \/ Europe, Tel.\/ Fax: +49 \/ 89 \/ 26 86 14<br \/>\n<a href=\"https:\/\/lefthander-consulting.org\/\">https:\/\/lefthander-consulting.org<\/a>, e-mail: info@lefthander-consulting.org<\/p>\n","protected":false},"excerpt":{"rendered":"<p>Close cooperation in the field of research about handedness, about knowledge about the chances and risks of\u00a0reconverting\u00a0the handedness back to the naturally dominant hand. Examinations and tests\u00a0are made to determine the handedness; guidance is offered to children and adults; contacts to other experts are procured. Another focal point is to continually\u00a0inform the public, a measure aimed at preventing the conversion of handedness. Our information work is not only aimed at the persons affected. The findings obtained by the Consulting Center and by the research projects carried out in cooperation with the Center\u00a0must\u00a0be conveyed to other professional groups, such as medical doctors, ergotherapists, experts in medical pedagogy, and mototherapists, to teachers, educators, psychologists and social pedagogs to become an integral part of their knowledge. This is done by means of training courses and lectures and also through articles and by arranging contacts among experts. The activities of the Erste deutsche Beratungs- und Informationsstelle f\u00fcr Linksh\u00e4nder &#8230; <a title=\"Emphasis of Activity\" class=\"read-more\" href=\"https:\/\/lefthander-consulting.org\/english\/consulting\/emphasis-of-activity\/\" aria-label=\"Read more about Emphasis of Activity\">Read more<\/a><\/p>\n","protected":false},"author":1,"featured_media":0,"parent":129,"menu_order":0,"comment_status":"closed","ping_status":"closed","template":"","meta":{"footnotes":""},"class_list":["post-72","page","type-page","status-publish"],"_links":{"self":[{"href":"https:\/\/lefthander-consulting.org\/english\/wp-json\/wp\/v2\/pages\/72","targetHints":{"allow":["GET"]}}],"collection":[{"href":"https:\/\/lefthander-consulting.org\/english\/wp-json\/wp\/v2\/pages"}],"about":[{"href":"https:\/\/lefthander-consulting.org\/english\/wp-json\/wp\/v2\/types\/page"}],"author":[{"embeddable":true,"href":"https:\/\/lefthander-consulting.org\/english\/wp-json\/wp\/v2\/users\/1"}],"replies":[{"embeddable":true,"href":"https:\/\/lefthander-consulting.org\/english\/wp-json\/wp\/v2\/comments?post=72"}],"version-history":[{"count":12,"href":"https:\/\/lefthander-consulting.org\/english\/wp-json\/wp\/v2\/pages\/72\/revisions"}],"predecessor-version":[{"id":499,"href":"https:\/\/lefthander-consulting.org\/english\/wp-json\/wp\/v2\/pages\/72\/revisions\/499"}],"up":[{"embeddable":true,"href":"https:\/\/lefthander-consulting.org\/english\/wp-json\/wp\/v2\/pages\/129"}],"wp:attachment":[{"href":"https:\/\/lefthander-consulting.org\/english\/wp-json\/wp\/v2\/media?parent=72"}],"curies":[{"name":"wp","href":"https:\/\/api.w.org\/{rel}","templated":true}]}}