{"id":6171,"date":"2019-08-26T23:15:22","date_gmt":"2019-08-26T21:15:22","guid":{"rendered":"https:\/\/lefthander-consulting.org\/deutsch\/aktuelles\/presse\/"},"modified":"2025-08-15T14:34:43","modified_gmt":"2025-08-15T12:34:43","slug":"dokumentation-und-berichtserstattung-ueber-taetigkeiten-der-beratungsstelle-fuer-linkshaender","status":"publish","type":"page","link":"https:\/\/lefthander-consulting.org\/deutsch\/aktuelles\/dokumentation-und-berichtserstattung-ueber-taetigkeiten-der-beratungsstelle-fuer-linkshaender\/","title":{"rendered":"Presse"},"content":{"rendered":"<p><span style=\"font-size: 24pt\"><a href=\"https:\/\/lefthander-consulting.org\/deutsch\/netzwerk\/oeffentlichkeitsarbeit-und-medien\/dokumentation-und-berichtserstattung-ueber-taetigkeiten-der-beratungsstelle-fuer-linkshaender\/\">Dokumentation<\/a> und Berichtserstattung \u00fcber T\u00e4tigkeiten der Beratungsstelle f\u00fcr Linksh\u00e4nder<\/span><\/p>\n<p>&nbsp;<\/p>\n","protected":false},"excerpt":{"rendered":"<p>Dokumentation und Berichtserstattung \u00fcber T\u00e4tigkeiten der Beratungsstelle f\u00fcr Linksh\u00e4nder &nbsp;<\/p>\n","protected":false},"author":4,"featured_media":0,"parent":25,"menu_order":57,"comment_status":"closed","ping_status":"closed","template":"","meta":{"_cbd_carousel_blocks":"[]","footnotes":""},"class_list":["post-6171","page","type-page","status-publish"],"_links":{"self":[{"href":"https:\/\/lefthander-consulting.org\/deutsch\/wp-json\/wp\/v2\/pages\/6171","targetHints":{"allow":["GET"]}}],"collection":[{"href":"https:\/\/lefthander-consulting.org\/deutsch\/wp-json\/wp\/v2\/pages"}],"about":[{"href":"https:\/\/lefthander-consulting.org\/deutsch\/wp-json\/wp\/v2\/types\/page"}],"author":[{"embeddable":true,"href":"https:\/\/lefthander-consulting.org\/deutsch\/wp-json\/wp\/v2\/users\/4"}],"replies":[{"embeddable":true,"href":"https:\/\/lefthander-consulting.org\/deutsch\/wp-json\/wp\/v2\/comments?post=6171"}],"version-history":[{"count":4,"href":"https:\/\/lefthander-consulting.org\/deutsch\/wp-json\/wp\/v2\/pages\/6171\/revisions"}],"predecessor-version":[{"id":6194,"href":"https:\/\/lefthander-consulting.org\/deutsch\/wp-json\/wp\/v2\/pages\/6171\/revisions\/6194"}],"up":[{"embeddable":true,"href":"https:\/\/lefthander-consulting.org\/deutsch\/wp-json\/wp\/v2\/pages\/25"}],"wp:attachment":[{"href":"https:\/\/lefthander-consulting.org\/deutsch\/wp-json\/wp\/v2\/media?parent=6171"}],"curies":[{"name":"wp","href":"https:\/\/api.w.org\/{rel}","templated":true}]}}