{"id":5589,"date":"2019-05-31T17:53:11","date_gmt":"2019-05-31T15:53:11","guid":{"rendered":"https:\/\/lefthander-consulting.org\/deutsch\/netzwerk\/infomaterial\/kum-cut-visio-2\/"},"modified":"2019-09-03T11:05:52","modified_gmt":"2019-09-03T09:05:52","slug":"kum-cut-visio","status":"publish","type":"page","link":"https:\/\/lefthander-consulting.org\/deutsch\/netzwerk\/infomaterial\/kum-cut-visio\/","title":{"rendered":"KUM-Cut Visio  Lefty\u00ae und Righty\u00ae"},"content":{"rendered":"<p>Diese Qualit\u00e4tssschere, mit dem sich farblich absetzenden Schneide-Innenblatt, wurde von <strong>Dr. Johanna Barbara Sattler<\/strong> gemeinsam mit KUM<sup>\u00ae<\/sup> entwickelt, um zu gew\u00e4hrleisten, dass die Augen beim Schneiden leicht die Schnittlinie auf der passenden Seite verfolgen k\u00f6nnen.<\/p>\n<p style=\"text-align: left\"><strong>Erh\u00e4ltlich als Links- und Rechtsh\u00e4nderversion<\/strong><\/p>\n<p>&nbsp;<\/p>\n<p><span style=\"font-size: 16pt\"><strong>KUM<sup>\u00ae<\/sup>-CUT VISIO<br \/>\n<\/strong><\/span><span style=\"font-size: 16pt\">Lefty<sup>\u00ae<\/sup><\/span><\/p>\n<p style=\"text-align: left\"><img loading=\"lazy\" decoding=\"async\" class=\"alignleft wp-image-5587\" src=\"https:\/\/lefthander-consulting.org\/deutsch\/wp-content\/uploads\/2019\/05\/KUM-Cut-Visio-Scan-Schere-1-300x169.jpg\" alt=\"\" width=\"350\" height=\"197\" srcset=\"https:\/\/lefthander-consulting.org\/deutsch\/wp-content\/uploads\/2019\/05\/KUM-Cut-Visio-Scan-Schere-1-300x169.jpg 300w, https:\/\/lefthander-consulting.org\/deutsch\/wp-content\/uploads\/2019\/05\/KUM-Cut-Visio-Scan-Schere-1.jpg 571w\" sizes=\"auto, (max-width: 350px) 100vw, 350px\" \/><\/p>\n<p>&nbsp;<\/p>\n<figure id=\"attachment_6243\" aria-describedby=\"caption-attachment-6243\" style=\"width: 362px\" class=\"wp-caption alignleft\"><img loading=\"lazy\" decoding=\"async\" class=\" wp-image-6243\" src=\"https:\/\/lefthander-consulting.org\/deutsch\/wp-content\/uploads\/2019\/09\/Schlange-f\u00fcr-linkshaendiges-Schneiden-1-300x207.jpg\" alt=\"\" width=\"372\" height=\"257\" \/><figcaption id=\"caption-attachment-6243\" class=\"wp-caption-text\">Schneide\u00fcbung mit der Schere KUM-CUT Visio (Schlangenvorlage aus: Schreibvor\u00fcbungen f\u00fcr Linksh\u00e4nder mit Jobasa, Teil 1, S. 35)<\/figcaption><\/figure>\n<p>&nbsp;<\/p>\n<p>&nbsp;<\/p>\n<p>&nbsp;<\/p>\n<p>&nbsp;<\/p>\n<p>&nbsp;<\/p>\n<p>&nbsp;<\/p>\n<p>&nbsp;<\/p>\n<p>&nbsp;<\/p>\n<p>&nbsp;<\/p>\n<p><strong>KUM-CUT VISIO zeichnet sich aus durch:<\/strong><\/p>\n<ul>\n<li>Rostfreien Edelstahl<\/li>\n<li>Robuste Feststellschraube f\u00fcr individuelles Justieren<\/li>\n<li>Ergonomisch geformte Softgummigriffe f\u00fcr angenehmes Schneiden<\/li>\n<\/ul>\n<p>&nbsp;<\/p>\n<p><span style=\"font-size: 16pt\"><strong>KUM<sup>\u00ae<\/sup>-CUT VISIO<br \/>\n<\/strong>Righty<sup>\u00ae<\/sup><\/span><\/p>\n<p><img loading=\"lazy\" decoding=\"async\" class=\"alignleft wp-image-5597\" src=\"https:\/\/lefthander-consulting.org\/deutsch\/wp-content\/uploads\/2019\/05\/KUM-Cut-Visio-Scan-Schere-2-gro\u00df-300x149.jpg\" alt=\"\" width=\"320\" height=\"159\" srcset=\"https:\/\/lefthander-consulting.org\/deutsch\/wp-content\/uploads\/2019\/05\/KUM-Cut-Visio-Scan-Schere-2-gro\u00df-300x149.jpg 300w, https:\/\/lefthander-consulting.org\/deutsch\/wp-content\/uploads\/2019\/05\/KUM-Cut-Visio-Scan-Schere-2-gro\u00df-768x380.jpg 768w, https:\/\/lefthander-consulting.org\/deutsch\/wp-content\/uploads\/2019\/05\/KUM-Cut-Visio-Scan-Schere-2-gro\u00df-1024x507.jpg 1024w, https:\/\/lefthander-consulting.org\/deutsch\/wp-content\/uploads\/2019\/05\/KUM-Cut-Visio-Scan-Schere-2-gro\u00df.jpg 1847w\" sizes=\"auto, (max-width: 320px) 100vw, 320px\" \/><\/p>\n<p>&nbsp;<\/p>\n<p>&nbsp;<\/p>\n<p>&nbsp;<\/p>\n<p>&nbsp;<\/p>\n<p>&nbsp;<\/p>\n<p><a href=\"https:\/\/www.kum.net\/\">KUM<sup>\u00ae<\/sup> GmbH &amp; Co KG<\/a>, Essenbacher Str, 2, D-91054 Erlangen, Germany, Telefon: +49 9131 8268 0, Telefax: +49 9131 7886 0, E-Mail: kum@kum.net<\/p>\n<p>&nbsp;<\/p>\n<p>&nbsp;<\/p>\n","protected":false},"excerpt":{"rendered":"<p>Diese Qualit\u00e4tssschere, mit dem sich farblich absetzenden Schneide-Innenblatt, wurde von Dr. Johanna Barbara Sattler gemeinsam mit KUM\u00ae entwickelt, um zu gew\u00e4hrleisten, dass die Augen beim Schneiden leicht die Schnittlinie auf der passenden Seite verfolgen k\u00f6nnen. Erh\u00e4ltlich als Links- und Rechtsh\u00e4nderversion &nbsp; KUM\u00ae-CUT VISIO Lefty\u00ae &nbsp; &nbsp; &nbsp; &nbsp; &nbsp; &nbsp; &nbsp; &nbsp; &nbsp; &nbsp; KUM-CUT VISIO zeichnet sich aus durch: Rostfreien Edelstahl Robuste Feststellschraube f\u00fcr individuelles Justieren Ergonomisch geformte Softgummigriffe f\u00fcr angenehmes Schneiden &nbsp; KUM\u00ae-CUT VISIO Righty\u00ae &nbsp; &nbsp; &nbsp; &nbsp; &nbsp; KUM\u00ae GmbH &amp; Co KG, Essenbacher Str, 2, D-91054 Erlangen, Germany, Telefon: +49 9131 8268 0, Telefax: +49 9131 7886 0, E-Mail: kum@kum.net &nbsp; &nbsp;<\/p>\n","protected":false},"author":4,"featured_media":0,"parent":45,"menu_order":1,"comment_status":"closed","ping_status":"closed","template":"","meta":{"_cbd_carousel_blocks":"[]","footnotes":""},"class_list":["post-5589","page","type-page","status-publish"],"_links":{"self":[{"href":"https:\/\/lefthander-consulting.org\/deutsch\/wp-json\/wp\/v2\/pages\/5589","targetHints":{"allow":["GET"]}}],"collection":[{"href":"https:\/\/lefthander-consulting.org\/deutsch\/wp-json\/wp\/v2\/pages"}],"about":[{"href":"https:\/\/lefthander-consulting.org\/deutsch\/wp-json\/wp\/v2\/types\/page"}],"author":[{"embeddable":true,"href":"https:\/\/lefthander-consulting.org\/deutsch\/wp-json\/wp\/v2\/users\/4"}],"replies":[{"embeddable":true,"href":"https:\/\/lefthander-consulting.org\/deutsch\/wp-json\/wp\/v2\/comments?post=5589"}],"version-history":[{"count":40,"href":"https:\/\/lefthander-consulting.org\/deutsch\/wp-json\/wp\/v2\/pages\/5589\/revisions"}],"predecessor-version":[{"id":6289,"href":"https:\/\/lefthander-consulting.org\/deutsch\/wp-json\/wp\/v2\/pages\/5589\/revisions\/6289"}],"up":[{"embeddable":true,"href":"https:\/\/lefthander-consulting.org\/deutsch\/wp-json\/wp\/v2\/pages\/45"}],"wp:attachment":[{"href":"https:\/\/lefthander-consulting.org\/deutsch\/wp-json\/wp\/v2\/media?parent=5589"}],"curies":[{"name":"wp","href":"https:\/\/api.w.org\/{rel}","templated":true}]}}