{"id":5441,"date":"2019-05-21T09:20:14","date_gmt":"2019-05-21T07:20:14","guid":{"rendered":"https:\/\/lefthander-consulting.org\/deutsch\/beratung\/kindergatenalter\/"},"modified":"2025-08-15T14:34:42","modified_gmt":"2025-08-15T12:34:42","slug":"kindergartenalter","status":"publish","type":"page","link":"https:\/\/lefthander-consulting.org\/deutsch\/information\/kindergartenalter\/","title":{"rendered":"Kindergartenalter"},"content":{"rendered":"<p>Bereits bei kleinen Kindern zu Hause und in der Kinderkrippe ist auf die H\u00e4ndigkeit zu achten und darauf, dass kein Einfluss auf die H\u00e4ndigkeitsentwicklung genommen wird. Der bevorzugte Handgebrauch ist dem Kind freizustellen. Das Kind soll die M\u00f6glichkeit haben, seine H\u00e4ndigkeit auszuprobieren und dann die starke Hand benutzen zu d\u00fcrfen. Dazu ist es z.B. ratsam, Kindern im Krippen- und Kindergartenalter das Besteck mittig in den Teller zu legen, so dass das Kind selbst herausfinden kann, welches seine starke Hand ist.<\/p>\n<p>Viele Hinweise, Informationen und Tipps zu Kindern im Krippen- und Kindergartenalter stehen in dem Buch \u201e<a href=\"https:\/\/lefthander-consulting.org\/deutsch\/information\/literatur\/linkshaendige-kinder-im-kindergartenalter\/\">Linksh\u00e4ndige Kinder im Kindergartenalter<\/a>\u201c.<\/p>\n<p>Hilfestellungen zur Vorbereitung einer guten Stift- und Schreibhaltung findet man in dem Buch \u201e<a href=\"https:\/\/lefthander-consulting.org\/deutsch\/information\/literatur\/uebungen-fuer-linkshaender\/\">\u00dcbungen f\u00fcr Linksh\u00e4nder. Schreiben und Hantieren mit links<\/a>\u201c. Darin sind auch Informationen zu Gebrauchsgegenst\u00e4ndeN f\u00fcr linksh\u00e4ndige Kinder, wie z.B. Spitzer, Schreibger\u00e4te, Stiftverdicker (<a href=\"https:\/\/lefthander-consulting.org\/deutsch\/netzwerk\/infomaterial\/sattler-grip\/\">Grips<\/a>) und Haushaltwaren.<\/p>\n<p>N\u00fctzlich sind auch Schreibunterlagen f\u00fcr Linksh\u00e4nder (<a href=\"https:\/\/lefthander-consulting.org\/deutsch\/information\/literatur\/desk-pad-lefty\/\">DESK-PAD Lefty<\/a> und <a href=\"https:\/\/lefthander-consulting.org\/deutsch\/netzwerk\/infomaterial\/schreibtischauflagen-fuer-links-und-rechtshaender\/\">Schreibtischauflage f\u00fcr Linksh\u00e4nder<\/a>), die eine Blattlage vorgeben, die linksh\u00e4ndigen Kinder sp\u00e4ter das Schreiben und Lesen der Schrift erleichtern.<\/p>\n<p>Schwung- und Nachspur\u00fcbungen mit ersten Hinweisen auf die Buchstabendurchf\u00fchrung sind in der Ver\u00f6ffentlichung \u201e<a href=\"https:\/\/lefthander-consulting.org\/deutsch\/information\/literatur\/schreibvoruebungen-fuer-linkshaender-mit-jobasa-teil-1-und-2\/\">Schreibvor\u00fcbungen f\u00fcr Linksh\u00e4nder mit Jobasa<\/a>\u201c in Teil 1 und 2 enthalten. Die Schildkr\u00f6te Jobasa begleitet die linksh\u00e4ndigen Kinder bei ersten Schreibvor\u00fcbungen und bei dem <a href=\"https:\/\/lefthander-consulting.org\/deutsch\/information\/literatur\/zahlen-schreiben-fuer-linkshaender-mit-jobasa\/\">Erlernen der Zahlen<\/a>. Es gibt auch eine eigene <a href=\"http:\/\/www.jobasa.de\">Homepage \u00fcber die Schildkr\u00f6te Jobasa<\/a>, die speziell von der Schildkr\u00f6te Jobasa und ihren Freunden handelt; dorthin k\u00f6nnen Kinder Bilder und Briefe an Jobasa schicken.<\/p>\n<p>Es gibt an verschiedenen Orten <a href=\"https:\/\/lefthander-consulting.org\/deutsch\/beratung\/kindergruppen\/\">Kindergruppen zur Schreibvorbereitung mit links mit Jobasa und Jobasa<sup>\u00ae<\/sup> Clubs<\/a>. Die Vorbereitung einer lockeren Schreibhaltung ist f\u00fcr linksh\u00e4ndige Kinder besonders wichtig. Dadurch k\u00f6nnen unter anderem Haltungssch\u00e4den vor und in der Schulzeit und im Erwachsenenalter vorgebeugt werden, die mit der heute noch h\u00e4ufig vorkommenden verkrampften Hakenhaltung der linken Schreibhand \u201evon oben\u201d zusammenh\u00e4ngen.<\/p>\n<p>Die <em>Erste deutsche Beratungs- und Informationsstelle f\u00fcr Linksh\u00e4nder und umgeschulte Linksh\u00e4nder e.V.<\/em> hat etliche Jahre lang <a href=\"https:\/\/lefthander-consulting.org\/deutsch\/information\/kindergartenalter\/spielzeug-fuer-linkshaendige-kinder\/\">Spielzeug f\u00fcr linksh\u00e4ndige Kinder<\/a> pr\u00e4miert.<\/p>\n<p>Informationen zu Gebrauchsgegenst\u00e4nden f\u00fcr linksh\u00e4ndige Kinder, wie z.B. Spitzer, Scheren und Stiftverdicker (<u><a href=\"https:\/\/lefthander-consulting.org\/deutsch\/netzwerk\/infomaterial\/sattler-grip\/\">Grip,<\/a> <a href=\"https:\/\/lefthander-consulting.org\/deutsch\/netzwerk\/infomaterial\/sattler-tri-grip\/\">Tri Grip<\/a><\/u>) und Haushaltwaren kann man im Fachhandel erwerben. In dieser Homepage gibt es eine nach Bundesl\u00e4ndern und L\u00e4ndern geordnete <a href=\"https:\/\/lefthander-consulting.org\/deutsch\/netzwerk\/laeden-und-versand\/\">Liste mit spezialisierten Fachgesch\u00e4ften und Versandhandel mit Produkten f\u00fcr Linksh\u00e4nder<\/a>.<\/p>\n<p><iframe loading=\"lazy\" title=\"Spitzen f\u00fcr Linksh\u00e4nder\" width=\"1200\" height=\"675\" src=\"https:\/\/www.youtube.com\/embed\/67SIfWBd2MU?feature=oembed\" frameborder=\"0\" allow=\"accelerometer; autoplay; clipboard-write; encrypted-media; gyroscope; picture-in-picture\" allowfullscreen><\/iframe><\/p>\n<p><iframe loading=\"lazy\" title=\"Schere f\u00fcr Linksh\u00e4nder\" width=\"1200\" height=\"675\" src=\"https:\/\/www.youtube.com\/embed\/sJIuIRIltG0?feature=oembed\" frameborder=\"0\" allow=\"accelerometer; autoplay; clipboard-write; encrypted-media; gyroscope; picture-in-picture\" allowfullscreen><\/iframe><\/p>\n","protected":false},"excerpt":{"rendered":"<p>Bereits bei kleinen Kindern zu Hause und in der Kinderkrippe ist auf die H\u00e4ndigkeit zu achten und darauf, dass kein Einfluss auf die H\u00e4ndigkeitsentwicklung genommen wird. Der bevorzugte Handgebrauch ist dem Kind freizustellen. Das Kind soll die M\u00f6glichkeit haben, seine H\u00e4ndigkeit auszuprobieren und dann die starke Hand benutzen zu d\u00fcrfen. Dazu ist es z.B. ratsam, Kindern im Krippen- und Kindergartenalter das Besteck mittig in den Teller zu legen, so dass das Kind selbst herausfinden kann, welches seine starke Hand ist. Viele Hinweise, Informationen und Tipps zu Kindern im Krippen- und Kindergartenalter stehen in dem Buch \u201eLinksh\u00e4ndige Kinder im Kindergartenalter\u201c. Hilfestellungen zur Vorbereitung einer guten Stift- und Schreibhaltung findet man in dem Buch \u201e\u00dcbungen f\u00fcr Linksh\u00e4nder. Schreiben und Hantieren mit links\u201c. Darin sind auch Informationen zu Gebrauchsgegenst\u00e4ndeN f\u00fcr linksh\u00e4ndige Kinder, wie z.B. Spitzer, Schreibger\u00e4te, Stiftverdicker (Grips) und Haushaltwaren. N\u00fctzlich sind auch Schreibunterlagen f\u00fcr Linksh\u00e4nder (DESK-PAD Lefty und Schreibtischauflage f\u00fcr Linksh\u00e4nder), die eine Blattlage vorgeben, die &#8230; <a title=\"Kindergartenalter\" class=\"read-more\" href=\"https:\/\/lefthander-consulting.org\/deutsch\/information\/kindergartenalter\/\" aria-label=\"Mehr Informationen \u00fcber Kindergartenalter\">Read more<\/a><\/p>\n","protected":false},"author":4,"featured_media":0,"parent":811,"menu_order":15,"comment_status":"closed","ping_status":"closed","template":"","meta":{"_cbd_carousel_blocks":"[]","footnotes":""},"class_list":["post-5441","page","type-page","status-publish"],"_links":{"self":[{"href":"https:\/\/lefthander-consulting.org\/deutsch\/wp-json\/wp\/v2\/pages\/5441","targetHints":{"allow":["GET"]}}],"collection":[{"href":"https:\/\/lefthander-consulting.org\/deutsch\/wp-json\/wp\/v2\/pages"}],"about":[{"href":"https:\/\/lefthander-consulting.org\/deutsch\/wp-json\/wp\/v2\/types\/page"}],"author":[{"embeddable":true,"href":"https:\/\/lefthander-consulting.org\/deutsch\/wp-json\/wp\/v2\/users\/4"}],"replies":[{"embeddable":true,"href":"https:\/\/lefthander-consulting.org\/deutsch\/wp-json\/wp\/v2\/comments?post=5441"}],"version-history":[{"count":2,"href":"https:\/\/lefthander-consulting.org\/deutsch\/wp-json\/wp\/v2\/pages\/5441\/revisions"}],"predecessor-version":[{"id":9147,"href":"https:\/\/lefthander-consulting.org\/deutsch\/wp-json\/wp\/v2\/pages\/5441\/revisions\/9147"}],"up":[{"embeddable":true,"href":"https:\/\/lefthander-consulting.org\/deutsch\/wp-json\/wp\/v2\/pages\/811"}],"wp:attachment":[{"href":"https:\/\/lefthander-consulting.org\/deutsch\/wp-json\/wp\/v2\/media?parent=5441"}],"curies":[{"name":"wp","href":"https:\/\/api.w.org\/{rel}","templated":true}]}}