{"id":5434,"date":"2019-06-03T09:24:00","date_gmt":"2019-06-03T07:24:56","guid":{"rendered":"https:\/\/lefthander-consulting.org\/deutsch\/?page_id=5434"},"modified":"2025-08-15T14:34:43","modified_gmt":"2025-08-15T12:34:43","slug":"linkshaendertag","status":"publish","type":"page","link":"https:\/\/lefthander-consulting.org\/deutsch\/aktuelles\/linkshaendertag\/","title":{"rendered":"Linksh\u00e4ndertag"},"content":{"rendered":"<p><span style=\"font-size: 24pt\">50. Internationaler Linksh\u00e4ndertag am 13. August 2025<\/span><\/p>\n<p>Der Internationale Linksh\u00e4ndertag wurde am Freitag, den 13. August 1976 von dem Amerikaner Dean Campbell ins Leben gerufen, um die Interessen und Belange der Linksh\u00e4nder f\u00fcr die Gesellschaft aufzuzeigen. Mit diesem Datum wollte er auf die Vorurteile gegen\u00fcber Linksh\u00e4ndern hinweisen und darauf, dass diese unbegr\u00fcndet sind und Linksh\u00e4nder zu sein genauso wenig ein schlechtes Vorzeichen ist wie das Datum Freitag, der 13.<br \/>\nDieser Tag wird inzwischen in vielen L\u00e4ndern als Linksh\u00e4ndertag gefeiert.<br \/>\nArtikel, Sendungen und Veranstaltungen zum Thema werden angeboten.<\/p>\n<p><span style=\"font-size: 18pt\"><strong>Aktivit\u00e4ten<\/strong>\u00a0<\/span><span style=\"font-size: 18pt\"> zum Linksh\u00e4ndertag<br \/>\n<\/span><\/p>\n<p><strong>M\u00fcnchen<\/strong><\/p>\n<table style=\"width: 98%;height: 202px\">\n<tr style=\"height: 24px\">\n<td style=\"height: 24px;width: 100%;\" colspan=\"2\"><strong>M\u00f6glichkeit der kostenlosen Teilnahme an der Pr\u00e4senzkindergruppe &#8222;Schreibvorbereitung f\u00fcr linksh\u00e4ndige Kinder&#8220;<\/strong><\/td>\n<\/tr>\n<tr style=\"height: 24px\">\n<td style=\"width: 14%\" width=\"14%\">Termin<\/td>\n<td style=\"width: 86%\">Mittwoch, 13.08.2025 von 15.00 Uhr bis 17.00 Uhr<\/td>\n<\/tr>\n<tr style=\"height: 24px\">\n<td style=\"width: 14%\">Fachpersonen<\/td>\n<td style=\"width: 86%\"><strong>Dr. Johanna Barbara Sattler<\/strong><\/td>\n<\/tr>\n<tr style=\"height: 24px\">\n<td style=\"width: 14%\">Ort<\/td>\n<td style=\"width: 86%\">Beratungsstelle f\u00fcr Linksh\u00e4nder, Sendlinger Str. 17, <strong>80331 M\u00fcnchen<\/strong><\/td>\n<\/tr>\n<tr style=\"height: 24px\">\n<td style=\"width: 14%\">Zielgruppe<\/td>\n<td style=\"width: 86%\">Linksh\u00e4ndige Kinder\u00a0im Vorschulalter<\/td>\n<\/tr>\n<tr style=\"height: 24px\">\n<td style=\"width: 14%\">Inhalt<\/td>\n<td style=\"width: 86%\">Die Vorbereitung einer lockeren Schreibhaltung ist f\u00fcr linksh\u00e4ndige Kinder besonders wichtig. Dadurch k\u00f6nnen Haltungssch\u00e4den in der Schulzeit und im Erwachsenenalter vorgebeugt werden, die mit der heute noch h\u00e4ufig vorkommenden verkrampften Hakenhaltung der linken Schreibhand \u201evon oben\u201c zusammenh\u00e4ngen. Spielerisch werden mit den Kindern \u00dcbungen zur Verbesserung der Fingermotorik gemacht.Mein Ziel ist es Informationen zum Thema H\u00e4ndigkeit mehr in die Gesellschaft zu verbreiten.Stifthaltung und Blattlage zum Schreiben mit der linken Hand sind ein weiteres Thema, das kindgerecht mit Schwung- und Nachspur\u00fcbungen angegangen wird.<\/p>\n<p>So wird es diesen Kindern erleichtert, in der Schule dann schnell eine lockere, entspannte Schreibhaltung zu finden, in der sie dann auch das Verwischen der Tinte vermeiden und eine gute Sicht auf das Geschriebene haben.<\/td>\n<\/tr>\n<tr style=\"height: 24px\">\n<td style=\"width: 14%;\">Veranstalter<\/td>\n<td style=\"width: 86%:\">Erste deutsche Beratungs- und Informationsstelle f\u00fcr Linksh\u00e4nder und umgeschulte Linksh\u00e4nder e.V.<\/td>\n<\/tr>\n<tr style=\"height: 24px\">\n<td style=\"width: 14%\">Anmeldung<\/td>\n<td style=\"width: 86%\">telefonisch unter 089 \/ 26 86 14<\/td>\n<\/tr>\n<\/table>\n<p>&nbsp;<\/p>\n<p><strong>Sylt<\/strong><\/p>\n<table style=\"width: 98%;height: 202px\">\n<tr style=\"height: 24px\">\n<td colspan=\"2\" style=\"height: 24px; width=\"100%\"><strong>\u201eRechtsh\u00e4ndig oder Linksh\u00e4ndig\u201c<\/strong><\/td>\n<\/tr>\n<tr style=\"height: 24px\">\n<td style=\"width: 14%\">Termin<\/td>\n<td style=\"width: 86%\">Mittwoch, 13.08.2025, von 18.30 Uhr bis 20.00 Uhr<\/td>\n<\/tr>\n<tr style=\"height: 24px\">\n<td style=\"width: 14%\">Fachpersonen<\/td>\n<td style=\"width: 86%\"><strong>Anja Bachmann, <\/strong>Erzieherin<\/td>\n<\/tr>\n<tr style=\"height: 24px\">\n<td style=\"width: 14%\">Ort<\/td>\n<td style=\"width: 86%\">D\u00e4nischer Kindergarten,\u00a0Hedigenwai 5, 25980 <strong>Sylt<\/strong><\/td>\n<\/tr>\n<tr style=\"height: 24px\">\n<td style=\"width: 14%\">Zielgruppe<\/td>\n<td style=\"width: 86%\">Alle, die das Thema interessiert, Eltern, P\u00e4dagogen, Lehrer. <strong>Jeder ist herzlich willkommen!<\/strong><\/td>\n<\/tr>\n<tr style=\"height: 24px\">\n<td style=\"width: 14%\">Inhalt<\/td>\n<td style=\"width: 86%\">Mein Ziel ist es Informationen zum Thema H\u00e4ndigkeit mehr in die Gesellschaft zu verbreiten<\/td>\n<\/tr>\n<tr style=\"height: 10px\">\n<td style=\"width: 14%\">Teilnahme-Geb\u00fchr<\/td>\n<td style=\"width: 86%\">Die Teilnahme f\u00fcr kostenlos! Eine Spende w\u00e4re gro\u00dfartig<\/td>\n<\/tr>\n<tr>\n<td style=\"width: 14%\">Veranstalter<\/td>\n<td style=\"width: 86%\">Bei <a href=\"mailto:anjabachmann5@gmail.com\">anjabachmann5@gmail.com<\/a>. Bis zum 03.08.2025<\/td>\n<\/tr>\n<\/table>\n<p>&nbsp;<\/p>\n<p><strong>Stadthagen<\/strong><\/p>\n<table style=\"width: 98%\">\n<tr>\n<td colspan=\"2\">\u00a0<strong>INFOVERANSTALTUNG zum 50. Linksh\u00e4ndertag<\/strong><\/td>\n<\/tr>\n<tr>\n<td style=\"width:14%\">Termin<\/td>\n<td style=\"width:86%\">Mittwoch, 13.08.2025, von 9.00 Uhr bis 18.00 Uhr<\/td>\n<\/tr>\n<tr>\n<td style=\"width:14%\">Fachpersonen<\/td>\n<td style=\"width:86%\"><strong>Cerstin Bayer, <\/strong>zert. Linksh\u00e4nder-Beraterin und <strong>Joey Bayer<\/strong>, Inhaber LAF\u00dcLIKI<\/td>\n<\/tr>\n<tr>\n<td style=\"width:14%\">Ort<\/td>\n<td style=\"width:86%\">LAF\u00dcLIKI, Fachhandel f\u00fcr Linksh\u00e4nder und Feinmotorik, Niedernstr. 42, 31655 <strong>Stadthagen<\/strong><\/td>\n<\/tr>\n<tr>\n<td style=\"width:14%\">Zielgruppe<\/td>\n<td style=\"width:86%\">Beratung f\u00fcr Linksh\u00e4nder und Betroffene jeden Alters von 0- 99 Jahren<\/td>\n<\/tr>\n<tr>\n<td style=\"width:14%\">Inhalt<\/td>\n<td style=\"width:86%\"><strong>INFOTAG bei LAF\u00dcLIKI<\/strong>\u00a0&#8211; am Mittwoch, den 13. August 2025 dem 50. internationalen Linksh\u00e4ndertag von 9.00 Uhr bis 18.00 Uhr<\/p>\n<ul style=\"width:85%\">\n<li style=\"width:90%\">unsere Linksh\u00e4nder-Beraterin Frau Cerstin Bayer und Herr Joey Bayer<br \/>\nbeantworten alle Fragen zum Thema Linksh\u00e4ndigkeit, es werden aktuelle Fragen zur Einschulung von linksh\u00e4ndigen Kindern ebenso beantwortet, wie spezielle Fragen zu Linksh\u00e4nder- Produkten oder allgemeine Fragen zur Linksh\u00e4ndigkeit.<\/li>\n<li style=\"width:90%\">kostenlose Schreibberatung f\u00fcr linksh\u00e4ndige Kinder und Erwachsene<\/li>\n<li style=\"width:90%\">Vorstellung neuer Linksh\u00e4nder Produkte 2025<\/li>\n<\/ul>\n<\/td>\n<\/tr>\n<tr>\n<td style=\"width:14%\">Veranstalter<\/td>\n<td style=\"width:86%\">Local \u2013 Store, Niedernstr. 42, 31655 Stadthagen Tel. 05721-899 133 8<br \/>\n<a href=\"https:\/\/www.lafueliki.de\/linkshaendertag\">hier gehts zur Anmeldung<\/a><\/td>\n<\/tr>\n<\/table>\n<p>&nbsp;<\/p>\n<p><strong>Wien<\/strong><\/p>\n<table style=\"width: 98%\">\n<tr style=\"height: 80px\">\n<td colspan=\"2\"><strong>Herzliche Einladung zu linksh\u00e4ndig gespielter Ensemblemusik aus mehreren Jahrhunderten<br \/>\n<\/strong>Konzertabend zum Internationalen Linksh\u00e4ndertag<\/td>\n<\/tr>\n<tr style=\"height: 10px\">\n<td style=\"width:14%\">Termin<\/td>\n<td style=\"width:86%\">Mittwoch, 13.08.2025 ab 18.00 Uhr<\/td>\n<\/tr>\n<tr style=\"height: 56px\">\n<td style=\"width:14%\">Ort<\/td>\n<td style=\"width:86%\">GB* Stadtteilb\u00fcro, Max-Winter-Platz 23, <strong>A-1020<\/strong> <strong>Wien<\/strong><\/td>\n<\/tr>\n<tr>\n<td>Inhalt<\/td>\n<td>Anl\u00e4sslich des Internationalen Linksh\u00e4ndertags demonstrieren linksspielende Profis und AmateurInnen, wie harmonisch diese Spielweise ist, und berichten von ihren Umlern-Erfahrungen auf die &#8218;andere&#8216; Seite.<br \/>\nEs musizieren Ulrike Scheuchl (Klarinette, Saxophon, Blockfl\u00f6te), Valentina Cappello (Trompete), Erika Uggowitzer (Querfl\u00f6te), Elisabeth Fraundorfer (Klavier), Sophia Klinke und Klaus Cezanne (Violine), Iris Steibelm\u00fcller (Blockfl\u00f6te), Christine Vogel (Viola da gamba, Kontrabass), An\u0131l \u00dcver (E-Gitarre), Tom St\u00f6lzl (Schlagzeug) und weitere&#8230;<\/td>\n<\/tr>\n<tr style=\"height: 56px\">\n<td style=\"width:14%\">Teilnahme-Geb\u00fchr<\/td>\n<td style=\"width:86%\">Die Teilnahme f\u00fcr kostenlos!<\/td>\n<\/tr>\n<tr style=\"height: 56px\">\n<td style=\"width:14%\">Veranstalter<\/td>\n<td style=\"width:86%\">Linksgespielt e. V., 60486 Frankfurt am Main, Weitere Infos zur Veranstaltung unter: <a href=\"https:\/\/www.linksgespielt.de\/post\/konzert-internationaler-linksh%C3%A4ndertag-2025\">Konzert zum 50. Internationalen Linksh\u00e4ndertag<\/a><\/td>\n<\/tr>\n<\/table>\n<p><strong><span style=\"font-size: 14pt\"><a href=\"https:\/\/lefthander-consulting.org\/deutsch\/wp-content\/uploads\/2020\/08\/Noah_Jobasa_und_der_Linkshaendertag_August_2020_Jobasa_Kapitel_1-4.pdf\">Geschichte zum Linksh\u00e4ndertag \u00fcber die Schildkr\u00f6te Jobasa, geschrieben von Noah<\/a><br \/>\n<\/span><\/strong><\/p>\n<p><img loading=\"lazy\" decoding=\"async\" class=\"size-medium wp-image-7833\" src=\"https:\/\/lefthander-consulting.org\/deutsch\/wp-content\/uploads\/2020\/08\/Jobasa_auf_dem_Weg_zur_Schule-300x164.jpg\" alt=\"\" width=\"300\" height=\"164\" srcset=\"https:\/\/lefthander-consulting.org\/deutsch\/wp-content\/uploads\/2020\/08\/Jobasa_auf_dem_Weg_zur_Schule-300x164.jpg 300w, https:\/\/lefthander-consulting.org\/deutsch\/wp-content\/uploads\/2020\/08\/Jobasa_auf_dem_Weg_zur_Schule.jpg 590w\" sizes=\"auto, (max-width: 300px) 100vw, 300px\" \/><\/p>\n<p>Sobald wir von weiteren Aktivit\u00e4ten zum Linksh\u00e4ndertag erfahren, werden wir diese hier bekannt geben.<\/p>\n<p>Stand: 30. Juli 2025<\/p>\n","protected":false},"excerpt":{"rendered":"<p>50. Internationaler Linksh\u00e4ndertag am 13. August 2025 Der Internationale Linksh\u00e4ndertag wurde am Freitag, den 13. August 1976 von dem Amerikaner Dean Campbell ins Leben gerufen, um die Interessen und Belange der Linksh\u00e4nder f\u00fcr die Gesellschaft aufzuzeigen. Mit diesem Datum wollte er auf die Vorurteile gegen\u00fcber Linksh\u00e4ndern hinweisen und darauf, dass diese unbegr\u00fcndet sind und Linksh\u00e4nder zu sein genauso wenig ein schlechtes Vorzeichen ist wie das Datum Freitag, der 13. Dieser Tag wird inzwischen in vielen L\u00e4ndern als Linksh\u00e4ndertag gefeiert. Artikel, Sendungen und Veranstaltungen zum Thema werden angeboten. Aktivit\u00e4ten\u00a0 zum Linksh\u00e4ndertag M\u00fcnchen M\u00f6glichkeit der kostenlosen Teilnahme an der Pr\u00e4senzkindergruppe &#8222;Schreibvorbereitung f\u00fcr linksh\u00e4ndige Kinder&#8220; Termin Mittwoch, 13.08.2025 von 15.00 Uhr bis 17.00 Uhr Fachpersonen Dr. Johanna Barbara Sattler Ort Beratungsstelle f\u00fcr Linksh\u00e4nder, Sendlinger Str. 17, 80331 M\u00fcnchen Zielgruppe Linksh\u00e4ndige Kinder\u00a0im Vorschulalter Inhalt Die Vorbereitung einer lockeren Schreibhaltung ist f\u00fcr linksh\u00e4ndige Kinder besonders wichtig. Dadurch k\u00f6nnen Haltungssch\u00e4den in der Schulzeit und im Erwachsenenalter vorgebeugt werden, die mit &#8230; <a title=\"Linksh\u00e4ndertag\" class=\"read-more\" href=\"https:\/\/lefthander-consulting.org\/deutsch\/aktuelles\/linkshaendertag\/\" aria-label=\"Mehr Informationen \u00fcber Linksh\u00e4ndertag\">Read more<\/a><\/p>\n","protected":false},"author":4,"featured_media":0,"parent":25,"menu_order":59,"comment_status":"closed","ping_status":"closed","template":"","meta":{"_cbd_carousel_blocks":"[]","footnotes":""},"class_list":["post-5434","page","type-page","status-publish"],"_links":{"self":[{"href":"https:\/\/lefthander-consulting.org\/deutsch\/wp-json\/wp\/v2\/pages\/5434","targetHints":{"allow":["GET"]}}],"collection":[{"href":"https:\/\/lefthander-consulting.org\/deutsch\/wp-json\/wp\/v2\/pages"}],"about":[{"href":"https:\/\/lefthander-consulting.org\/deutsch\/wp-json\/wp\/v2\/types\/page"}],"author":[{"embeddable":true,"href":"https:\/\/lefthander-consulting.org\/deutsch\/wp-json\/wp\/v2\/users\/4"}],"replies":[{"embeddable":true,"href":"https:\/\/lefthander-consulting.org\/deutsch\/wp-json\/wp\/v2\/comments?post=5434"}],"version-history":[{"count":3,"href":"https:\/\/lefthander-consulting.org\/deutsch\/wp-json\/wp\/v2\/pages\/5434\/revisions"}],"predecessor-version":[{"id":14943,"href":"https:\/\/lefthander-consulting.org\/deutsch\/wp-json\/wp\/v2\/pages\/5434\/revisions\/14943"}],"up":[{"embeddable":true,"href":"https:\/\/lefthander-consulting.org\/deutsch\/wp-json\/wp\/v2\/pages\/25"}],"wp:attachment":[{"href":"https:\/\/lefthander-consulting.org\/deutsch\/wp-json\/wp\/v2\/media?parent=5434"}],"curies":[{"name":"wp","href":"https:\/\/api.w.org\/{rel}","templated":true}]}}