{"id":53,"date":"2018-06-07T15:12:57","date_gmt":"2018-06-07T13:12:57","guid":{"rendered":"https:\/\/lefthander-consulting.org\/?page_id=53"},"modified":"2025-08-15T14:34:42","modified_gmt":"2025-08-15T12:34:42","slug":"rueckschulung","status":"publish","type":"page","link":"https:\/\/lefthander-consulting.org\/deutsch\/beratung\/rueckschulung\/","title":{"rendered":"R\u00fcckschulung der H\u00e4ndigkeit"},"content":{"rendered":"<p><span style=\"font-size: 20pt;font-family: arial, helvetica\">R\u00fcckschulung der H\u00e4ndigkeit auf die dominante Hand<\/span><\/p>\n<p><img loading=\"lazy\" decoding=\"async\" class=\"size-medium wp-image-6937 alignright\" src=\"https:\/\/lefthander-consulting.org\/deutsch\/wp-content\/uploads\/2020\/03\/Melanie-Z\u00e4hle-Schreiben-6-12.9.19-Foto-Sattler-300x200.jpg\" alt=\"\" width=\"300\" height=\"200\" srcset=\"https:\/\/lefthander-consulting.org\/deutsch\/wp-content\/uploads\/2020\/03\/Melanie-Z\u00e4hle-Schreiben-6-12.9.19-Foto-Sattler-300x200.jpg 300w, https:\/\/lefthander-consulting.org\/deutsch\/wp-content\/uploads\/2020\/03\/Melanie-Z\u00e4hle-Schreiben-6-12.9.19-Foto-Sattler-1024x683.jpg 1024w, https:\/\/lefthander-consulting.org\/deutsch\/wp-content\/uploads\/2020\/03\/Melanie-Z\u00e4hle-Schreiben-6-12.9.19-Foto-Sattler-768x512.jpg 768w, https:\/\/lefthander-consulting.org\/deutsch\/wp-content\/uploads\/2020\/03\/Melanie-Z\u00e4hle-Schreiben-6-12.9.19-Foto-Sattler-1536x1024.jpg 1536w, https:\/\/lefthander-consulting.org\/deutsch\/wp-content\/uploads\/2020\/03\/Melanie-Z\u00e4hle-Schreiben-6-12.9.19-Foto-Sattler-2048x1365.jpg 2048w\" sizes=\"auto, (max-width: 300px) 100vw, 300px\" \/><\/p>\n<p><span style=\"font-family: arial, helvetica, sans-serif\">Eine R\u00fcckschulung der H\u00e4ndigkeit auf die dominante Hand (vornehmlich zum Schreiben) ist &#8211; wie die Umschulung der H\u00e4ndigkeit auch &#8211; wieder ein Eingriff in das Gehirn.<\/span><\/p>\n<p><span style=\"font-family: arial, helvetica\"><span style=\"font-family: arial, helvetica, sans-serif\">W\u00e4hrend auf der einen Seite manche Menschen sich nach einer R\u00fcckschulung weit besser f\u00fchlen, kann es bei anderen aber auch zu neuen Schwierigkeiten kommen. Aus<\/span>f\u00fchrlich wird auf die <span style=\"font-family: arial, helvetica, sans-serif\">M\u00f6glichkeiten und Gefahren einer R\u00fcckschulung der H\u00e4ndigkeit in Kapitel 7 des Buchs <a href=\"https:\/\/lefthander-consulting.org\/deutsch\/information\/literatur\/der-umgeschulte-linkshaender-oder-der-knoten-im-gehirn\/\">Der umgeschulte Linksh\u00e4nder oder Der Knoten im Gehirn<\/a> eingegangen. <\/span><\/span><\/p>\n<p>Zu <span style=\"font-family: arial, helvetica, sans-serif\">&#8222;<a href=\"https:\/\/lefthander-consulting.org\/deutsch\/beratung\/rueckschulung\/rueckschulung-artikel\/\">Chancen und Gefahren einer R\u00fcckschulung der H\u00e4ndigkeit bei Erwachsenen<\/a>&#8220; werden weitere Einzelheiten erarbeitet.<\/span><\/p>\n<p><img loading=\"lazy\" decoding=\"async\" class=\"size-medium wp-image-6912 alignright\" src=\"https:\/\/lefthander-consulting.org\/deutsch\/wp-content\/uploads\/2020\/03\/Hermine-Seeger-Impression-1-2018-300x225.jpg\" alt=\"\" width=\"300\" height=\"225\" srcset=\"https:\/\/lefthander-consulting.org\/deutsch\/wp-content\/uploads\/2020\/03\/Hermine-Seeger-Impression-1-2018-300x225.jpg 300w, https:\/\/lefthander-consulting.org\/deutsch\/wp-content\/uploads\/2020\/03\/Hermine-Seeger-Impression-1-2018-768x576.jpg 768w, https:\/\/lefthander-consulting.org\/deutsch\/wp-content\/uploads\/2020\/03\/Hermine-Seeger-Impression-1-2018.jpg 1024w\" sizes=\"auto, (max-width: 300px) 100vw, 300px\" \/><\/p>\n<p style=\"margin: 0cm 0cm 6.0pt 0cm\"><span style=\"font-family: 'Arial',sans-serif\">In einem Projekt \u00fcber die begleitete R\u00fcckschulung mit wissenschaftlichen Untersuchungen der motorischen Schreibbewegungen von Dr. Johanna Barbara Sattler und Dr. Christian Marquardt werden umgeschulte Linksh\u00e4nder, die sich auf ihre dominante Hand zur\u00fcckschulen wollen, mit einem kontinuierlichen und differenziert vorgegebenen R\u00fcckschulungsprogramm \u00fcber zwei Jahre hin betreut. Neben t\u00e4glichen \u00dcbungen werden in regelm\u00e4\u00dfigen Abst\u00e4nden die Schreibbewegungen mittels eines Schreibtabletts und einem computergest\u00fctzten Programm untersucht. Der Beitrag \u00fcber eine <a href=\"https:\/\/lefthander-consulting.org\/deutsch\/wp-content\/uploads\/2020\/03\/MotorikArt.pdf\">erwachsene umgeschulte Linksh\u00e4nderin<\/a> beschreibt die wissenschaftliche Begleitung des R\u00fcckschulungsprozesses einer Probandin \u00fcber einen Zeitraum <span style=\"font-family: arial, helvetica, sans-serif;font-size: 14pt\">von zwei Jahren.\u00a0<\/span><\/span><span style=\"font-family: arial, helvetica, sans-serif;font-size: 14pt\">Inzwischen wurden die erhobenen\u00a0 wissenschaftlichen Daten in Zusammenarbeit von der \u201eErsten deutschen Beratungs- und Informationsstelle f\u00fcr Linksh\u00e4nder und umgeschulte Linksh\u00e4nder e.V.\u201c und der \u201eTechnischen Universit\u00e4t M\u00fcnchen\u201c untersucht und in der Zeitschrift <a href=\"https:\/\/lefthander-consulting.org\/deutsch\/beratung\/rueckschulung\/neuer-artikel-in-scientific-reports-zur-rueckschulung\/\"><span style=\"text-decoration: underline\">Scientific Reports 2023<\/span><\/a> ver\u00f6ffentlicht.<\/span><\/p>\n<p><span style=\"font-family: arial, helvetica, sans-serif\">So eine R\u00fcckschulung zum Schreiben mit der linken Hand hat auch <a href=\"https:\/\/lefthander-consulting.org\/deutsch\/customize-homepage\/rueckschulung-der-haendigkeit-melanie-zaehle\/\">Melanie Z\u00e4hle<\/a> und <a href=\"https:\/\/lefthander-consulting.org\/deutsch\/wp-content\/uploads\/2023\/03\/Sueddeutsche-Zeitung-Rueckschulung-11.3.23-1.pdf\">Carsten Schroeter<\/a> angegangen.<\/span><\/p>\n<p><span style=\"font-family: arial, helvetica, sans-serif\">Manche Menschen schulen sich nicht zum Schreiben, sondern z.B. zum Malen oder auf dem Musikinstrument auf ihre dominante Hand als F\u00fchrungshand zur\u00fcck.<\/span><\/p>\n<p><span style=\"font-family: arial, helvetica, sans-serif\">Besonders beeindruckend ist die Entwicklung, die die Heilpraktikerin <a href=\"https:\/\/lefthander-consulting.org\/deutsch\/beratung\/rueckschulung\/rueckschulung-der-haendigkeit-hermine-seeger\/\">Hermine Seeger<\/a> erlebt hat. Ihre sehr ausdrucksstarken Bilder d\u00fcrfen wir hier zeigen.<\/span><\/p>\n<p><strong>Abbildungen<\/strong>: Melanie Z\u00e4hle beim \u00dcben des Schreibens mit der linken Hand und Gem\u00e4lde von Hermine Seeger<\/p>\n<p><span style=\"font-family: arial, helvetica\">\u00a9 Copyright: Erste deutsche Beratungs- und Informationsstelle f\u00fcr Linksh\u00e4nder und umgeschulte Linksh\u00e4nder, Sendlinger Str. 17, 80331 M\u00fcnchen, Tel. \/ Fax: +49 \/ 89 \/ 26 86 14, <a href=\"https:\/\/lefthander-consulting.org\">https:\/\/www.linkshaender-beratung.de<\/a>, e-mail: info@lefthander-consulting.org<\/span><\/p>\n","protected":false},"excerpt":{"rendered":"<p>R\u00fcckschulung der H\u00e4ndigkeit auf die dominante Hand Eine R\u00fcckschulung der H\u00e4ndigkeit auf die dominante Hand (vornehmlich zum Schreiben) ist &#8211; wie die Umschulung der H\u00e4ndigkeit auch &#8211; wieder ein Eingriff in das Gehirn. W\u00e4hrend auf der einen Seite manche Menschen sich nach einer R\u00fcckschulung weit besser f\u00fchlen, kann es bei anderen aber auch zu neuen Schwierigkeiten kommen. Ausf\u00fchrlich wird auf die M\u00f6glichkeiten und Gefahren einer R\u00fcckschulung der H\u00e4ndigkeit in Kapitel 7 des Buchs Der umgeschulte Linksh\u00e4nder oder Der Knoten im Gehirn eingegangen. Zu &#8222;Chancen und Gefahren einer R\u00fcckschulung der H\u00e4ndigkeit bei Erwachsenen&#8220; werden weitere Einzelheiten erarbeitet. In einem Projekt \u00fcber die begleitete R\u00fcckschulung mit wissenschaftlichen Untersuchungen der motorischen Schreibbewegungen von Dr. Johanna Barbara Sattler und Dr. Christian Marquardt werden umgeschulte Linksh\u00e4nder, die sich auf ihre dominante Hand zur\u00fcckschulen wollen, mit einem kontinuierlichen und differenziert vorgegebenen R\u00fcckschulungsprogramm \u00fcber zwei Jahre hin betreut. Neben t\u00e4glichen \u00dcbungen werden in regelm\u00e4\u00dfigen Abst\u00e4nden die Schreibbewegungen mittels eines Schreibtabletts und &#8230; <a title=\"R\u00fcckschulung der H\u00e4ndigkeit\" class=\"read-more\" href=\"https:\/\/lefthander-consulting.org\/deutsch\/beratung\/rueckschulung\/\" aria-label=\"Mehr Informationen \u00fcber R\u00fcckschulung der H\u00e4ndigkeit\">Read more<\/a><\/p>\n","protected":false},"author":1,"featured_media":0,"parent":808,"menu_order":7,"comment_status":"closed","ping_status":"closed","template":"","meta":{"_cbd_carousel_blocks":"[]","footnotes":""},"class_list":["post-53","page","type-page","status-publish"],"_links":{"self":[{"href":"https:\/\/lefthander-consulting.org\/deutsch\/wp-json\/wp\/v2\/pages\/53","targetHints":{"allow":["GET"]}}],"collection":[{"href":"https:\/\/lefthander-consulting.org\/deutsch\/wp-json\/wp\/v2\/pages"}],"about":[{"href":"https:\/\/lefthander-consulting.org\/deutsch\/wp-json\/wp\/v2\/types\/page"}],"author":[{"embeddable":true,"href":"https:\/\/lefthander-consulting.org\/deutsch\/wp-json\/wp\/v2\/users\/1"}],"replies":[{"embeddable":true,"href":"https:\/\/lefthander-consulting.org\/deutsch\/wp-json\/wp\/v2\/comments?post=53"}],"version-history":[{"count":2,"href":"https:\/\/lefthander-consulting.org\/deutsch\/wp-json\/wp\/v2\/pages\/53\/revisions"}],"predecessor-version":[{"id":13658,"href":"https:\/\/lefthander-consulting.org\/deutsch\/wp-json\/wp\/v2\/pages\/53\/revisions\/13658"}],"up":[{"embeddable":true,"href":"https:\/\/lefthander-consulting.org\/deutsch\/wp-json\/wp\/v2\/pages\/808"}],"wp:attachment":[{"href":"https:\/\/lefthander-consulting.org\/deutsch\/wp-json\/wp\/v2\/media?parent=53"}],"curies":[{"name":"wp","href":"https:\/\/api.w.org\/{rel}","templated":true}]}}