{"id":51,"date":"2018-06-07T15:12:21","date_gmt":"2018-06-07T13:12:21","guid":{"rendered":"https:\/\/lefthander-consulting.org\/?page_id=51"},"modified":"2025-08-15T14:34:42","modified_gmt":"2025-08-15T12:34:42","slug":"testmaterial","status":"publish","type":"page","link":"https:\/\/lefthander-consulting.org\/deutsch\/beratung\/testung\/testmaterial\/","title":{"rendered":"Testmaterial"},"content":{"rendered":"<p>&nbsp;<\/p>\n<p>&nbsp;<\/p>\n<table>\n<tbody>\n<tr>\n<td><img loading=\"lazy\" decoding=\"async\" class=\"size-medium wp-image-4799 aligncenter\" src=\"https:\/\/lefthander-consulting.org\/deutsch\/wp-content\/uploads\/2019\/04\/logo-213x300.jpg\" alt=\"\" width=\"213\" height=\"300\" srcset=\"https:\/\/lefthander-consulting.org\/deutsch\/wp-content\/uploads\/2019\/04\/logo-213x300.jpg 213w, https:\/\/lefthander-consulting.org\/deutsch\/wp-content\/uploads\/2019\/04\/logo.jpg 382w\" sizes=\"auto, (max-width: 213px) 100vw, 213px\" \/><\/td>\n<td><span style=\"font-size: 14pt\">S-MH<sup>\u00ae<\/sup><\/span><br \/>\nTestmaterial<sup>\u00ae<\/sup><br \/>\nzur Durchf\u00fchrung der T\u00e4tigkeitsitems zur H\u00e4ndigkeitsabkl\u00e4rung nach Methodik Dr. Johanna Barbara Sattler<\/td>\n<\/tr>\n<\/tbody>\n<\/table>\n<p>&nbsp;<\/p>\n<p><span style=\"font-size: Arial,Helvetica\">Dieses Material zur H\u00e4ndigkeitsabkl\u00e4rung ist f\u00fcr zertifizierte Linksh\u00e4nder-BeraterInnen nach Methodik Dr. J.B. Sattler gedacht. Eine sinnvolle Aussage \u00fcber die H\u00e4ndigkeit kann allerdings auch mit diesem Material nur gemacht werden, wenn die Befunderhebung im Zusammenhang mit den Durchf\u00fchrungsbestimmungen und den standardisierten T\u00e4tigkeitsitems gemacht wurde.<\/span><\/p>\n<p><span style=\"font-size: Arial,Helvetica\">Die Durchf\u00fchrungskriterien und die Anwendung der Materialien, sowie die Auswertung und Interpretation werden in der\u00a0<u><a href=\"https:\/\/lefthander-consulting.org\/deutsch\/aktuelles\/veranstaltungen\/\">Zusatzausbildung zum\/zur Linksh\u00e4nder-BeraterIn<\/a><\/u>\u00a0erarbeitet.<\/span><\/p>\n<p><span style=\"font-size: Arial,Helvetica\">Jeder Benutzer dieser Materialien ist selbst verantwortlich f\u00fcr einen sachgerechten Gebrauch und f\u00fcr eventuell auftretende Fehldiagnosen und Folgesch\u00e4den.<\/span><br \/>\n<b><\/b><\/p>\n<p><b>Zu den Bezugsquellen<br \/>\n<\/b><span style=\"font-size: Arial,Helvetica\">Mit Jutta D\u00e4umler (<a href=\"mailto:info@linkshandtest.de\">info@linkshandtest.de<\/a>) besteht eine Lizenzvereinbarung und sie bietet einen Teil des erforderlichen standardisierten Testmaterials (<a href=\"http:\/\/www.linkshandtest.de\/\">www.linkshandtest.de<\/a>) an. Dieses ist f\u00fcr zertifizierte Linksh\u00e4nder-BeraterInnen nach dem methodischen Ansatz von Dr. Johanna Barbara Sattler gedacht.<\/span><\/p>\n<p><span style=\"font-size: Arial,Helvetica\">Das lizenzierte Arbeitsmaterial entspricht in den Anforderungen in Ma\u00dfen, Material und Farben den Festlegungen in den T\u00e4tigkeitsbeschreibungen. Es ist mit dem Logo und z. T. mit einem Memobild als lizenziertes Material gekennzeichnet.<\/span><\/p>\n","protected":false},"excerpt":{"rendered":"<p>&nbsp; &nbsp; S-MH\u00ae Testmaterial\u00ae zur Durchf\u00fchrung der T\u00e4tigkeitsitems zur H\u00e4ndigkeitsabkl\u00e4rung nach Methodik Dr. Johanna Barbara Sattler &nbsp; Dieses Material zur H\u00e4ndigkeitsabkl\u00e4rung ist f\u00fcr zertifizierte Linksh\u00e4nder-BeraterInnen nach Methodik Dr. J.B. Sattler gedacht. Eine sinnvolle Aussage \u00fcber die H\u00e4ndigkeit kann allerdings auch mit diesem Material nur gemacht werden, wenn die Befunderhebung im Zusammenhang mit den Durchf\u00fchrungsbestimmungen und den standardisierten T\u00e4tigkeitsitems gemacht wurde. Die Durchf\u00fchrungskriterien und die Anwendung der Materialien, sowie die Auswertung und Interpretation werden in der\u00a0Zusatzausbildung zum\/zur Linksh\u00e4nder-BeraterIn\u00a0erarbeitet. Jeder Benutzer dieser Materialien ist selbst verantwortlich f\u00fcr einen sachgerechten Gebrauch und f\u00fcr eventuell auftretende Fehldiagnosen und Folgesch\u00e4den. Zu den Bezugsquellen Mit Jutta D\u00e4umler (info@linkshandtest.de) besteht eine Lizenzvereinbarung und sie bietet einen Teil des erforderlichen standardisierten Testmaterials (www.linkshandtest.de) an. Dieses ist f\u00fcr zertifizierte Linksh\u00e4nder-BeraterInnen nach dem methodischen Ansatz von Dr. Johanna Barbara Sattler gedacht. Das lizenzierte Arbeitsmaterial entspricht in den Anforderungen in Ma\u00dfen, Material und Farben den Festlegungen in den T\u00e4tigkeitsbeschreibungen. Es ist mit dem Logo und &#8230; <a title=\"Testmaterial\" class=\"read-more\" href=\"https:\/\/lefthander-consulting.org\/deutsch\/beratung\/testung\/testmaterial\/\" aria-label=\"Mehr Informationen \u00fcber Testmaterial\">Read more<\/a><\/p>\n","protected":false},"author":1,"featured_media":0,"parent":49,"menu_order":6,"comment_status":"closed","ping_status":"closed","template":"","meta":{"_cbd_carousel_blocks":"[]","footnotes":""},"class_list":["post-51","page","type-page","status-publish"],"_links":{"self":[{"href":"https:\/\/lefthander-consulting.org\/deutsch\/wp-json\/wp\/v2\/pages\/51","targetHints":{"allow":["GET"]}}],"collection":[{"href":"https:\/\/lefthander-consulting.org\/deutsch\/wp-json\/wp\/v2\/pages"}],"about":[{"href":"https:\/\/lefthander-consulting.org\/deutsch\/wp-json\/wp\/v2\/types\/page"}],"author":[{"embeddable":true,"href":"https:\/\/lefthander-consulting.org\/deutsch\/wp-json\/wp\/v2\/users\/1"}],"replies":[{"embeddable":true,"href":"https:\/\/lefthander-consulting.org\/deutsch\/wp-json\/wp\/v2\/comments?post=51"}],"version-history":[{"count":2,"href":"https:\/\/lefthander-consulting.org\/deutsch\/wp-json\/wp\/v2\/pages\/51\/revisions"}],"predecessor-version":[{"id":8353,"href":"https:\/\/lefthander-consulting.org\/deutsch\/wp-json\/wp\/v2\/pages\/51\/revisions\/8353"}],"up":[{"embeddable":true,"href":"https:\/\/lefthander-consulting.org\/deutsch\/wp-json\/wp\/v2\/pages\/49"}],"wp:attachment":[{"href":"https:\/\/lefthander-consulting.org\/deutsch\/wp-json\/wp\/v2\/media?parent=51"}],"curies":[{"name":"wp","href":"https:\/\/api.w.org\/{rel}","templated":true}]}}