{"id":49,"date":"2018-06-07T15:09:37","date_gmt":"2018-06-07T13:09:37","guid":{"rendered":"https:\/\/lefthander-consulting.org\/?page_id=49"},"modified":"2025-08-15T14:34:42","modified_gmt":"2025-08-15T12:34:42","slug":"testung","status":"publish","type":"page","link":"https:\/\/lefthander-consulting.org\/deutsch\/beratung\/testung\/","title":{"rendered":"Testung \/ Abkl\u00e4rung der H\u00e4ndigkeit"},"content":{"rendered":"<p><span style=\"font-family: arial, helvetica, sans-serif;font-size: 12pt\">Bei vielen Menschen ist die H\u00e4ndigkeit eindeutig und es bedarf keiner Testuntersuchung und keiner speziellen Beobachtung.<\/span><\/p>\n<p><span style=\"font-family: arial, helvetica, sans-serif;font-size: 12pt\">Aber bereits mancher umgeschulter Linksh\u00e4nder, der sich sogar noch an die Umschulung von seiner dominanten linken auf die nicht dominante rechte Hand erinnert, ist sich nicht sicher, welche H\u00e4ndigkeit er denn nun wirklich hat. Dazu tragen auch Verdr\u00e4ngungsprozesse einer negativ empfundenen Umschulung der H\u00e4ndigkeit bei, wo Linksh\u00e4ndigkeit oft als etwas moralisch Verwerfliches bezeichnet wurde.<\/span><\/p>\n<p><span style=\"font-family: arial, helvetica, sans-serif;font-size: 12pt\">Anders ist eine H\u00e4ndigkeitsbestimmung bei Kindern, die z.B. aus zerebralen Gr\u00fcnden zum Wechseln des Handgebrauchs neigen oder sich auf Grund von Modell- und Nachahmungsverhaltenan an der mehr rechtsh\u00e4ndig gepr\u00e4gten Umgebung orientiert haben. Hier ist eine genaue H\u00e4ndigkeitsbeobachtung und -testung von einem Fachmann notwendig.<\/span><\/p>\n<p><span style=\"font-family: arial, helvetica, sans-serif;font-size: 12pt\">Artikel: Sattler, J.B., &#8222;<a href=\"https:\/\/lefthander-consulting.org\/deutsch\/netzwerk\/infomaterial\/zur-testung-der-haendigkeit\/\">Zur Testung der Linksh\u00e4ndigkeit<\/a>&#8222;. In: Left Hand Corner, Nr. 2, 1\/1998. Im <\/span><a href=\"https:\/\/lefthander-consulting.org\/deutsch\/wp-content\/uploads\/2020\/07\/Dokumentationsbogen_S-MH_Internet_2020.02.pdf\">Dokumentationsbogen zur H\u00e4ndigkeitsabkl\u00e4rung S-MH<\/a><sup>\u00ae <\/sup><span style=\"font-family: arial, helvetica, sans-serif;font-size: 12pt\">sind f\u00fcr Fachleute &#8211; insbesondere f\u00fcr zertifizierte Linksh\u00e4nder-BeraterInnen &#8211; Beobachtungskriterien aufgef\u00fchrt, die sich als sinnvoll erwiesen haben. Hinweise zum Gebrauch werden in der <a href=\"https:\/\/lefthander-consulting.org\/deutsch\/aktuelles\/veranstaltungen\/\">S-MH<sup>\u00ae<\/sup> Zusatzausbildung zum\/zur Linksh\u00e4nder-BeraterIn<\/a> vermittelt und finden sich z.B. auch in dem <\/span><span style=\"font-family: arial, helvetica, sans-serif;font-size: 12pt\">Artikel: Sattler, J.B., &#8222;<a href=\"https:\/\/lefthander-consulting.org\/deutsch\/beratung\/testung\/praxisergo-artikel\/\">Linksh\u00e4nder und umgeschulte Linksh\u00e4nder in der Ergotherapie<\/a>&#8222;. In: praxis ergotherapie, Heft 2\/99, S. 98-110.Unter der Bezeichnung\u00a0<a href=\"https:\/\/lefthander-consulting.org\/deutsch\/information\/\"><u>S-MH<sup>\u00ae<\/sup><\/u>&#8211;<\/a>\u00a0der Begriff steht f\u00fcr\u00a0<a href=\"https:\/\/lefthander-consulting.org\/deutsch\/information\/\"><u><span style=\"color: #006600\">Sattler-Methodik zu H\u00e4ndigkeitsfragen<\/span><\/u>\u00a0<\/a>&#8211; wird eine breit angelegte Sichtweise auf das Thema H\u00e4ndigkeit verstanden. Es werden verschiedenste Bereiche des menschlichen Lebens einbezogen, wie z.B. die Kindheit und das soziale Umfeld, der Beruf und auch gesellschaftliche und historische Gesichtspunkte.<\/span><\/p>\n<p><span style=\"font-family: arial, helvetica, sans-serif;font-size: 12pt\">Der methodische Ansatz geht von einem\u00a0<b>qualitativen<\/b>\u00a0Herangehen an die Abkl\u00e4rung der H\u00e4ndigkeit aus. Quantitative Fragen der H\u00e4ndigkeitsbeurteilung werden auch ber\u00fccksichtigt, aber letztendlich steht die Erkenntnis dahinter, dass ein rein quantitativ ermitteltes Ergebnis (das bedeutet eine &#8222;blo\u00dfe&#8220; Ausz\u00e4hlung der einzelnen T\u00e4tigkeiten, also rechte Hand, linke Hand oder wechselnd einmal die rechte und einmal die linke Hand) kein hinreichend valider Indikator f\u00fcr die H\u00e4ndigkeitsbestimmung sein kann. Denn auf der Ph\u00e4nomenebene sind und werden wesentliche biografische Entwicklungen nicht sichtbar. Diese bed\u00fcrfen eher einer qualitativ orientierten Exploration.<\/span><\/p>\n<p><span style=\"font-family: arial, helvetica, sans-serif;font-size: 12pt\">\u00a9 Copyright: Erste deutsche Beratungs- und Informationsstelle f\u00fcr Linksh\u00e4nder und umgeschulte Linksh\u00e4nder, Sendlinger Str. 17, 80331 M\u00fcnchen, Tel. \/ Fax: +49 \/ 89 \/ 26 86 14, <a href=\"https:\/\/lefthander-consulting.org\">https:\/\/www.linkshaender-beratung.de<\/a>, e-mail: info@lefthander-consulting.org<\/span><\/p>\n<p>&nbsp;<\/p>\n","protected":false},"excerpt":{"rendered":"<p>Bei vielen Menschen ist die H\u00e4ndigkeit eindeutig und es bedarf keiner Testuntersuchung und keiner speziellen Beobachtung. Aber bereits mancher umgeschulter Linksh\u00e4nder, der sich sogar noch an die Umschulung von seiner dominanten linken auf die nicht dominante rechte Hand erinnert, ist sich nicht sicher, welche H\u00e4ndigkeit er denn nun wirklich hat. Dazu tragen auch Verdr\u00e4ngungsprozesse einer negativ empfundenen Umschulung der H\u00e4ndigkeit bei, wo Linksh\u00e4ndigkeit oft als etwas moralisch Verwerfliches bezeichnet wurde. Anders ist eine H\u00e4ndigkeitsbestimmung bei Kindern, die z.B. aus zerebralen Gr\u00fcnden zum Wechseln des Handgebrauchs neigen oder sich auf Grund von Modell- und Nachahmungsverhaltenan an der mehr rechtsh\u00e4ndig gepr\u00e4gten Umgebung orientiert haben. Hier ist eine genaue H\u00e4ndigkeitsbeobachtung und -testung von einem Fachmann notwendig. Artikel: Sattler, J.B., &#8222;Zur Testung der Linksh\u00e4ndigkeit&#8222;. In: Left Hand Corner, Nr. 2, 1\/1998. Im Dokumentationsbogen zur H\u00e4ndigkeitsabkl\u00e4rung S-MH\u00ae sind f\u00fcr Fachleute &#8211; insbesondere f\u00fcr zertifizierte Linksh\u00e4nder-BeraterInnen &#8211; Beobachtungskriterien aufgef\u00fchrt, die sich als sinnvoll erwiesen haben. Hinweise zum Gebrauch werden in &#8230; <a title=\"Testung \/ Abkl\u00e4rung der H\u00e4ndigkeit\" class=\"read-more\" href=\"https:\/\/lefthander-consulting.org\/deutsch\/beratung\/testung\/\" aria-label=\"Mehr Informationen \u00fcber Testung \/ Abkl\u00e4rung der H\u00e4ndigkeit\">Read more<\/a><\/p>\n","protected":false},"author":1,"featured_media":0,"parent":808,"menu_order":5,"comment_status":"closed","ping_status":"closed","template":"","meta":{"_cbd_carousel_blocks":"[]","footnotes":""},"class_list":["post-49","page","type-page","status-publish"],"_links":{"self":[{"href":"https:\/\/lefthander-consulting.org\/deutsch\/wp-json\/wp\/v2\/pages\/49","targetHints":{"allow":["GET"]}}],"collection":[{"href":"https:\/\/lefthander-consulting.org\/deutsch\/wp-json\/wp\/v2\/pages"}],"about":[{"href":"https:\/\/lefthander-consulting.org\/deutsch\/wp-json\/wp\/v2\/types\/page"}],"author":[{"embeddable":true,"href":"https:\/\/lefthander-consulting.org\/deutsch\/wp-json\/wp\/v2\/users\/1"}],"replies":[{"embeddable":true,"href":"https:\/\/lefthander-consulting.org\/deutsch\/wp-json\/wp\/v2\/comments?post=49"}],"version-history":[{"count":3,"href":"https:\/\/lefthander-consulting.org\/deutsch\/wp-json\/wp\/v2\/pages\/49\/revisions"}],"predecessor-version":[{"id":8278,"href":"https:\/\/lefthander-consulting.org\/deutsch\/wp-json\/wp\/v2\/pages\/49\/revisions\/8278"}],"up":[{"embeddable":true,"href":"https:\/\/lefthander-consulting.org\/deutsch\/wp-json\/wp\/v2\/pages\/808"}],"wp:attachment":[{"href":"https:\/\/lefthander-consulting.org\/deutsch\/wp-json\/wp\/v2\/media?parent=49"}],"curies":[{"name":"wp","href":"https:\/\/api.w.org\/{rel}","templated":true}]}}