{"id":4606,"date":"2019-03-25T16:11:56","date_gmt":"2019-03-25T15:11:56","guid":{"rendered":"https:\/\/lefthander-consulting.org\/information\/literatur\/das-mache-ich-doch-mit-links\/"},"modified":"2019-05-04T11:08:00","modified_gmt":"2019-05-04T09:08:00","slug":"das-mache-ich-doch-mit-links","status":"publish","type":"page","link":"https:\/\/lefthander-consulting.org\/deutsch\/information\/literatur\/das-mache-ich-doch-mit-links\/","title":{"rendered":"Das mache ich doch mit links!"},"content":{"rendered":"<p style=\"text-align: left\"><span style=\"font-size: 16pt;font-family: arial, helvetica, sans-serif\">Johanna Barbara Sattler<\/span><\/p>\n<table border=\"\" width=\"73%\">\n<tbody>\n<tr>\n<td><span style=\"font-family: arial, helvetica\">Linksh\u00e4ndige Kinder sind genauso normal wie rechtsh\u00e4ndige. Auch sie brauchen die passende Unterst\u00fctzung f\u00fcr das Erlernen vieler T\u00e4tigkeiten: Schneiden, Schleifebinden, Handarbeiten, Schreiben und Malen geht genauso gut mit links, nur anders. Helfen Sie den Kindern und beraten Sie die Eltern, die oft mit Blick auf die Schulzeit verunsichert sind.<\/span><\/td>\n<\/tr>\n<\/tbody>\n<\/table>\n<p><span style=\"font-family: arial, helvetica\">\u00a0 <\/span><br \/>\n<span style=\"font-family: arial, helvetica\"><b>Aus dem Inhalt:<\/b> <\/span><\/p>\n<ol>\n<li><span style=\"font-family: arial, helvetica, sans-serif\"> Grundregeln f\u00fcr linksh\u00e4ndige Kinder im Kindergarten<\/span><\/li>\n<li><span style=\"font-family: arial, helvetica, sans-serif\"> Sinnvolle Gebrauchsgegenst\u00e4nde f\u00fcr das linksh\u00e4ndige Kind<\/span><\/li>\n<li><span style=\"font-family: arial, helvetica, sans-serif\"> Hilfestellungen beim Hantieren mit links<\/span><\/li>\n<li><span style=\"font-family: arial, helvetica, sans-serif\"> Anbahnung einer lockeren Schreib- und Stifthaltung<\/span><\/li>\n<li><span style=\"font-family: arial, helvetica, sans-serif\"> Bewegungsrichtung bei Kreisspielen im Kindergarten<\/span><\/li>\n<li><span style=\"font-family: arial, helvetica, sans-serif\"> Der Umgang mit der Spiegelschrift im Kindergarten<\/span><\/li>\n<li><span style=\"font-family: arial, helvetica, sans-serif\"> Begr\u00fc\u00dfung und Verabschiedung des linksh\u00e4ndigen Kindes<\/span><\/li>\n<li><span style=\"font-family: arial, helvetica, sans-serif\"> Thematisierung der H\u00e4ndigkeit im Kindergarten, ja oder nein?<\/span><\/li>\n<li><span style=\"font-family: arial, helvetica, sans-serif\"> Beratung der Eltern linksh\u00e4ndiger Kinder<\/span><\/li>\n<li><span style=\"font-family: arial, helvetica, sans-serif\"> Zur Testung der H\u00e4ndigkeit<\/span><\/li>\n<\/ol>\n<p><span style=\"font-family: arial, helvetica, sans-serif\">Aus dem Loseblattwerk: <\/span><br \/>\n<span style=\"font-family: arial, helvetica, sans-serif\">F\u00fcrsorge und Aufsicht in Kinderg\u00e4rten und Kindertagesst\u00e4tten. RATGEBER SICHERHEIT, Raabe Fachverlag f\u00fcr Bildungsmanagement, Stuttgart, 2004, Seite 1-22 <\/span><br \/>\n<span style=\"font-family: arial, helvetica, sans-serif\">\u00a0<\/span><\/p>\n<p><span style=\"font-family: arial, helvetica, sans-serif\"><span style=\"color: #000000\">\u00a9 Copyright: Erste deutsche Beratungs- und Informationsstelle f\u00fcr Linksh\u00e4nder und umgeschulte Linksh\u00e4nder, Sendlinger Str. 17, 80331 M\u00fcnchen, Tel. \/ Fax: +49 \/ 89 \/ 26 86 14<\/span> <\/span><br \/>\n<span style=\"font-family: arial, helvetica, sans-serif\"><span style=\"color: #000000\"><a href=\"https:\/\/lefthander-consulting.org\">http:\/\/www.linkshaender-beratung.org<\/a>,\u00a0 e-mail: info@lefthander-consulting.org<\/span><\/span><\/p>\n","protected":false},"excerpt":{"rendered":"<p>Johanna Barbara Sattler Linksh\u00e4ndige Kinder sind genauso normal wie rechtsh\u00e4ndige. Auch sie brauchen die passende Unterst\u00fctzung f\u00fcr das Erlernen vieler T\u00e4tigkeiten: Schneiden, Schleifebinden, Handarbeiten, Schreiben und Malen geht genauso gut mit links, nur anders. Helfen Sie den Kindern und beraten Sie die Eltern, die oft mit Blick auf die Schulzeit verunsichert sind. \u00a0 Aus dem Inhalt: Grundregeln f\u00fcr linksh\u00e4ndige Kinder im Kindergarten Sinnvolle Gebrauchsgegenst\u00e4nde f\u00fcr das linksh\u00e4ndige Kind Hilfestellungen beim Hantieren mit links Anbahnung einer lockeren Schreib- und Stifthaltung Bewegungsrichtung bei Kreisspielen im Kindergarten Der Umgang mit der Spiegelschrift im Kindergarten Begr\u00fc\u00dfung und Verabschiedung des linksh\u00e4ndigen Kindes Thematisierung der H\u00e4ndigkeit im Kindergarten, ja oder nein? Beratung der Eltern linksh\u00e4ndiger Kinder Zur Testung der H\u00e4ndigkeit Aus dem Loseblattwerk: F\u00fcrsorge und Aufsicht in Kinderg\u00e4rten und Kindertagesst\u00e4tten. RATGEBER SICHERHEIT, Raabe Fachverlag f\u00fcr Bildungsmanagement, Stuttgart, 2004, Seite 1-22 \u00a0 \u00a9 Copyright: Erste deutsche Beratungs- und Informationsstelle f\u00fcr Linksh\u00e4nder und umgeschulte Linksh\u00e4nder, Sendlinger Str. 17, 80331 M\u00fcnchen, Tel. \/ &#8230; <a title=\"Das mache ich doch mit links!\" class=\"read-more\" href=\"https:\/\/lefthander-consulting.org\/deutsch\/information\/literatur\/das-mache-ich-doch-mit-links\/\" aria-label=\"Mehr Informationen \u00fcber Das mache ich doch mit links!\">Read more<\/a><\/p>\n","protected":false},"author":4,"featured_media":0,"parent":41,"menu_order":5,"comment_status":"closed","ping_status":"closed","template":"","meta":{"_cbd_carousel_blocks":"[]","footnotes":""},"class_list":["post-4606","page","type-page","status-publish"],"_links":{"self":[{"href":"https:\/\/lefthander-consulting.org\/deutsch\/wp-json\/wp\/v2\/pages\/4606","targetHints":{"allow":["GET"]}}],"collection":[{"href":"https:\/\/lefthander-consulting.org\/deutsch\/wp-json\/wp\/v2\/pages"}],"about":[{"href":"https:\/\/lefthander-consulting.org\/deutsch\/wp-json\/wp\/v2\/types\/page"}],"author":[{"embeddable":true,"href":"https:\/\/lefthander-consulting.org\/deutsch\/wp-json\/wp\/v2\/users\/4"}],"replies":[{"embeddable":true,"href":"https:\/\/lefthander-consulting.org\/deutsch\/wp-json\/wp\/v2\/comments?post=4606"}],"version-history":[{"count":14,"href":"https:\/\/lefthander-consulting.org\/deutsch\/wp-json\/wp\/v2\/pages\/4606\/revisions"}],"predecessor-version":[{"id":5282,"href":"https:\/\/lefthander-consulting.org\/deutsch\/wp-json\/wp\/v2\/pages\/4606\/revisions\/5282"}],"up":[{"embeddable":true,"href":"https:\/\/lefthander-consulting.org\/deutsch\/wp-json\/wp\/v2\/pages\/41"}],"wp:attachment":[{"href":"https:\/\/lefthander-consulting.org\/deutsch\/wp-json\/wp\/v2\/media?parent=4606"}],"curies":[{"name":"wp","href":"https:\/\/api.w.org\/{rel}","templated":true}]}}