{"id":4445,"date":"2019-03-14T12:04:29","date_gmt":"2019-03-14T11:04:29","guid":{"rendered":"https:\/\/lefthander-consulting.org\/information\/literatur\/schreibunterlagen-block\/"},"modified":"2022-01-21T09:12:45","modified_gmt":"2022-01-21T08:12:45","slug":"schreibunterlagen-block","status":"publish","type":"page","link":"https:\/\/lefthander-consulting.org\/deutsch\/information\/literatur\/schreibunterlagen-block\/","title":{"rendered":"Schreibunterlagen-Block"},"content":{"rendered":"<p><span style=\"font-family: Arial,Helvetica;font-size: 18pt\"><strong>Die urspr\u00fcngliche Schreibtisch-Auflage f\u00fcr Linksh\u00e4nder<\/strong><\/span><\/p>\n<p><span style=\"font-family: Arial,Helvetica;font-size: 18pt\">als<\/span><\/p>\n<p><span style=\"font-family: Arial,Helvetica;font-size: 18pt\">Schreibunterlagen-Block und als abwaschbare Schreibtisch-Auflage<\/span><\/p>\n<p><span style=\"font-family: Arial,Helvetica\">\u00a0<\/span><\/p>\n<p><span style=\"font-family: Arial,Helvetica;font-size: 16pt\">Johanna Barbara Sattler<\/span><\/p>\n<p>&nbsp;<\/p>\n<table>\n<tbody>\n<tr>\n<td style=\"width: 316px\"><span style=\"font-family: Arial,Helvetica\"> <img loading=\"lazy\" decoding=\"async\" class=\"alignleft wp-image-9\" title=\"Schreibunterlagen-Block f\u00fcr Linksh\u00e4nder\" src=\"https:\/\/lefthander-consulting.org\/deutsch\/wp-content\/uploads\/2018\/06\/2926.jpg\" alt=\"\" width=\"271\" height=\"191\" \/><\/span><\/p>\n<p><span style=\"font-family: Arial,Helvetica\">\u00a0<\/span><\/p>\n<p><span style=\"font-family: Arial,Helvetica\">\u00a0<\/span><\/td>\n<td style=\"width: 1492px\"><span style=\"font-family: Arial,Helvetica\">Linksh\u00e4ndige Kinder haben oft Schwierigkeiten, rechtzeitig eine g\u00fcnstige Blattlage zum Schreiben mit der linken Hand zu erlernen und neigen dazu, in die so genannte Hakenhaltung &#8222;von oben&#8220; auszuweichen. Die in den 90iger Jahren entwickelte Schreibtisch-Auflage f\u00fcr linksh\u00e4ndige Kinder ist f\u00fcr den Arbeitstisch gedacht. Durch die aufgedruckte Zeichnung wird eine Heftlage und Handhaltung vorgegeben, die dem Kind zu einer lockeren und unverkrampften Schreibhaltung rechtzeitig verhilft und so sp\u00e4teres Leid in der Schule, insbesondere beim Schreiben mit dem F\u00fcller und der verwischenden Tinte, verhindert.<\/span><span style=\"font-family: Arial,Helvetica\">Diese Schreibtisch-Auflage ist als <strong>Schreibunterlagen-Block<\/strong> (DIN A2-Format, an der Unterkante geleimt) erh\u00e4ltlich. Auf den leicht get\u00f6nten Bl\u00e4ttern ist eine ergonomisch gute Blattlage aufgedruckt und die Handhaltung beim Schreiben und Festhalten des Blattes werden dokumentiert. <\/span><\/p>\n<p><span style=\"font-family: Arial,Helvetica\"><a href=\"https:\/\/www.auer-verlag.de\/\">Auer Verlag<\/a>, Donauw\u00f6rth, 1996, 13. mehrfach \u00fcberarbeitete und aktualisierte Auflage 2019, ISBN 3-403-02926-3, 20 Bl\u00e4tter<\/span><\/td>\n<\/tr>\n<tr>\n<td style=\"width: 316px\"><span style=\"font-family: Arial,Helvetica\"> <img loading=\"lazy\" decoding=\"async\" class=\"bild-rahmen alignleft wp-image-3625\" title=\"Schreibtisch-Auflagen f\u00fcr Linksh\u00e4nder\" src=\"https:\/\/lefthander-consulting.org\/deutsch\/wp-content\/uploads\/2019\/02\/alle-300x202.jpg\" alt=\"\" width=\"224\" height=\"151\" srcset=\"https:\/\/lefthander-consulting.org\/deutsch\/wp-content\/uploads\/2019\/02\/alle-300x202.jpg 300w, https:\/\/lefthander-consulting.org\/deutsch\/wp-content\/uploads\/2019\/02\/alle.jpg 561w\" sizes=\"auto, (max-width: 224px) 100vw, 224px\" \/><\/span><\/p>\n<p><span style=\"font-family: Arial,Helvetica\">\u00a0<\/span><\/td>\n<td style=\"width: 1492px\"><span style=\"font-family: Arial,Helvetica\">Diese Schreibtisch-Auflage wurde aus den Erfahrungen mit dem <strong>Schreibunterlagen-Block f\u00fcr Linksh\u00e4nder <\/strong>entwickelt. Beide Hilfsmittel erg\u00e4nzen sich und werden den unterschiedlichen Anforderungen und Bed\u00fcrfnissen im Kindergarten, in der Schule und im Elternhaus als individuelle Anpassungsm\u00f6glichkeit gerecht.<\/span><\/p>\n<p><span style=\"font-family: Arial,Helvetica\">Eine Kurzanleitung (Flyer) mit einer kommentierten Abbildung, die jeder Schreibtisch-Auflage beigelegt ist, erschlie\u00dft den ersten Umgang mit der Auflage. Genauere Informationen finden Eltern, ErzieherInnen und LehrerInnen in dem Buch: <a href=\"https:\/\/lefthander-consulting.org\/deutsch\/information\/literatur\/uebungen-fuer-linkshaender\/\">\u00dcbungen f\u00fcr Linksh\u00e4nder. Schreiben und Hantieren mit links.<\/a><\/span><\/p>\n<p><span style=\"font-family: Arial,Helvetica\">Die farbenfrohe, strapazierf\u00e4hige, abwaschbare und rutschfeste <strong>Schreibtisch-Auflage<\/strong> f\u00fcr den Arbeitsplatz ist bereits f\u00fcr kleine Linksh\u00e4nder in der Kindergartenzeit eine gro\u00dfe Hilfe. Die Schreibtisch-Auflage passt auf jeden Schultisch und geh\u00f6rt auch ins Kinderzimmer des linksh\u00e4ndigen Kindes.<\/span><\/p>\n<p><span style=\"font-family: Arial,Helvetica\">Auch f\u00fcr die R\u00fcckschulung von umgeschulten Linksh\u00e4ndern und f\u00fcr Hand-Patienten, die mit links schreiben lernen m\u00fcssen, k\u00f6nnen hier grundlegende Hilfestellungen gefunden werden.<\/span><\/p>\n<p><span style=\"font-family: Arial,Helvetica\">Schreibtisch-Auflage f\u00fcr Linksh\u00e4nder in hochwertigem, rutschfestem Kunststoff sind erh\u00e4ltlich in den Farben Pop-Rot (3-403-04322-5), Cobalt-Blau (3-403-04091-0), Pinie-Gr\u00fcn mit schwarzer Zeichnung (3-403-04323-2) und in der Farbe Pink mit blauer Zeichnung (3-403-04723-0). <\/span><\/p>\n<p><span style=\"font-family: Arial,Helvetica\">Breite 53 cm, H\u00f6he 42 cm, Auer Verlag, Augsburg<\/span><\/p>\n<p><span style=\"font-family: Arial,Helvetica\"><a href=\"https:\/\/www.auer-verlag.de\/catalogsearch\/result\/?cat=0&amp;q=Linksh%C3%A4nder\">Auer Verlag<\/a>, Augsburg, seit 2004<\/span><span style=\"font-family: Arial,Helvetica\">\u00a0<\/span><\/td>\n<\/tr>\n<\/tbody>\n<\/table>\n<p><span style=\"font-family: Arial,Helvetica\">Seit 2011 gibt es folgende Weiterentwicklung der Schreibtisch-Auflagen:<\/span><\/p>\n<table>\n<tbody>\n<tr>\n<td style=\"width: 233px\"><span style=\"font-family: Arial,Helvetica\"><img loading=\"lazy\" decoding=\"async\" class=\"alignleft wp-image-3626\" src=\"https:\/\/lefthander-consulting.org\/deutsch\/wp-content\/uploads\/2019\/02\/PVC_Schreibtischauflage_Li-28.07.11-1-300x226.jpg\" alt=\"\" width=\"214\" height=\"162\" srcset=\"https:\/\/lefthander-consulting.org\/deutsch\/wp-content\/uploads\/2019\/02\/PVC_Schreibtischauflage_Li-28.07.11-1-300x226.jpg 300w, https:\/\/lefthander-consulting.org\/deutsch\/wp-content\/uploads\/2019\/02\/PVC_Schreibtischauflage_Li-28.07.11-1-768x578.jpg 768w, https:\/\/lefthander-consulting.org\/deutsch\/wp-content\/uploads\/2019\/02\/PVC_Schreibtischauflage_Li-28.07.11-1-1024x771.jpg 1024w, https:\/\/lefthander-consulting.org\/deutsch\/wp-content\/uploads\/2019\/02\/PVC_Schreibtischauflage_Li-28.07.11-1.jpg 1125w\" sizes=\"auto, (max-width: 214px) 100vw, 214px\" \/><\/span><\/td>\n<td style=\"width: 233px\"><img loading=\"lazy\" decoding=\"async\" class=\"alignleft wp-image-3621 size-medium\" src=\"https:\/\/lefthander-consulting.org\/deutsch\/wp-content\/uploads\/2019\/02\/Papier_Schreibtischauflage_links_innen-28.7.11-300x214.jpg\" alt=\"\" width=\"300\" height=\"214\" srcset=\"https:\/\/lefthander-consulting.org\/deutsch\/wp-content\/uploads\/2019\/02\/Papier_Schreibtischauflage_links_innen-28.7.11-300x214.jpg 300w, https:\/\/lefthander-consulting.org\/deutsch\/wp-content\/uploads\/2019\/02\/Papier_Schreibtischauflage_links_innen-28.7.11-768x548.jpg 768w, https:\/\/lefthander-consulting.org\/deutsch\/wp-content\/uploads\/2019\/02\/Papier_Schreibtischauflage_links_innen-28.7.11-1024x731.jpg 1024w\" sizes=\"auto, (max-width: 300px) 100vw, 300px\" \/><\/td>\n<td style=\"width: 233px\"><img loading=\"lazy\" decoding=\"async\" class=\"alignleft size-medium wp-image-3624\" src=\"https:\/\/lefthander-consulting.org\/deutsch\/wp-content\/uploads\/2019\/02\/PVC_Schreibtischauflage_Re-28.07.11-300x220.jpg\" alt=\"\" width=\"300\" height=\"220\" srcset=\"https:\/\/lefthander-consulting.org\/deutsch\/wp-content\/uploads\/2019\/02\/PVC_Schreibtischauflage_Re-28.07.11-300x220.jpg 300w, https:\/\/lefthander-consulting.org\/deutsch\/wp-content\/uploads\/2019\/02\/PVC_Schreibtischauflage_Re-28.07.11-768x564.jpg 768w, https:\/\/lefthander-consulting.org\/deutsch\/wp-content\/uploads\/2019\/02\/PVC_Schreibtischauflage_Re-28.07.11-1024x753.jpg 1024w, https:\/\/lefthander-consulting.org\/deutsch\/wp-content\/uploads\/2019\/02\/PVC_Schreibtischauflage_Re-28.07.11.jpg 1713w\" sizes=\"auto, (max-width: 300px) 100vw, 300px\" \/><\/td>\n<td style=\"width: 233px\"><span style=\"font-family: Arial,Helvetica\"> <img loading=\"lazy\" decoding=\"async\" class=\"alignleft wp-image-3622 size-medium\" src=\"https:\/\/lefthander-consulting.org\/deutsch\/wp-content\/uploads\/2019\/02\/Papier_Schreibtischauflage_rechts_innen-1-28.7.11-300x215.jpg\" alt=\"\" width=\"300\" height=\"215\" srcset=\"https:\/\/lefthander-consulting.org\/deutsch\/wp-content\/uploads\/2019\/02\/Papier_Schreibtischauflage_rechts_innen-1-28.7.11-300x215.jpg 300w, https:\/\/lefthander-consulting.org\/deutsch\/wp-content\/uploads\/2019\/02\/Papier_Schreibtischauflage_rechts_innen-1-28.7.11-768x551.jpg 768w, https:\/\/lefthander-consulting.org\/deutsch\/wp-content\/uploads\/2019\/02\/Papier_Schreibtischauflage_rechts_innen-1-28.7.11-1024x734.jpg 1024w\" sizes=\"auto, (max-width: 300px) 100vw, 300px\" \/><\/span><\/td>\n<\/tr>\n<tr>\n<td style=\"width: 233px\"><span style=\"font-family: Arial,Helvetica\">DESK-PAD LEFTY<sup>\u00ae <\/sup>Schreibtisch-Auflage f\u00fcr <strong>Linksh\u00e4nder<\/strong>, in strapazierf\u00e4higem, rutschfesten Kunststoff<\/span><\/td>\n<td style=\"width: 233px\"><span style=\"font-family: Arial,Helvetica\">DESK-PAD LEFTY<sup>\u00ae Paper <\/sup>Schreibunterlagen-Block f\u00fcr <strong>Linksh\u00e4nder<\/strong>, DIN A3<\/span><\/p>\n<p><span style=\"font-family: Arial,Helvetica\">\u00a0<\/span><\/td>\n<td style=\"width: 233px\"><span style=\"font-family: Arial,Helvetica\">DESK-PAD RIGHTY<sup>\u00ae <\/sup>Schreibtisch-Auflage f\u00fcr <strong>Rechtsh\u00e4nder,<\/strong> in strapazierf\u00e4higem, rutschfesten Kunststoff <\/span><\/td>\n<td style=\"width: 233px\"><span style=\"font-family: Arial,Helvetica\">DESK-PAD RIGHTY<sup>\u00ae Paper<\/sup> Schreibunterlagen-Block f\u00fcr <strong>Rechtsh\u00e4nder<\/strong>, DIN A3<\/span><\/p>\n<p><span style=\"font-family: Arial,Helvetica\">\u00a0<\/span><\/td>\n<\/tr>\n<\/tbody>\n<\/table>\n<p><span style=\"font-family: Arial,Helvetica\">\u00a0<\/span><span style=\"font-family: Arial,Helvetica\">\u00a9 Copyright: Erste deutsche Beratungs- und Informationsstelle f\u00fcr Linksh\u00e4nder und umgeschulte Linksh\u00e4nder, Sendlinger Str. 17, 80331 M\u00fcnchen, Tel. \/ Fax: +49 \/ 89 \/ 26 86 14 <\/span><br \/>\n<span style=\"font-family: Arial,Helvetica\"><a href=\"https:\/\/lefthander-consulting.org\">https:\/\/lefthander-consulting.org<\/a>, e-mail: info@lefthander-consulting.org<\/span><\/p>\n","protected":false},"excerpt":{"rendered":"<p>Die urspr\u00fcngliche Schreibtisch-Auflage f\u00fcr Linksh\u00e4nder als Schreibunterlagen-Block und als abwaschbare Schreibtisch-Auflage \u00a0 Johanna Barbara Sattler &nbsp; \u00a0 \u00a0 Linksh\u00e4ndige Kinder haben oft Schwierigkeiten, rechtzeitig eine g\u00fcnstige Blattlage zum Schreiben mit der linken Hand zu erlernen und neigen dazu, in die so genannte Hakenhaltung &#8222;von oben&#8220; auszuweichen. Die in den 90iger Jahren entwickelte Schreibtisch-Auflage f\u00fcr linksh\u00e4ndige Kinder ist f\u00fcr den Arbeitstisch gedacht. Durch die aufgedruckte Zeichnung wird eine Heftlage und Handhaltung vorgegeben, die dem Kind zu einer lockeren und unverkrampften Schreibhaltung rechtzeitig verhilft und so sp\u00e4teres Leid in der Schule, insbesondere beim Schreiben mit dem F\u00fcller und der verwischenden Tinte, verhindert.Diese Schreibtisch-Auflage ist als Schreibunterlagen-Block (DIN A2-Format, an der Unterkante geleimt) erh\u00e4ltlich. Auf den leicht get\u00f6nten Bl\u00e4ttern ist eine ergonomisch gute Blattlage aufgedruckt und die Handhaltung beim Schreiben und Festhalten des Blattes werden dokumentiert. Auer Verlag, Donauw\u00f6rth, 1996, 13. mehrfach \u00fcberarbeitete und aktualisierte Auflage 2019, ISBN 3-403-02926-3, 20 Bl\u00e4tter \u00a0 Diese Schreibtisch-Auflage wurde aus den &#8230; <a title=\"Schreibunterlagen-Block\" class=\"read-more\" href=\"https:\/\/lefthander-consulting.org\/deutsch\/information\/literatur\/schreibunterlagen-block\/\" aria-label=\"Mehr Informationen \u00fcber Schreibunterlagen-Block\">Read more<\/a><\/p>\n","protected":false},"author":4,"featured_media":0,"parent":41,"menu_order":6,"comment_status":"closed","ping_status":"closed","template":"","meta":{"_cbd_carousel_blocks":"[]","footnotes":""},"class_list":["post-4445","page","type-page","status-publish"],"_links":{"self":[{"href":"https:\/\/lefthander-consulting.org\/deutsch\/wp-json\/wp\/v2\/pages\/4445","targetHints":{"allow":["GET"]}}],"collection":[{"href":"https:\/\/lefthander-consulting.org\/deutsch\/wp-json\/wp\/v2\/pages"}],"about":[{"href":"https:\/\/lefthander-consulting.org\/deutsch\/wp-json\/wp\/v2\/types\/page"}],"author":[{"embeddable":true,"href":"https:\/\/lefthander-consulting.org\/deutsch\/wp-json\/wp\/v2\/users\/4"}],"replies":[{"embeddable":true,"href":"https:\/\/lefthander-consulting.org\/deutsch\/wp-json\/wp\/v2\/comments?post=4445"}],"version-history":[{"count":2,"href":"https:\/\/lefthander-consulting.org\/deutsch\/wp-json\/wp\/v2\/pages\/4445\/revisions"}],"predecessor-version":[{"id":10174,"href":"https:\/\/lefthander-consulting.org\/deutsch\/wp-json\/wp\/v2\/pages\/4445\/revisions\/10174"}],"up":[{"embeddable":true,"href":"https:\/\/lefthander-consulting.org\/deutsch\/wp-json\/wp\/v2\/pages\/41"}],"wp:attachment":[{"href":"https:\/\/lefthander-consulting.org\/deutsch\/wp-json\/wp\/v2\/media?parent=4445"}],"curies":[{"name":"wp","href":"https:\/\/api.w.org\/{rel}","templated":true}]}}