{"id":43,"date":"2018-06-07T15:04:21","date_gmt":"2018-06-07T13:04:21","guid":{"rendered":"https:\/\/lefthander-consulting.org\/?page_id=43"},"modified":"2025-08-15T14:34:43","modified_gmt":"2025-08-15T12:34:43","slug":"oeffentlichkeitsarbeit-und-medien","status":"publish","type":"page","link":"https:\/\/lefthander-consulting.org\/deutsch\/netzwerk\/oeffentlichkeitsarbeit-und-medien\/","title":{"rendered":"\u00d6ffentlichkeitsarbeit"},"content":{"rendered":"<p><span style=\"font-family: arial, helvetica, sans-serif;font-size: 12pt\"><b>Zur Berichterstattung in den Medien<\/b><\/span><\/p>\n<p><span style=\"font-family: Arial,Helvetica\">Bei der \u00dcberwindung der Vorurteile gegen\u00fcber Linksh\u00e4ndigkeit spielen die Medien eine sehr wichtige Rolle: Die Informationen m\u00fcssen inhaltlich richtig und korrekt sein, aufkl\u00e4ren, aber auch verantwortungsvoll die Tatsache behandeln, dass wir es bei der H\u00e4ndigkeit mit dem Ausdruck der motorischen Dominanz der, der jeweiligen Hand gegen\u00fcberliegenden Gehirnh\u00e4lfte zu tun haben. Jede Beeinflussung der H\u00e4ndigkeit ist also auch ein Eingriff in das Gehirn.<\/span><\/p>\n<p><span style=\"font-family: Arial,Helvetica\">Diese, manchmal auch humoristisch verpackte Aufkl\u00e4rungsarbeit wurde von vielen Journalisten geleistet. In einer\u00a0<a href=\"\/\/lefthander-consulting.org\/deutsch\/netzwerk\/oeffentlichkeitsarbeit-und-medien\/dokumentation-und-berichtserstattung-ueber-taetigkeiten-der-beratungsstelle-fuer-linkshaender\/\">Dokumentation<\/a>\u00a0der Berichterstattung zu unserer Arbeit sind die uns bekannt gewordenen Medienver\u00f6ffentlichungen aufgelistet. Abgedruckt findet man auch Interviews und Teile aus Talkshows (z.B. &#8222;Samstagsclub&#8220; mit der Karikaturistin Franziska Bielek, S. 277-280; &#8222;Sag die Wahrheit&#8220; mit G\u00fcnther Jauch, Heiner Lautenbach u.a., S. 359-367; zur Linksh\u00e4ndigkeit bei Ilona Christen, S. 412-416) sowie verschiedene Artikel in dem Buch\u00a0<a href=\"https:\/\/lefthander-consulting.org\/deutsch\/information\/literatur\/links-und-rechts-in-der-wahrnehmung-des-menschen\/\">Links und Rechts in der Wahrnehmung des Menschen. Zur Geschichte der Linksh\u00e4ndigkeit<\/a>.<\/span><\/p>\n<p>&nbsp;<\/p>\n<p><span style=\"font-family: Arial,Helvetica\">\u00a9 Copyright: Erste deutsche Beratungs- und Informationsstelle f\u00fcr Linksh\u00e4nder und umgeschulte Linksh\u00e4nder, Sendlinger Str. 17, 80331 M\u00fcnchen, Tel. \/ Fax: +49 \/ 89 \/ 26 86 14, <a href=\"https:\/\/lefthander-consulting.org\">https:\/\/lefthander-consulting.org<\/a>, e-mail: info@lefthander-consulting.org<\/span><\/p>\n<p>&nbsp;<\/p>\n","protected":false},"excerpt":{"rendered":"<p>Zur Berichterstattung in den Medien Bei der \u00dcberwindung der Vorurteile gegen\u00fcber Linksh\u00e4ndigkeit spielen die Medien eine sehr wichtige Rolle: Die Informationen m\u00fcssen inhaltlich richtig und korrekt sein, aufkl\u00e4ren, aber auch verantwortungsvoll die Tatsache behandeln, dass wir es bei der H\u00e4ndigkeit mit dem Ausdruck der motorischen Dominanz der, der jeweiligen Hand gegen\u00fcberliegenden Gehirnh\u00e4lfte zu tun haben. Jede Beeinflussung der H\u00e4ndigkeit ist also auch ein Eingriff in das Gehirn. Diese, manchmal auch humoristisch verpackte Aufkl\u00e4rungsarbeit wurde von vielen Journalisten geleistet. In einer\u00a0Dokumentation\u00a0der Berichterstattung zu unserer Arbeit sind die uns bekannt gewordenen Medienver\u00f6ffentlichungen aufgelistet. Abgedruckt findet man auch Interviews und Teile aus Talkshows (z.B. &#8222;Samstagsclub&#8220; mit der Karikaturistin Franziska Bielek, S. 277-280; &#8222;Sag die Wahrheit&#8220; mit G\u00fcnther Jauch, Heiner Lautenbach u.a., S. 359-367; zur Linksh\u00e4ndigkeit bei Ilona Christen, S. 412-416) sowie verschiedene Artikel in dem Buch\u00a0Links und Rechts in der Wahrnehmung des Menschen. Zur Geschichte der Linksh\u00e4ndigkeit. &nbsp; \u00a9 Copyright: Erste deutsche Beratungs- und Informationsstelle f\u00fcr Linksh\u00e4nder &#8230; <a title=\"\u00d6ffentlichkeitsarbeit\" class=\"read-more\" href=\"https:\/\/lefthander-consulting.org\/deutsch\/netzwerk\/oeffentlichkeitsarbeit-und-medien\/\" aria-label=\"Mehr Informationen \u00fcber \u00d6ffentlichkeitsarbeit\">Read more<\/a><\/p>\n","protected":false},"author":1,"featured_media":0,"parent":814,"menu_order":46,"comment_status":"closed","ping_status":"closed","template":"","meta":{"_cbd_carousel_blocks":"[]","footnotes":""},"class_list":["post-43","page","type-page","status-publish"],"_links":{"self":[{"href":"https:\/\/lefthander-consulting.org\/deutsch\/wp-json\/wp\/v2\/pages\/43","targetHints":{"allow":["GET"]}}],"collection":[{"href":"https:\/\/lefthander-consulting.org\/deutsch\/wp-json\/wp\/v2\/pages"}],"about":[{"href":"https:\/\/lefthander-consulting.org\/deutsch\/wp-json\/wp\/v2\/types\/page"}],"author":[{"embeddable":true,"href":"https:\/\/lefthander-consulting.org\/deutsch\/wp-json\/wp\/v2\/users\/1"}],"replies":[{"embeddable":true,"href":"https:\/\/lefthander-consulting.org\/deutsch\/wp-json\/wp\/v2\/comments?post=43"}],"version-history":[{"count":10,"href":"https:\/\/lefthander-consulting.org\/deutsch\/wp-json\/wp\/v2\/pages\/43\/revisions"}],"predecessor-version":[{"id":5730,"href":"https:\/\/lefthander-consulting.org\/deutsch\/wp-json\/wp\/v2\/pages\/43\/revisions\/5730"}],"up":[{"embeddable":true,"href":"https:\/\/lefthander-consulting.org\/deutsch\/wp-json\/wp\/v2\/pages\/814"}],"wp:attachment":[{"href":"https:\/\/lefthander-consulting.org\/deutsch\/wp-json\/wp\/v2\/media?parent=43"}],"curies":[{"name":"wp","href":"https:\/\/api.w.org\/{rel}","templated":true}]}}