{"id":4275,"date":"2019-02-27T16:36:04","date_gmt":"2019-02-27T15:36:04","guid":{"rendered":"https:\/\/lefthander-consulting.org\/?page_id=4275"},"modified":"2019-02-27T16:37:28","modified_gmt":"2019-02-27T15:37:28","slug":"impressum","status":"publish","type":"page","link":"https:\/\/lefthander-consulting.org\/deutsch\/impressum\/","title":{"rendered":"Impressum"},"content":{"rendered":"<p>Erste deutsche Beratungs- und Informationsstelle f\u00fcr Linksh\u00e4nder und umgeschulte Linksh\u00e4nder e.V.<br \/>Vereinsvorstand: Dr. Johanna Barbara Sattler<br \/>Sendlinger Str. 17<br \/>80331 M\u00fcnchen<br \/>Deutschland<br \/>Email: <a href=\"mailto:info@linkshaender-beratung.de\">info@linkshaender-beratung.de<\/a><br \/>Telefon: 089 268 614<br \/>Firmenbuch Nr.: VR 17869 Registergericht M\u00fcnchen<br \/>Gerichtsstand: M\u00fcnchen<\/p>\n<p>Verantwortlich f\u00fcr den Inhalt: Dr. Johanna Barbara Sattler und Kuratorium des Vereins<\/p>\n\n","protected":false},"excerpt":{"rendered":"","protected":false},"author":1,"featured_media":0,"parent":0,"menu_order":18,"comment_status":"closed","ping_status":"closed","template":"","meta":{"_cbd_carousel_blocks":"[]","footnotes":""},"class_list":["post-4275","page","type-page","status-publish"],"_links":{"self":[{"href":"https:\/\/lefthander-consulting.org\/deutsch\/wp-json\/wp\/v2\/pages\/4275","targetHints":{"allow":["GET"]}}],"collection":[{"href":"https:\/\/lefthander-consulting.org\/deutsch\/wp-json\/wp\/v2\/pages"}],"about":[{"href":"https:\/\/lefthander-consulting.org\/deutsch\/wp-json\/wp\/v2\/types\/page"}],"author":[{"embeddable":true,"href":"https:\/\/lefthander-consulting.org\/deutsch\/wp-json\/wp\/v2\/users\/1"}],"replies":[{"embeddable":true,"href":"https:\/\/lefthander-consulting.org\/deutsch\/wp-json\/wp\/v2\/comments?post=4275"}],"version-history":[{"count":4,"href":"https:\/\/lefthander-consulting.org\/deutsch\/wp-json\/wp\/v2\/pages\/4275\/revisions"}],"predecessor-version":[{"id":4281,"href":"https:\/\/lefthander-consulting.org\/deutsch\/wp-json\/wp\/v2\/pages\/4275\/revisions\/4281"}],"wp:attachment":[{"href":"https:\/\/lefthander-consulting.org\/deutsch\/wp-json\/wp\/v2\/media?parent=4275"}],"curies":[{"name":"wp","href":"https:\/\/api.w.org\/{rel}","templated":true}]}}