{"id":3750,"date":"2019-02-08T11:25:28","date_gmt":"2019-02-08T10:25:28","guid":{"rendered":"https:\/\/lefthander-consulting.org\/information\/literatur\/links-und-rechts-in-der-wahrnehmung-des-menschen\/vorwort-zum-buch-links-und-rechts-in-der-wahrnehmung-des-menschen\/"},"modified":"2019-03-04T09:49:22","modified_gmt":"2019-03-04T08:49:22","slug":"vorwort-zum-buch-links-und-rechts-in-der-wahrnehmung-des-menschen","status":"publish","type":"page","link":"https:\/\/lefthander-consulting.org\/deutsch\/information\/literatur\/links-und-rechts-in-der-wahrnehmung-des-menschen\/vorwort-zum-buch-links-und-rechts-in-der-wahrnehmung-des-menschen\/","title":{"rendered":"Vorwort zum Buch: Links und Rechts in der Wahrnehmung des Menschen"},"content":{"rendered":"<p><span style=\"font-size: 22pt\">Professor Dr. Kurt M\u00fcller<\/span><\/p>\n<p><span style=\"font-family: Arial,Helvetica\">Allt\u00e4glich stellen sich uns Fragen, die wir l\u00e4ngst von der Wissenschaft beantwortet w\u00e4hnten. Viele sind allerdings trivial, andere hingegen sollten uns nachdenklich machen. Weshalb z.B. erscheinen Sonne und Mond am Horizont gr\u00f6\u00dfer als im Zenit, und warum \u00fcbersch\u00e4tzen wir vertikale Gebilde, also z.B. T\u00fcrme in ihrer Ausdehnung gegen\u00fcber horizontalen Erstreckungen. Die Wahrnehmungsforschung erkennt in diesen T\u00e4uschungen, dass unser visueller Wahrnehmungsraum &#8222;anisotrop&#8220; ist, d.h. dass die verschiedenen Dimensionen des Sehfeldes verschiedene Metrik besitzen. <\/span><\/p>\n<p><span style=\"font-family: Arial,Helvetica\">Aber was hat diese Unausgewogenheit in unserer Wahrnehmungswelt mit der Ungleichheit z.B. in der Feinmotorik unserer H\u00e4nde zu tun? Nun, Wahrnehmung und Motorik der H\u00e4nde gr\u00fcnden sich beide auf Vorg\u00e4nge im Gehirn, und dieses ist, wie auch unser ganzer K\u00f6rper, alles andere als ausgewogen, symmetrisch oder harmonisch, weder anatomisch noch funktional. Ungleichheit, gest\u00f6rte Symmetrie, anatomische und funktionale Bevorzugungen oder Benachteiligungen scheinen nun einmal Lebensvorg\u00e4nge zu kennzeichnen. Die Natur ist in ihrem Streben nach Vollkommenheit besonders bei ihren kompliziertesten Gesch\u00f6pfen nicht immer an ihr Ziel gelangt. <\/span><\/p>\n<p><span style=\"font-family: Arial,Helvetica\">Ungleiche Seitigkeit ist in der Natur &#8222;angelegt&#8220;. Das gilt es zu bedenken, denn jedes &#8222;Angelegte&#8220; leistet Widerstand gegen jeden Versuch, es zu beseitigen oder zu ver\u00e4ndern, und Reaktionen sind umso heftiger und nachhaltiger, je mehr Gewalt bei diesem Versuch im Spiel ist. <\/span><\/p>\n<p><span style=\"font-family: Arial,Helvetica\">Das ist der Grundgedanke, der dieses Buch beherrscht und der die p\u00e4dagogischen Anliegen und Ziele der Autorin bestimmt. <\/span><\/p>\n<p><span style=\"font-family: Arial,Helvetica\">Bemerkenswert ist, dass Frau Dr. Sattler auf h\u00f6chst interessantem &#8222;Umweg&#8220; zu ihrem eigentlichen Ziel gelangt ist. Die approbierte Psychotherapeutin und Kunstwissenschaftlerin befasste sich mit r\u00e4umlichen Ordnungsstrukturen, Ausrichtungen, Seitigkeiten, Unausgewogenheiten in Gem\u00e4lden, Plastiken und Bauwerken. Ihre Analysen, besonders des Problems der Seitenverkehrung bei Grafiken und der Seitengewichtung romanischer Tympana burgundischer Kathedralen hatten mich als Wahrnehmumgspsychologen sehr beeindruckt. Es ist schon immer kein Nachteil gewesen, wenn man sich rein praktischen Themen aus ungewohnter theoretischer Richtung n\u00e4hert. <\/span><\/p>\n<p><span style=\"font-family: Arial,Helvetica\">\u00c4sthetischen und p\u00e4dagogischen Problemen ist gemein, dass sie von Werturteilen (sch\u00f6n, h\u00e4sslich, geschickt, linkisch, usw.) bestimmt sind. Niemand nimmt daran Ansto\u00df, dass das Herz links schl\u00e4gt, die Leber sich auf der rechten Seite des K\u00f6rpers befindet; aber bei der H\u00e4ndigkeit eines Kindes endet oft die Akzeptanz und links gilt als falsch, rechts als richtig. Neutrale, wertfreie Lage- und Richtungsbezeichnungen werden pl\u00f6tzlich zu positiven oder negativen Eigenschaften. Aber diese Wertakzentuierung bleibt nicht auf die H\u00e4ndigkeit eines Menschen beschr\u00e4nkt. Links-Rechts gewinnt symbolische, mythologische, religi\u00f6se Bedeutung, charakterisiert politische Einstellungen und auch Pers\u00f6nlichkeitseigenschaften. <\/span><\/p>\n<p><span style=\"font-family: Arial,Helvetica\">Wir haben also ein weites und vielschichtiges Problem vor uns. Wer sich mit ihm als Forscher und Erzieher befasst, muss Kenntnisse und F\u00e4higkeiten besitzen, die zusammengenommen nur selten bei einer Person anzutreffen sind. Frau Dr. Sattler verf\u00fcgt \u00fcber Sachkenntnis und p\u00e4dagogische Erfahrung gleicherma\u00dfen, und da diese durch eine gute schriftstellerische Begabung erg\u00e4nzt werden, darf der Leser dieses Buches mit Recht erwarten, dass ihm nicht nur sachliche Belehrung, sondern auch ein wirkliches Lesevergn\u00fcgen bevorstehen.<\/span><\/p>\n<p>&nbsp;<\/p>\n<p><span style=\"font-family: Arial,Helvetica\">Professor Dr. Kurt M\u00fcller<\/span><\/p>\n<p><span style=\"font-family: Arial,Helvetica\">Professor (em.) der Psychologie und Philosophie der Ludwig-Maximilians-Universit\u00e4t M\u00fcnchen<\/span><\/p>\n<p><span style=\"font-family: Arial,Helvetica\">\u00a9 Copyright: Prof. Dr. Kurt M\u00fcller <\/span><\/p>\n<p>&nbsp;<\/p>\n","protected":false},"excerpt":{"rendered":"<p>Professor Dr. Kurt M\u00fcller Allt\u00e4glich stellen sich uns Fragen, die wir l\u00e4ngst von der Wissenschaft beantwortet w\u00e4hnten. Viele sind allerdings trivial, andere hingegen sollten uns nachdenklich machen. Weshalb z.B. erscheinen Sonne und Mond am Horizont gr\u00f6\u00dfer als im Zenit, und warum \u00fcbersch\u00e4tzen wir vertikale Gebilde, also z.B. T\u00fcrme in ihrer Ausdehnung gegen\u00fcber horizontalen Erstreckungen. Die Wahrnehmungsforschung erkennt in diesen T\u00e4uschungen, dass unser visueller Wahrnehmungsraum &#8222;anisotrop&#8220; ist, d.h. dass die verschiedenen Dimensionen des Sehfeldes verschiedene Metrik besitzen. Aber was hat diese Unausgewogenheit in unserer Wahrnehmungswelt mit der Ungleichheit z.B. in der Feinmotorik unserer H\u00e4nde zu tun? Nun, Wahrnehmung und Motorik der H\u00e4nde gr\u00fcnden sich beide auf Vorg\u00e4nge im Gehirn, und dieses ist, wie auch unser ganzer K\u00f6rper, alles andere als ausgewogen, symmetrisch oder harmonisch, weder anatomisch noch funktional. Ungleichheit, gest\u00f6rte Symmetrie, anatomische und funktionale Bevorzugungen oder Benachteiligungen scheinen nun einmal Lebensvorg\u00e4nge zu kennzeichnen. Die Natur ist in ihrem Streben nach Vollkommenheit besonders bei ihren kompliziertesten &#8230; <a title=\"Vorwort zum Buch: Links und Rechts in der Wahrnehmung des Menschen\" class=\"read-more\" href=\"https:\/\/lefthander-consulting.org\/deutsch\/information\/literatur\/links-und-rechts-in-der-wahrnehmung-des-menschen\/vorwort-zum-buch-links-und-rechts-in-der-wahrnehmung-des-menschen\/\" aria-label=\"Mehr Informationen \u00fcber Vorwort zum Buch: Links und Rechts in der Wahrnehmung des Menschen\">Read more<\/a><\/p>\n","protected":false},"author":4,"featured_media":0,"parent":3742,"menu_order":0,"comment_status":"closed","ping_status":"closed","template":"","meta":{"_cbd_carousel_blocks":"[]","footnotes":""},"class_list":["post-3750","page","type-page","status-publish"],"_links":{"self":[{"href":"https:\/\/lefthander-consulting.org\/deutsch\/wp-json\/wp\/v2\/pages\/3750","targetHints":{"allow":["GET"]}}],"collection":[{"href":"https:\/\/lefthander-consulting.org\/deutsch\/wp-json\/wp\/v2\/pages"}],"about":[{"href":"https:\/\/lefthander-consulting.org\/deutsch\/wp-json\/wp\/v2\/types\/page"}],"author":[{"embeddable":true,"href":"https:\/\/lefthander-consulting.org\/deutsch\/wp-json\/wp\/v2\/users\/4"}],"replies":[{"embeddable":true,"href":"https:\/\/lefthander-consulting.org\/deutsch\/wp-json\/wp\/v2\/comments?post=3750"}],"version-history":[{"count":8,"href":"https:\/\/lefthander-consulting.org\/deutsch\/wp-json\/wp\/v2\/pages\/3750\/revisions"}],"predecessor-version":[{"id":4318,"href":"https:\/\/lefthander-consulting.org\/deutsch\/wp-json\/wp\/v2\/pages\/3750\/revisions\/4318"}],"up":[{"embeddable":true,"href":"https:\/\/lefthander-consulting.org\/deutsch\/wp-json\/wp\/v2\/pages\/3742"}],"wp:attachment":[{"href":"https:\/\/lefthander-consulting.org\/deutsch\/wp-json\/wp\/v2\/media?parent=3750"}],"curies":[{"name":"wp","href":"https:\/\/api.w.org\/{rel}","templated":true}]}}