{"id":33,"date":"2018-06-07T15:01:29","date_gmt":"2018-06-07T13:01:29","guid":{"rendered":"https:\/\/lefthander-consulting.org\/?page_id=33"},"modified":"2025-08-15T14:34:43","modified_gmt":"2025-08-15T12:34:43","slug":"ziele","status":"publish","type":"page","link":"https:\/\/lefthander-consulting.org\/deutsch\/ueber-uns\/ziele\/","title":{"rendered":"Ziele"},"content":{"rendered":"<p><b>Ziele der Beratungs- und Informationsstelle<\/b><\/p>\n<p>Aufkl\u00e4rung \u00fcber Linksh\u00e4ndigkeit und <a href=\"https:\/\/lefthander-consulting.org\/deutsch\/netzwerk\/infomaterial\/umschulung-der-haendigkeit\/\">Folgen der Umschulung der H\u00e4ndigkeit<\/a><\/p>\n<ul>\n<li>Verhinderung von Umschulung der H\u00e4ndigkeit<\/li>\n<li>Hilfestellungen an Eltern und auch an Angeh\u00f6rige von Fachberufen im Umgang mit linksh\u00e4ndigen Kindern und Erwachsenen.<\/li>\n<li>Hilfestellungen f\u00fcr umgeschulte Linksh\u00e4nder<\/li>\n<li>Hilfestellungen bei der\u00a0<a href=\"https:\/\/lefthander-consulting.org\/deutsch\/beratung\/rueckschulung\/\">R\u00fcckschulung<\/a>\u00a0der H\u00e4ndigkeit und deren wissenschaftlichen Absicherung sowie Sammeln der Erkenntnisse<\/li>\n<li>Arbeitsplatzgestaltung und Ger\u00e4tschaften f\u00fcr Linksh\u00e4nder<\/li>\n<\/ul>\n<p><b>Untersuchungsheft f\u00fcr Kinder<\/b><\/p>\n<p>Neben allgemeiner Aufkl\u00e4rungsarbeit und Pr\u00e4vention ist es dringend notwendig, dass die Frage nach dem bevorzugten Handgebrauch in dem &#8222;Medizinischen Untersuchungsheft f\u00fcr Kinder&#8220;, das in Deutschland jede Mutter nach der Geburt ihres Kindes bekommt, aufgenommen wird. So w\u00fcrden Eltern fr\u00fchzeitig auf die Gefahren der Umschulung eines linksh\u00e4ndigen Kindes hingewiesen (erstmals im Alter des Kindes von etwa 1,5 Jahren und nochmal mit ca. 4,5 Jahren). Ein Infoblatt f\u00fcr die Eltern (ist in Bearbeitung) k\u00f6nnte dem Arzt helfen, effiziente Vorsorge zu betreiben und n\u00fctzliche Hinweise rechtzeitig weiterzuvermitteln.<\/p>\n<p>Artikel:\u00a0<a href=\"https:\/\/lefthander-consulting.org\/deutsch\/information\/literatur\/linkshaender-in-der-arztpraxis\/\">Linksh\u00e4nder in der Arztpraxis<\/a>, Bayer. \u00c4rzteblatt<\/p>\n","protected":false},"excerpt":{"rendered":"<p>Ziele der Beratungs- und Informationsstelle Aufkl\u00e4rung \u00fcber Linksh\u00e4ndigkeit und Folgen der Umschulung der H\u00e4ndigkeit Verhinderung von Umschulung der H\u00e4ndigkeit Hilfestellungen an Eltern und auch an Angeh\u00f6rige von Fachberufen im Umgang mit linksh\u00e4ndigen Kindern und Erwachsenen. Hilfestellungen f\u00fcr umgeschulte Linksh\u00e4nder Hilfestellungen bei der\u00a0R\u00fcckschulung\u00a0der H\u00e4ndigkeit und deren wissenschaftlichen Absicherung sowie Sammeln der Erkenntnisse Arbeitsplatzgestaltung und Ger\u00e4tschaften f\u00fcr Linksh\u00e4nder Untersuchungsheft f\u00fcr Kinder Neben allgemeiner Aufkl\u00e4rungsarbeit und Pr\u00e4vention ist es dringend notwendig, dass die Frage nach dem bevorzugten Handgebrauch in dem &#8222;Medizinischen Untersuchungsheft f\u00fcr Kinder&#8220;, das in Deutschland jede Mutter nach der Geburt ihres Kindes bekommt, aufgenommen wird. So w\u00fcrden Eltern fr\u00fchzeitig auf die Gefahren der Umschulung eines linksh\u00e4ndigen Kindes hingewiesen (erstmals im Alter des Kindes von etwa 1,5 Jahren und nochmal mit ca. 4,5 Jahren). Ein Infoblatt f\u00fcr die Eltern (ist in Bearbeitung) k\u00f6nnte dem Arzt helfen, effiziente Vorsorge zu betreiben und n\u00fctzliche Hinweise rechtzeitig weiterzuvermitteln. Artikel:\u00a0Linksh\u00e4nder in der Arztpraxis, Bayer. \u00c4rzteblatt<\/p>\n","protected":false},"author":1,"featured_media":0,"parent":319,"menu_order":62,"comment_status":"closed","ping_status":"closed","template":"","meta":{"_cbd_carousel_blocks":"[]","footnotes":""},"class_list":["post-33","page","type-page","status-publish"],"_links":{"self":[{"href":"https:\/\/lefthander-consulting.org\/deutsch\/wp-json\/wp\/v2\/pages\/33","targetHints":{"allow":["GET"]}}],"collection":[{"href":"https:\/\/lefthander-consulting.org\/deutsch\/wp-json\/wp\/v2\/pages"}],"about":[{"href":"https:\/\/lefthander-consulting.org\/deutsch\/wp-json\/wp\/v2\/types\/page"}],"author":[{"embeddable":true,"href":"https:\/\/lefthander-consulting.org\/deutsch\/wp-json\/wp\/v2\/users\/1"}],"replies":[{"embeddable":true,"href":"https:\/\/lefthander-consulting.org\/deutsch\/wp-json\/wp\/v2\/comments?post=33"}],"version-history":[{"count":3,"href":"https:\/\/lefthander-consulting.org\/deutsch\/wp-json\/wp\/v2\/pages\/33\/revisions"}],"predecessor-version":[{"id":4710,"href":"https:\/\/lefthander-consulting.org\/deutsch\/wp-json\/wp\/v2\/pages\/33\/revisions\/4710"}],"up":[{"embeddable":true,"href":"https:\/\/lefthander-consulting.org\/deutsch\/wp-json\/wp\/v2\/pages\/319"}],"wp:attachment":[{"href":"https:\/\/lefthander-consulting.org\/deutsch\/wp-json\/wp\/v2\/media?parent=33"}],"curies":[{"name":"wp","href":"https:\/\/api.w.org\/{rel}","templated":true}]}}