{"id":2696,"date":"2019-01-26T11:28:49","date_gmt":"2019-01-26T10:28:49","guid":{"rendered":"https:\/\/lefthander-consulting.org\/information\/spielzeug-fuer-linkshaendige-kinder\/auszeichnung-2002-2013\/spielzeugbegruendung-2006\/"},"modified":"2025-08-15T14:34:42","modified_gmt":"2025-08-15T12:34:42","slug":"spielzeugbegruendung-2006","status":"publish","type":"page","link":"https:\/\/lefthander-consulting.org\/deutsch\/information\/kindergartenalter\/spielzeug-fuer-linkshaendige-kinder\/auszeichnung-2002-2013\/spielzeugbegruendung-2006\/","title":{"rendered":"Spielzeugbegr\u00fcndung 2006"},"content":{"rendered":"<p>&nbsp;<\/p>\n<p><strong><img loading=\"lazy\" decoding=\"async\" class=\"alignleft wp-image-2809\" src=\"https:\/\/lefthander-consulting.org\/deutsch\/wp-content\/uploads\/2019\/01\/Logo-Pr\u00e4mierung-Spielzeug-des-Jahres-300x300.jpg\" alt=\"\" width=\"250\" height=\"250\" srcset=\"https:\/\/lefthander-consulting.org\/deutsch\/wp-content\/uploads\/2019\/01\/Logo-Pr\u00e4mierung-Spielzeug-des-Jahres-300x300.jpg 300w, https:\/\/lefthander-consulting.org\/deutsch\/wp-content\/uploads\/2019\/01\/Logo-Pr\u00e4mierung-Spielzeug-des-Jahres-150x150.jpg 150w, https:\/\/lefthander-consulting.org\/deutsch\/wp-content\/uploads\/2019\/01\/Logo-Pr\u00e4mierung-Spielzeug-des-Jahres.jpg 617w\" sizes=\"auto, (max-width: 250px) 100vw, 250px\" \/><\/strong><\/p>\n<p>&nbsp;<\/p>\n<p><span style=\"font-size: 14pt\"><strong>Erste deutsche Beratungs- und Informationsstelle f\u00fcr <\/strong><\/span><br \/>\n<span style=\"font-size: 14pt\"><strong>Linksh\u00e4nder und umgeschulte Linksh\u00e4nder e.V.<\/strong><\/span><br \/>\n<span style=\"font-size: 14pt\">Sendlinger Str. 17<\/span><br \/>\n<span style=\"font-size: 14pt\">80331 M\u00fcnchen<\/span><br \/>\n<span style=\"font-size: 14pt\">Tel.\/Fax 089 \/ 26 86 14<\/span><\/p>\n<p>&nbsp;<\/p>\n<p>&nbsp;<\/p>\n<p style=\"text-align: center\"><span style=\"font-size: 14pt\">Begr\u00fcndung der Auszeichnung<\/span><\/p>\n<p style=\"text-align: center\"><span style=\"font-size: 18pt\"><strong>Spielzeug f\u00fcr linksh\u00e4ndige Kinder des Jahres 2006<\/strong><\/span><\/p>\n<p style=\"text-align: center\"><span style=\"font-size: 12pt\">f\u00fcr die Holzfahrzeuge<\/span><\/p>\n<p style=\"text-align: center\"><span style=\"font-size: 16pt\"><strong>der B\u00fcngern-Technik &#8211;<br \/>\n<\/strong>Werkstatt f\u00fcr behinderte Menschen<\/span><\/p>\n<p>Die Bedienung der meisten Holzfahrzeuge von <strong>fagus<sup>\u00ae <\/sup><\/strong>ist sowohl von der linken als auch von der rechten Seite gut durchzuf\u00fchren. Die Lenkung der Fahrzeuge wird entweder durch eine Technik vollzogen, bei der die Bewegung der ganzen Hand auf dem Dach eine \u00c4nderung der Fahrtrichtung in der Radachse hervorruft oder durch einen mittig auf dem Fahrzeug angebrachten Lenkknauf und ist daher in beiden F\u00e4llen gut zu bewerkstelligen. Auch die Handhabung beim Herauf- und Herunterstellen von dem Ladekasten (Mulde) bei Anh\u00e4ngern und Muldenkippern oder beim Ausfahren des Oberdecks beim Autotransporter ist von beiden Seiten gut zug\u00e4nglich. So k\u00f6nnen links- wie rechtsh\u00e4ndige Kinder entsprechend ihren individuellen Bed\u00fcrfnissen mit diesen Fahrzeugen spielen. Gerade in den letzten Jahren sind viele neue Produkte entstanden, die den H\u00e4ndigkeitskriterien unserer Auszeichnung entsprechen, so dass auch das linksh\u00e4ndige Kind an seiner starken K\u00f6rperseite entsprechende Funktionselemente findet.<\/p>\n<p style=\"text-align: center\"><span style=\"font-size: 14pt\">Deshalb verleihen wir der<strong> B\u00fcngern-Technik <\/strong><strong>&#8211; Werkstatt f\u00fcr behinderte Menschen<br \/>\nf\u00fcr ihre <\/strong><strong>fagus<sup>\u00ae<\/sup><\/strong>-Holzfahrzeuge die Auszeichnung<\/span><\/p>\n<p style=\"text-align: center\"><span style=\"font-size: 14pt\"><strong>Spielzeug f\u00fcr linksh\u00e4ndige Kinder des Jahres 2006<\/strong>.<\/span><\/p>\n<p>Als verdeutlichendes Beispiel w\u00e4hlen wir den Schlepper (Art. Nr. 10.29) und den Muldenkipper (Art. Nr. 10.31) mit einer Gesamtl\u00e4nge von 59 cm aus.<\/p>\n<figure id=\"attachment_2698\" aria-describedby=\"caption-attachment-2698\" style=\"width: 290px\" class=\"wp-caption alignleft\"><img loading=\"lazy\" decoding=\"async\" class=\"size-medium wp-image-2698\" src=\"https:\/\/lefthander-consulting.org\/deutsch\/wp-content\/uploads\/2019\/01\/image017-300x200.jpg\" alt=\"\" width=\"300\" height=\"200\" srcset=\"https:\/\/lefthander-consulting.org\/deutsch\/wp-content\/uploads\/2019\/01\/image017-300x200.jpg 300w, https:\/\/lefthander-consulting.org\/deutsch\/wp-content\/uploads\/2019\/01\/image017-768x512.jpg 768w, https:\/\/lefthander-consulting.org\/deutsch\/wp-content\/uploads\/2019\/01\/image017.jpg 1000w\" sizes=\"auto, (max-width: 300px) 100vw, 300px\" \/><figcaption id=\"caption-attachment-2698\" class=\"wp-caption-text\">Lenkung durch Bewegung der Hand auf dem Dach<\/figcaption><\/figure>\n<figure id=\"attachment_2700\" aria-describedby=\"caption-attachment-2700\" style=\"width: 290px\" class=\"wp-caption alignleft\"><img loading=\"lazy\" decoding=\"async\" class=\"size-medium wp-image-2700\" src=\"https:\/\/lefthander-consulting.org\/deutsch\/wp-content\/uploads\/2019\/01\/Image70-300x200.jpg\" alt=\"\" width=\"300\" height=\"200\" srcset=\"https:\/\/lefthander-consulting.org\/deutsch\/wp-content\/uploads\/2019\/01\/Image70-300x200.jpg 300w, https:\/\/lefthander-consulting.org\/deutsch\/wp-content\/uploads\/2019\/01\/Image70-768x512.jpg 768w, https:\/\/lefthander-consulting.org\/deutsch\/wp-content\/uploads\/2019\/01\/Image70.jpg 1000w\" sizes=\"auto, (max-width: 300px) 100vw, 300px\" \/><figcaption id=\"caption-attachment-2700\" class=\"wp-caption-text\">Die Bedienelemente zum Heben und Senken des Ladekastens (Mulde) sind von beiden Seiten gut zug\u00e4nglich<\/figcaption><\/figure>\n<p>&nbsp;<\/p>\n<p>&nbsp;<\/p>\n<p>&nbsp;<\/p>\n<p>&nbsp;<\/p>\n<p>&nbsp;<\/p>\n<p>&nbsp;<\/p>\n<p>&nbsp;<\/p>\n<p>Auch bei dem Autotransporter (Art. Nr. 10.49) mit einer ausgezogenen L\u00e4nge von 44 cm, werden konsequent die oben genannten Gesichtspunkte ber\u00fccksichtigt.<\/p>\n<p><img loading=\"lazy\" decoding=\"async\" class=\"size-medium wp-image-2699 aligncenter\" src=\"https:\/\/lefthander-consulting.org\/deutsch\/wp-content\/uploads\/2019\/01\/Autotransporter-300x240.jpg\" alt=\"\" width=\"300\" height=\"240\" srcset=\"https:\/\/lefthander-consulting.org\/deutsch\/wp-content\/uploads\/2019\/01\/Autotransporter-300x240.jpg 300w, https:\/\/lefthander-consulting.org\/deutsch\/wp-content\/uploads\/2019\/01\/Autotransporter.jpg 500w\" sizes=\"auto, (max-width: 300px) 100vw, 300px\" \/><\/p>\n<p style=\"text-align: center\">\u00a0\u00a0\u00a0\u00a0\u00a0 Lenkung durch mittig\u00a0\u00a0\u00a0\u00a0\u00a0\u00a0\u00a0\u00a0\u00a0\u00a0\u00a0\u00a0\u00a0\u00a0\u00a0\u00a0\u00a0\u00a0\u00a0\u00a0\u00a0\u00a0\u00a0\u00a0\u00a0\u00a0\u00a0\u00a0\u00a0\u00a0 \u00a0 \u00a0 Die Leisten zwischen Ober-<br \/>\nauf dem Fahrzeug\u00a0\u00a0\u00a0\u00a0\u00a0\u00a0\u00a0\u00a0\u00a0\u00a0\u00a0\u00a0\u00a0\u00a0\u00a0\u00a0\u00a0\u00a0\u00a0\u00a0 \u00a0 \u00a0 \u00a0\u00a0 \u00a0\u00a0\u00a0\u00a0\u00a0\u00a0\u00a0 \u00a0 \u00a0 \u00a0 \u00a0 und Unterdeck d bequem<br \/>\nangebrachten Lenkknauf\u00a0\u00a0\u00a0\u00a0\u00a0\u00a0\u00a0\u00a0\u00a0\u00a0\u00a0\u00a0\u00a0\u00a0\u00a0\u00a0\u00a0\u00a0\u00a0\u00a0\u00a0\u00a0\u00a0\u00a0\u00a0 \u00a0\u00a0 von der linken und rechten<br \/>\n<span style=\"color: #ffffff\">xxxxxxxxxxxxxxxxxxxxx\u00a0<\/span>\u00a0\u00a0\u00a0\u00a0\u00a0\u00a0\u00a0\u00a0\u00a0\u00a0\u00a0\u00a0\u00a0\u00a0\u00a0\u00a0 \u00a0\u00a0 \u00a0 Seite aus zu bedienen<\/p>\n<div class=\"mceTemp\"><\/div>\n<p>Abgesehen von Anh\u00e4ngern und Karren, die keine spezifischen seitlichen Hebe- und Senkvorrichtungen ben\u00f6tigen und schon deshalb h\u00e4ndigkeitsneutral sind und daher den Kriterien entsprechen, sind folgende weitere Fahrzeuge von <strong>fagus<sup>\u00ae <\/sup><\/strong>problemlos von links- und rechtsh\u00e4ndigen Kindern zu handhaben und werden hiermit auch ausgezeichnet: LKW-Kipper (10.45), LKW-Kipper-Anh\u00e4nger (10.46), Sattelschlepper (10.41), Paletten-LKW (10.42), Container-LKW (10.44), Unimog (10.02) [hingegen ist der Kranaufsatz als Zusatzteil zum Unimog unter bestimmten Umst\u00e4nden ung\u00fcnstig f\u00fcr linksh\u00e4ndige Kinder], Traktor (10.21).<\/p>\n<p>Die Holzfahrzeuge von <strong>fagus<sup>\u00ae<\/sup><\/strong>sind auch in anderer Hinsicht sehr ansprechend. Sie sind aus Buchenholz. Der Baum Buche ist auch der Namensgeber des Spielzeugs, denn fagus bedeutet Buche auf Lateinisch. Die Fahrzeuge sind durch ihre bis ins Detail durchdachte Produktion liebevoll ansprechend und kindgerecht konstruiert. Sie haben Gummireifen, die leise und leicht rollen k\u00f6nnen; sie sind gut belastbar, robust, handlich, formklar, stabil und farbneutral.<\/p>\n<p>Alle Fahrzeuge haben einen sehr hohen p\u00e4dagogischen Spielwert.<\/p>\n<p><strong>Adresse:<br \/>\n<\/strong>B\u00fcngern-Technik &#8211; Werkstatt f\u00fcr behinderte Menschen,<br \/>\nStangenkamp 2, D-46414 Rhede,Tel. 02872 \/ 92 88 &#8211; 123<br \/>\n<a href=\"http:\/\/www.fagus-holzspielwaren.de\">www.fagus-holzspielwaren.de<\/a>,\u00a0 E-Mail: kontakt@fagus-holzspielwaren.de<\/p>\n<p>Die Abbildungen wurden mit freundlicher Genehmigung von <strong>fagus<sup>\u00ae<\/sup><\/strong>-Holzfahrzeuge zur Verf\u00fcgung gestellt.<\/p>\n","protected":false},"excerpt":{"rendered":"<p>&nbsp; &nbsp; Erste deutsche Beratungs- und Informationsstelle f\u00fcr Linksh\u00e4nder und umgeschulte Linksh\u00e4nder e.V. Sendlinger Str. 17 80331 M\u00fcnchen Tel.\/Fax 089 \/ 26 86 14 &nbsp; &nbsp; Begr\u00fcndung der Auszeichnung Spielzeug f\u00fcr linksh\u00e4ndige Kinder des Jahres 2006 f\u00fcr die Holzfahrzeuge der B\u00fcngern-Technik &#8211; Werkstatt f\u00fcr behinderte Menschen Die Bedienung der meisten Holzfahrzeuge von fagus\u00ae ist sowohl von der linken als auch von der rechten Seite gut durchzuf\u00fchren. Die Lenkung der Fahrzeuge wird entweder durch eine Technik vollzogen, bei der die Bewegung der ganzen Hand auf dem Dach eine \u00c4nderung der Fahrtrichtung in der Radachse hervorruft oder durch einen mittig auf dem Fahrzeug angebrachten Lenkknauf und ist daher in beiden F\u00e4llen gut zu bewerkstelligen. Auch die Handhabung beim Herauf- und Herunterstellen von dem Ladekasten (Mulde) bei Anh\u00e4ngern und Muldenkippern oder beim Ausfahren des Oberdecks beim Autotransporter ist von beiden Seiten gut zug\u00e4nglich. So k\u00f6nnen links- wie rechtsh\u00e4ndige Kinder entsprechend ihren individuellen Bed\u00fcrfnissen mit diesen Fahrzeugen spielen. &#8230; <a title=\"Spielzeugbegr\u00fcndung 2006\" class=\"read-more\" href=\"https:\/\/lefthander-consulting.org\/deutsch\/information\/kindergartenalter\/spielzeug-fuer-linkshaendige-kinder\/auszeichnung-2002-2013\/spielzeugbegruendung-2006\/\" aria-label=\"Mehr Informationen \u00fcber Spielzeugbegr\u00fcndung 2006\">Read more<\/a><\/p>\n","protected":false},"author":4,"featured_media":0,"parent":63,"menu_order":22,"comment_status":"closed","ping_status":"closed","template":"","meta":{"_cbd_carousel_blocks":"[]","footnotes":""},"class_list":["post-2696","page","type-page","status-publish"],"_links":{"self":[{"href":"https:\/\/lefthander-consulting.org\/deutsch\/wp-json\/wp\/v2\/pages\/2696","targetHints":{"allow":["GET"]}}],"collection":[{"href":"https:\/\/lefthander-consulting.org\/deutsch\/wp-json\/wp\/v2\/pages"}],"about":[{"href":"https:\/\/lefthander-consulting.org\/deutsch\/wp-json\/wp\/v2\/types\/page"}],"author":[{"embeddable":true,"href":"https:\/\/lefthander-consulting.org\/deutsch\/wp-json\/wp\/v2\/users\/4"}],"replies":[{"embeddable":true,"href":"https:\/\/lefthander-consulting.org\/deutsch\/wp-json\/wp\/v2\/comments?post=2696"}],"version-history":[{"count":37,"href":"https:\/\/lefthander-consulting.org\/deutsch\/wp-json\/wp\/v2\/pages\/2696\/revisions"}],"predecessor-version":[{"id":3158,"href":"https:\/\/lefthander-consulting.org\/deutsch\/wp-json\/wp\/v2\/pages\/2696\/revisions\/3158"}],"up":[{"embeddable":true,"href":"https:\/\/lefthander-consulting.org\/deutsch\/wp-json\/wp\/v2\/pages\/63"}],"wp:attachment":[{"href":"https:\/\/lefthander-consulting.org\/deutsch\/wp-json\/wp\/v2\/media?parent=2696"}],"curies":[{"name":"wp","href":"https:\/\/api.w.org\/{rel}","templated":true}]}}