{"id":2634,"date":"2019-01-24T09:49:06","date_gmt":"2019-01-24T08:49:06","guid":{"rendered":"https:\/\/lefthander-consulting.org\/information\/sport-und-haendigkeit\/rechtsausleger-wirklich-nur-langweiler\/"},"modified":"2019-04-23T21:38:13","modified_gmt":"2019-04-23T19:38:13","slug":"rechtsausleger-wirklich-nur-langweiler","status":"publish","type":"page","link":"https:\/\/lefthander-consulting.org\/deutsch\/information\/sport-und-haendigkeit\/rechtsausleger-wirklich-nur-langweiler\/","title":{"rendered":"Rechtsausleger &#8211; Wirklich nur Langweiler?"},"content":{"rendered":"<p><strong><span style=\"font-size: 18pt\">Rechtsausleger &#8211; Wirklich nur Langweiler?<\/span><\/strong><\/p>\n<p><span style=\"font-size: 14pt\">Hartmut Scherzer<\/span><\/p>\n<p>Siebenmal schon gewann Henry Maske die Halbschwergewichts-Weltmeisterschaft. Trotzdem gibt&#8217;s oft Diskussionen um seinen Box-Stil als Rechtsausleger. Ganz anders beim zweiten deutschen Weltmeister: Linksausleger Dariusz Michalczewski.<\/p>\n<p>Rechtsausleger sind Boxer, die &#8222;verkehrt&#8220; stehen. Das hei\u00dft: In der Grundstellung schieben sie das rechte Bein und damit die ganze rechte K\u00f6rperseite nach vorn. Die rechte ist die F\u00fchrhand, die linke die harte Schlaghand.<\/p>\n<p><b>Sind Rechtsausleger beliebt?<br \/>\n<\/b>In den USA ist diese Grundstellung mit dem &#8222;falschen Fu\u00df nach vorn&#8220; verp\u00f6nt. Jungen, die boxen lernen, werden in den &#8222;Gyms&#8220; sofort &#8222;umgedreht&#8220;. Ein &#8222;southpaw&#8220; (w\u00f6rtlich \u00fcbersetzt: S\u00fcdpfote), ein aus dem Baseball \u00fcbernommener Begriff f\u00fcr Linksh\u00e4nder, gilt in den USA als &#8222;Stinker&#8220;, weil der Stil meist defensiv und sperrig ist.<\/p>\n<p><b>Sind Rechtsausleger im Vorteil?<br \/>\n<\/b>In gewisser Weise ja, weil sie in der Minderheit und daher von Anfang an daran gew\u00f6hnt sind, gegen &#8222;normale&#8220; Boxer anzutreten. Die tun sich mit der Umstellung auf die seltene Rechtsauslage ihrer Gegner schwer. Selbst Muhammed Ali hatte Probleme mit Linksh\u00e4nder Karl Mildenberger beim WM-Kampf 1966 in Frankfurt, ehe er in der zw\u00f6lften Runde durch Abbruch gewann. Amerikanische Boxer kommen mit Maskes Rechtsauslage nicht zurecht.<\/p>\n<p><b>Worin liegt das Problem?<br \/>\n<\/b>Der Normalausleger, der es gewohnt ist, sich rechtsherum um den Gegner zu bewegen, muss nun im Uhrzeigersinn um ihn kreisen, weg von dessen linker Schlaghand. Beim Kampf Normal- gegen Rechtsausleger kreuzen sich die st\u00f6renden F\u00fchrh\u00e4nde auf der einen Seite, die Schlagh\u00e4nde haben auf der anderen freie Bahn. Intelligente Rechtsausleger mit Reaktionsverm\u00f6gen und Instinkt entwickeln daraus eine lauernde, gef\u00e4hrliche Kontertaktik.<\/p>\n<p><b>Was sind die Paradebeispiele?<br \/>\n<\/b>Einst Konterboxer Gustav &#8222;Bubi&#8220; Scholz. Auch Maske ist Meister der Defensive. Viele der erfolgreichsten deutschen Boxer waren bzw. sind Rechtsausleger: die Weltmeister Graciano Rocchigiani und Henry Maske, die Europameister Karl Mildenberger, Lothar Abend, Peter Weiland, Peter Hussing, Gustav Scholz, Willy Hoepner, Willy Quastor, Torsten May.<\/p>\n<p><b>Gibt es Rechtsausleger unter den Schwergewichts-Weltmeistern?<br \/>\n<\/b>Michael Moorer, der den Titel im November 1994 durch K.o. an George Foreman verlor, war der erste &#8222;southpaw&#8220; in der \u00fcber hundertj\u00e4hrigen Geschichte der Schwergewichts-WM. Beweis, wie au\u00dfergew\u00f6hnlich Rechtsausleger in den USA waren und sind. Noch 1978 z\u00e4hlte die Boxfibel &#8222;The Ring&#8220; unter den Besonderheiten der Boxgeschichte, auf einer Seite mit V\u00e4tern und S\u00f6hnen und Zwillingsbr\u00fcdern im Ring, die &#8222;Southpaw Champions&#8220; auf: Es waren insgesamt 17 in allen Gewichtsklassen (damals zehn), darunter gerade sechs Amerikaner.<\/p>\n<p><b>Was ist die beste Taktik gegen Rechtsausleger?<br \/>\n<\/b>Linker Haken \u00fcber die rechte F\u00fchrhand des Rechtsauslegers zum Kopf, sagen die meisten Trainer. Oder die ansatzlos geschlagene rechte Gerade, meinen andere. Doch Achtung: Es droht Kontergefahr!<\/p>\n<p><b>Was passiert, wenn zwei Rechtsausleger aufeinandertreffen?<br \/>\n<\/b>Beide stehen nun selbst vor den gleichen Umstellungsproblemen &#8211; nur andersherum &#8211; wie Normalausleger, gegen die sie sonst antreten. Zwei lauernde Rechtsausleger gegeneinander &#8211; das kann leicht ein mieser Kampf werden. Es sei denn, einer die bedingungslose Offensive wie einst der Schwabe Max Resch gegen Gustav Scholz. In diesem sensationellen Kampf um die Deutsche Mittelgewichts-Meisterschaft am 3. Mai 1958 ging Resch vierzehnmal zu Boden, ehe in der vierten Runde das Handtuch flog. Aber auch Scholz, von einer schweren Linken am Kinn getroffen, musste zwischendurch auf die Bretter.<\/p>\n<p>Ort: Westfalenhalle Dortmund. 37 Jahre sp\u00e4ter, am 27. Mai, k\u00f6nnen hier wieder zwei deutsche Rechtsausleger der Extraklasse boxen: Maske und Rocchigiani.<\/p>\n<p>In: Sport-Bild, 22. M\u00e4rz 1995, Seite 48<\/p>\n","protected":false},"excerpt":{"rendered":"<p>Rechtsausleger &#8211; Wirklich nur Langweiler? Hartmut Scherzer Siebenmal schon gewann Henry Maske die Halbschwergewichts-Weltmeisterschaft. Trotzdem gibt&#8217;s oft Diskussionen um seinen Box-Stil als Rechtsausleger. Ganz anders beim zweiten deutschen Weltmeister: Linksausleger Dariusz Michalczewski. Rechtsausleger sind Boxer, die &#8222;verkehrt&#8220; stehen. Das hei\u00dft: In der Grundstellung schieben sie das rechte Bein und damit die ganze rechte K\u00f6rperseite nach vorn. Die rechte ist die F\u00fchrhand, die linke die harte Schlaghand. Sind Rechtsausleger beliebt? In den USA ist diese Grundstellung mit dem &#8222;falschen Fu\u00df nach vorn&#8220; verp\u00f6nt. Jungen, die boxen lernen, werden in den &#8222;Gyms&#8220; sofort &#8222;umgedreht&#8220;. Ein &#8222;southpaw&#8220; (w\u00f6rtlich \u00fcbersetzt: S\u00fcdpfote), ein aus dem Baseball \u00fcbernommener Begriff f\u00fcr Linksh\u00e4nder, gilt in den USA als &#8222;Stinker&#8220;, weil der Stil meist defensiv und sperrig ist. Sind Rechtsausleger im Vorteil? In gewisser Weise ja, weil sie in der Minderheit und daher von Anfang an daran gew\u00f6hnt sind, gegen &#8222;normale&#8220; Boxer anzutreten. Die tun sich mit der Umstellung auf die seltene Rechtsauslage &#8230; <a title=\"Rechtsausleger &#8211; Wirklich nur Langweiler?\" class=\"read-more\" href=\"https:\/\/lefthander-consulting.org\/deutsch\/information\/sport-und-haendigkeit\/rechtsausleger-wirklich-nur-langweiler\/\" aria-label=\"Mehr Informationen \u00fcber Rechtsausleger &#8211; Wirklich nur Langweiler?\">Read more<\/a><\/p>\n","protected":false},"author":4,"featured_media":0,"parent":109,"menu_order":2,"comment_status":"closed","ping_status":"closed","template":"","meta":{"_cbd_carousel_blocks":"[]","footnotes":""},"class_list":["post-2634","page","type-page","status-publish"],"_links":{"self":[{"href":"https:\/\/lefthander-consulting.org\/deutsch\/wp-json\/wp\/v2\/pages\/2634","targetHints":{"allow":["GET"]}}],"collection":[{"href":"https:\/\/lefthander-consulting.org\/deutsch\/wp-json\/wp\/v2\/pages"}],"about":[{"href":"https:\/\/lefthander-consulting.org\/deutsch\/wp-json\/wp\/v2\/types\/page"}],"author":[{"embeddable":true,"href":"https:\/\/lefthander-consulting.org\/deutsch\/wp-json\/wp\/v2\/users\/4"}],"replies":[{"embeddable":true,"href":"https:\/\/lefthander-consulting.org\/deutsch\/wp-json\/wp\/v2\/comments?post=2634"}],"version-history":[{"count":8,"href":"https:\/\/lefthander-consulting.org\/deutsch\/wp-json\/wp\/v2\/pages\/2634\/revisions"}],"predecessor-version":[{"id":5223,"href":"https:\/\/lefthander-consulting.org\/deutsch\/wp-json\/wp\/v2\/pages\/2634\/revisions\/5223"}],"up":[{"embeddable":true,"href":"https:\/\/lefthander-consulting.org\/deutsch\/wp-json\/wp\/v2\/pages\/109"}],"wp:attachment":[{"href":"https:\/\/lefthander-consulting.org\/deutsch\/wp-json\/wp\/v2\/media?parent=2634"}],"curies":[{"name":"wp","href":"https:\/\/api.w.org\/{rel}","templated":true}]}}