{"id":2534,"date":"2019-01-23T13:46:45","date_gmt":"2019-01-23T12:46:45","guid":{"rendered":"https:\/\/lefthander-consulting.org\/information\/spielzeug-fuer-linkshaendige-kinder\/auszeichnung-2002-2013\/spielzeugbegruendung-2005\/"},"modified":"2025-08-15T14:34:42","modified_gmt":"2025-08-15T12:34:42","slug":"spielzeugbegruendung-2005","status":"publish","type":"page","link":"https:\/\/lefthander-consulting.org\/deutsch\/information\/kindergartenalter\/spielzeug-fuer-linkshaendige-kinder\/auszeichnung-2002-2013\/spielzeugbegruendung-2005\/","title":{"rendered":"Spielzeugbegr\u00fcndung 2005"},"content":{"rendered":"<p>&nbsp;<\/p>\n<p><strong><img loading=\"lazy\" decoding=\"async\" class=\"alignleft wp-image-2809\" src=\"https:\/\/lefthander-consulting.org\/deutsch\/wp-content\/uploads\/2019\/01\/Logo-Pr\u00e4mierung-Spielzeug-des-Jahres-300x300.jpg\" alt=\"\" width=\"250\" height=\"250\" srcset=\"https:\/\/lefthander-consulting.org\/deutsch\/wp-content\/uploads\/2019\/01\/Logo-Pr\u00e4mierung-Spielzeug-des-Jahres-300x300.jpg 300w, https:\/\/lefthander-consulting.org\/deutsch\/wp-content\/uploads\/2019\/01\/Logo-Pr\u00e4mierung-Spielzeug-des-Jahres-150x150.jpg 150w, https:\/\/lefthander-consulting.org\/deutsch\/wp-content\/uploads\/2019\/01\/Logo-Pr\u00e4mierung-Spielzeug-des-Jahres.jpg 617w\" sizes=\"auto, (max-width: 250px) 100vw, 250px\" \/><\/strong><\/p>\n<p>&nbsp;<\/p>\n<p><span style=\"font-size: 14pt\"><strong>Erste deutsche Beratungs- und Informationsstelle f\u00fcr <\/strong><\/span><br \/>\n<span style=\"font-size: 14pt\"><strong>Linksh\u00e4nder und umgeschulte Linksh\u00e4nder e.V.<\/strong><\/span><br \/>\n<span style=\"font-size: 14pt\">Sendlinger Str. 17<\/span><br \/>\n<span style=\"font-size: 14pt\">80331 M\u00fcnchen<\/span><br \/>\n<span style=\"font-size: 14pt\">Tel.\/Fax 089 \/ 26 86 14<\/span><\/p>\n<p>&nbsp;<\/p>\n<p>&nbsp;<\/p>\n<p style=\"text-align: center\"><span style=\"font-size: 14pt\">Begr\u00fcndung der Auszeichnung<\/span><\/p>\n<p style=\"text-align: center\"><span style=\"font-size: 18pt\"><strong>Spielzeug f\u00fcr linksh\u00e4ndige Kinder des Jahres 2005<\/strong><\/span><\/p>\n<p style=\"text-align: center\"><span style=\"font-size: 16pt\">f\u00fcr das Kartenspiel <b>SOLO<\/b><\/span><\/p>\n<p style=\"text-align: center\"><strong><span style=\"font-size: 16pt\">der Firma Amigo Spiel + Freizeit GmbH<\/span><\/strong><\/p>\n<p>Die Karten des Spieles SOLO sind durchg\u00e4ngig so gestaltet, dass sowohl der Linksh\u00e4nder, wenn er die Karten steckt, wie auch der Rechtsh\u00e4nder, wenn er die Karten auf der Hand h\u00e4lt, die Symbole in den Ecken problemlos erkennen kann. In der heutigen Zeit gibt es immer noch Hersteller, die die Problematik der Linksh\u00e4nder nicht bedenken. Deshalb freut es uns ganz besonders, dass die Firma AMIGO in ihrem kompletten Lieferprogramm schon immer auf die Bed\u00fcrfnisse der Linksh\u00e4nder eingegangen ist. Diese gleichbleibende, durchdachte und innovative Einstellung m\u00f6chten wir w\u00fcrdigen.<\/p>\n<p style=\"text-align: center\"><span style=\"font-size: 14pt\">Deshalb verleihen wir der Firma Amigo Spiel + Freizeit GmbH<br \/>\nf\u00fcr das Kartenspiel <b>SOLO<\/b> die Auszeichnung<\/span><\/p>\n<p style=\"text-align: center\"><span style=\"font-size: 14pt\"><strong>Spielzeug f\u00fcr linksh\u00e4ndige Kinder des Jahres 2005.<\/strong><\/span><\/p>\n<p><img loading=\"lazy\" decoding=\"async\" class=\" wp-image-2730 alignleft\" src=\"https:\/\/lefthander-consulting.org\/deutsch\/wp-content\/uploads\/2019\/01\/Solo-Karten-300x225.jpg\" alt=\"\" width=\"265\" height=\"199\" srcset=\"https:\/\/lefthander-consulting.org\/deutsch\/wp-content\/uploads\/2019\/01\/Solo-Karten-300x225.jpg 300w, https:\/\/lefthander-consulting.org\/deutsch\/wp-content\/uploads\/2019\/01\/Solo-Karten.jpg 320w\" sizes=\"auto, (max-width: 265px) 100vw, 265px\" \/><\/p>\n<p>Da Linksh\u00e4nder die Spielkarten mit der linken Hand greifen und stecken und in der rechten Hand halten, ist es von entscheidender Bedeutung, dass sowohl rechts als auch links in den Ecken, die kleinen Symbole der Karten zu sehen sind. Nur so ist es auch dem Linksh\u00e4nder m\u00f6glich, die Wertigkeit der Karten auf den ersten Blick zu erkennen und im gleichen Tempo mitzuhalten wie alle anderen Spieler.<\/p>\n<p><strong>Beschreibung von Solo &#8211; <\/strong><b>Die beliebteste Spielidee der Welt!<br \/>\n<\/b>Der Spielverlauf ist ganz einfach, w\u00e4ren da nicht einige Fallen eingebaut: Neue Aktionskarten, die stets f\u00fcr \u00dcberraschungen sorgen. Ob jemand sein Spiel verl\u00e4ngern oder ganz aussetzen muss, ob die Spielrichtung ge\u00e4ndert wird, oder die Karten als Joker gelten &#8211; f\u00fcr Unterhaltung ist mit Solo, der spannenden Mau-Mau-Variante, allemal gesorgt.<\/p>\n<p><b>So spielt man Solo<\/b><\/p>\n<figure id=\"attachment_2729\" aria-describedby=\"caption-attachment-2729\" style=\"width: 290px\" class=\"wp-caption alignright\"><img loading=\"lazy\" decoding=\"async\" class=\"size-medium wp-image-2729\" src=\"https:\/\/lefthander-consulting.org\/deutsch\/wp-content\/uploads\/2019\/01\/KartenSpielzeug2005-300x225.jpg\" alt=\"\" width=\"300\" height=\"225\" srcset=\"https:\/\/lefthander-consulting.org\/deutsch\/wp-content\/uploads\/2019\/01\/KartenSpielzeug2005-300x225.jpg 300w, https:\/\/lefthander-consulting.org\/deutsch\/wp-content\/uploads\/2019\/01\/KartenSpielzeug2005.jpg 320w\" sizes=\"auto, (max-width: 300px) 100vw, 300px\" \/><figcaption id=\"caption-attachment-2729\" class=\"wp-caption-text\">In dieser Weise sollte kein Kartenspiel gestaltet sein!<\/figcaption><\/figure>\n<ul>\n<li><b>\u00a0<\/b>Jeder Spieler erh\u00e4lt acht Karten. Reihum muss jeder Spieler eine Karte ablegen: gleiche Farbe auf gleiche Farbe oder gleiche Zahl auf gleiche Zahl.<\/li>\n<li>Zwischenwerfen ist erlaubt! Hat ein Spieler genau die gleiche Karte auf der Hand wie die oberste Karte auf dem Ablagestapel, so darf er sie blitzschnell ablegen.<\/li>\n<li>Legt jemand eine Aktionskarte, dann kann sich die Spielrichtung \u00e4ndern (auch dieses kommt linksh\u00e4ndigen Spielern entgegen, da sie eigentlich, ihrer Natur entsprechend, die Spielrichtung entgegen dem Urzeigersinn bevorzugen), oder zwei Spieler m\u00fcssen ihre Karten tauschen, oder jemand muss vier Karten ziehen.<\/li>\n<li>Wer nur noch eine einzige Karte besitzt, muss &#8222;Solo&#8220; ansagen.<\/li>\n<li>Sobald jemand seine letzte Karte ablegt, endet eine Spielrunde. Dieser Spieler bekommt keine Punkte. Alle anderen erhalten f\u00fcr ihre verbliebenen Karten Minuspunkte.<\/li>\n<li>Wer am Ende die wenigsten Minuspunkte hat, ist Sieger.<\/li>\n<\/ul>\n<p>Inhalt : 112 Spielkarten, Spielanleitung<br \/>\nSpieler: 2 bis 10<br \/>\nDauer: 30 Minuten<br \/>\nAlter: ab 6 Jahren<br \/>\nArt.-Nr. 3900<\/p>\n<p><strong>Adresse:<\/strong><br \/>\nAmigo Spiel + Freizeit GmbH, Waldstr. 23\u2013D5, D-63128 Dietzenbach, Tel. 0 60 74 \/ 37 55 &#8211; 0, Fax 0 60 74 \/ 37 55 &#8211; 166<br \/>\n<a href=\"http:\/\/www.amigo-spiele.de\/\">www.amigo-spiele.de<\/a> E-mail: info@amigo-spiele.de<br \/>\nDie Abbildungen stammen von Cerstin Bayer; die Beschreibung und Spielregeln sind der Ver\u00f6ffentlichung von Amigo Spiel + Freizeit GmbH entnommen.<\/p>\n","protected":false},"excerpt":{"rendered":"<p>&nbsp; &nbsp; Erste deutsche Beratungs- und Informationsstelle f\u00fcr Linksh\u00e4nder und umgeschulte Linksh\u00e4nder e.V. Sendlinger Str. 17 80331 M\u00fcnchen Tel.\/Fax 089 \/ 26 86 14 &nbsp; &nbsp; Begr\u00fcndung der Auszeichnung Spielzeug f\u00fcr linksh\u00e4ndige Kinder des Jahres 2005 f\u00fcr das Kartenspiel SOLO der Firma Amigo Spiel + Freizeit GmbH Die Karten des Spieles SOLO sind durchg\u00e4ngig so gestaltet, dass sowohl der Linksh\u00e4nder, wenn er die Karten steckt, wie auch der Rechtsh\u00e4nder, wenn er die Karten auf der Hand h\u00e4lt, die Symbole in den Ecken problemlos erkennen kann. In der heutigen Zeit gibt es immer noch Hersteller, die die Problematik der Linksh\u00e4nder nicht bedenken. Deshalb freut es uns ganz besonders, dass die Firma AMIGO in ihrem kompletten Lieferprogramm schon immer auf die Bed\u00fcrfnisse der Linksh\u00e4nder eingegangen ist. Diese gleichbleibende, durchdachte und innovative Einstellung m\u00f6chten wir w\u00fcrdigen. Deshalb verleihen wir der Firma Amigo Spiel + Freizeit GmbH f\u00fcr das Kartenspiel SOLO die Auszeichnung Spielzeug f\u00fcr linksh\u00e4ndige Kinder des &#8230; <a title=\"Spielzeugbegr\u00fcndung 2005\" class=\"read-more\" href=\"https:\/\/lefthander-consulting.org\/deutsch\/information\/kindergartenalter\/spielzeug-fuer-linkshaendige-kinder\/auszeichnung-2002-2013\/spielzeugbegruendung-2005\/\" aria-label=\"Mehr Informationen \u00fcber Spielzeugbegr\u00fcndung 2005\">Read more<\/a><\/p>\n","protected":false},"author":4,"featured_media":0,"parent":63,"menu_order":21,"comment_status":"closed","ping_status":"closed","template":"","meta":{"_cbd_carousel_blocks":"[]","footnotes":""},"class_list":["post-2534","page","type-page","status-publish"],"_links":{"self":[{"href":"https:\/\/lefthander-consulting.org\/deutsch\/wp-json\/wp\/v2\/pages\/2534","targetHints":{"allow":["GET"]}}],"collection":[{"href":"https:\/\/lefthander-consulting.org\/deutsch\/wp-json\/wp\/v2\/pages"}],"about":[{"href":"https:\/\/lefthander-consulting.org\/deutsch\/wp-json\/wp\/v2\/types\/page"}],"author":[{"embeddable":true,"href":"https:\/\/lefthander-consulting.org\/deutsch\/wp-json\/wp\/v2\/users\/4"}],"replies":[{"embeddable":true,"href":"https:\/\/lefthander-consulting.org\/deutsch\/wp-json\/wp\/v2\/comments?post=2534"}],"version-history":[{"count":46,"href":"https:\/\/lefthander-consulting.org\/deutsch\/wp-json\/wp\/v2\/pages\/2534\/revisions"}],"predecessor-version":[{"id":3151,"href":"https:\/\/lefthander-consulting.org\/deutsch\/wp-json\/wp\/v2\/pages\/2534\/revisions\/3151"}],"up":[{"embeddable":true,"href":"https:\/\/lefthander-consulting.org\/deutsch\/wp-json\/wp\/v2\/pages\/63"}],"wp:attachment":[{"href":"https:\/\/lefthander-consulting.org\/deutsch\/wp-json\/wp\/v2\/media?parent=2534"}],"curies":[{"name":"wp","href":"https:\/\/api.w.org\/{rel}","templated":true}]}}