{"id":2452,"date":"2019-01-21T13:47:02","date_gmt":"2019-01-21T12:47:02","guid":{"rendered":"https:\/\/lefthander-consulting.org\/netzwerk\/infomaterial\/der-knacks-im-gedaechtnis\/"},"modified":"2019-05-28T08:21:46","modified_gmt":"2019-05-28T06:21:46","slug":"der-knacks-im-gedaechtnis","status":"publish","type":"page","link":"https:\/\/lefthander-consulting.org\/deutsch\/netzwerk\/infomaterial\/der-knacks-im-gedaechtnis\/","title":{"rendered":"Der Knacks im Ged\u00e4chtnis"},"content":{"rendered":"<p><strong><span style=\"font-size: 20pt\">Umgeschulte Linksh\u00e4nder &#8211; Kongressbericht <\/span><\/strong><\/p>\n<p><strong><span style=\"font-size: 16pt\"><span style=\"font-size: 16pt\">B. Fischl<\/span><br \/>\n<\/span><\/strong><\/p>\n<p><span style=\"font-size: Arial,Helvetica\">Nach einer statistischen Erhebung der Organisation f\u00fcr neutrale Wissenschaften in M\u00fcnchen stellen in fr\u00fcher Kindheit umgeschulte Linksh\u00e4nder (Pseudorechtsh\u00e4nder) ca. 60% aller psychotherapeutischen F\u00e4lle. Erkl\u00e4rt wird diese Tatsache durch genuine, unterschiedliche Funktionsweisen der Gehirnhemisph\u00e4ren von Links- und Rechtsh\u00e4ndern, die durch Umerziehungsprozesse gest\u00f6rt werden k\u00f6nnen.<\/span><\/p>\n<p><span style=\"font-size: Arial,Helvetica\">Das rechtshemisph\u00e4rische Denken der Linksh\u00e4nder. Statistische Angaben zum Anteil der Linksh\u00e4nder in unserer Bev\u00f6lkerung liegen bei ca. 10%. Wissenschaftler dagegen gehen von einer genotypischen Verteilung der Linksh\u00e4ndigkeit von bis zu 50% aus. Methodische Schwierigkeiten, Auspr\u00e4gungsunterschiede und die hohe Dunkelziffer von Pseudorechtsh\u00e4ndern f\u00fchren zu dieser Diskrepanz. <\/span><\/p>\n<p><span style=\"font-size: Arial,Helvetica\">Die genuine H\u00e4ndigkeit eines Menschen wird bestimmt durch die \u00fcber Kreuz mit der Handlungshand verbundene dominante Gehirnh\u00e4lfte, bei Linksh\u00e4ndern also die rechte Hemisph\u00e4re. Die \u00dcberlegenheit einer Gehirnhemisph\u00e4re bezieht sich aber nicht nur auf motorische Funktionen, sondern ist auch Grundlage besonderer Begabungen und des Bewusstseinsmodus eines Menschen (vergleiche Tabelle). <\/span><\/p>\n<p><span style=\"font-size: Arial,Helvetica\">Das behinderte Denken des Pseudorechtsh\u00e4nders. Auch nach der Umschulung eines Linksh\u00e4nders zu einem Pseudorechtsh\u00e4nder bleibt seine rechte Gehirnh\u00e4lfte dominant. Sie ist nun jedoch gehemmt, w\u00e4hrend die linke Hemisph\u00e4re \u00fcberlastet wird. Die Folgen sind St\u00f6rungen der \u00dcbermittlungsprozesse im Corpus callosum, die eine Behinderung von Ged\u00e4chtnisleistungen hervorrufen k\u00f6nnen. Die Funktionen der Aufnahme von Informationen (Lernen) und vor allem ihrer Reproduktion (Erinnern) sind beeintr\u00e4chtigt. H\u00e4ufig kommt es dann zu Situationen, in denen der Betroffene zwar wei\u00df, dass er etwas wei\u00df, es aber nicht mitteilen kann. Je h\u00f6her seine Intelligenz, desto st\u00e4rker leidet er unter diesen Ged\u00e4chtnis-Pannen, f\u00fchlt sich &#8222;dumm&#8220; und verunsichert. Schlie\u00dflich kann er Minderwertigkeitskomplexe, \u00c4ngste und Vermeidungsverhalten, soziale R\u00fcckzugstendenzen und Depressionen entwickeln. Auch Sprachst\u00f6rungen wie Stottern und Stammeln sowie legasthenische Erscheinungen lassen sich pathogenetisch so erkl\u00e4ren. Psychotherapeutisch sind diese &#8222;F\u00e4lle&#8220; schwer beeinflussbar, da weder dem Patienten noch dem Therapeuten der Zusammenhang der Symptome mit einem Jahre zur\u00fcckliegenden Umerziehungsprozess bekannt oder bewusst ist. <\/span><\/p>\n<p><span style=\"font-size: Arial,Helvetica\">Das diskriminierende Denken der Rechtsh\u00e4nder. Obwohl die H\u00e4ndigkeit des Menschen seit Jahrzehnten Gegenstand reger Forschungst\u00e4tigkeit ist, bleiben wissenschaftliche Erkenntnisse auch heute in weiten Gesellschafts- und Lebensbereichen ohne praktische Relevanz. Besonders in der Schul- und Arbeitswelt sind Linksh\u00e4nder nach wie vor eine Randgruppe, die sich den &#8222;rechtsfreundlichen&#8220; Bedingungen anzupassen hat und f\u00fcr die Chancengleichheit damit nicht gew\u00e4hrleistet ist. <\/span><\/p>\n<p><span style=\"font-size: Arial,Helvetica\">Verantwortlich scheinen gewisse Fehleinstellungen zu sein, in denen H\u00e4ndigkeit mit Geschicklichkeit gleichgesetzt, als flexible Eigenschaft oder von einer Beidh\u00e4ndigkeit des Menschen (echte Beidh\u00e4nder sind nur 1% der Bev\u00f6lkerung <\/span><br \/>\n<span style=\"font-size: Arial,Helvetica\">[Anmerkung: Inzwischen wird auch diese Zahl in Frage gestellt, n\u00e4mlich ob es sich bei solchen Menschen nicht doch um umgeschulte Linksh\u00e4nder oder zerebral irritierte Menschen handelt. Siehe Artikel:&#8220;\u2018Beidh\u00e4nder\u2019 sind hirngesch\u00e4digt&#8220;. In: M\u00fcnchener Medizinische Wochenschrift. Wiederabgedruckt in: Sattler, Der umgeschule Linksh\u00e4nder, S. 350-355.] ) ausgegangen wird. Wirtschaftliche Aspekte d\u00fcrfen zudem eine nicht unerhebliche Rolle spielen, wenn beispielsweise der Produktionsanteil von Materialien f\u00fcr Linksh\u00e4nder bisher noch unter 10% liegt und sich haupts\u00e4chlich auf Haushaltsartikel beschr\u00e4nkt. Interessant w\u00e4re jedoch, die &#8222;ersparten&#8220; Produktionskosten dem finanziellen Aufwand f\u00fcr therapeutische Bem\u00fchungen gegen\u00fcberzustellen. (B. Fischl)\u00a0 <\/span><br \/>\n<span style=\"font-family: georgia, palatino, serif\">\u00a0 <\/span><\/p>\n<table border=\"\" width=\"505\" cellpadding=\"4\">\n<tbody>\n<tr>\n<td style=\"width: 504.6px\" valign=\"TOP\"><span style=\"font-size: 12pt\"><b>Linke Hemisph\u00e4re<\/b> (rechte K\u00f6rperseite)\u00a0<\/span><\/td>\n<td style=\"width: 715.4px\" valign=\"TOP\"><span style=\"font-size: 12pt\"><b>Rechte Hemisph\u00e4re<\/b> (linke K\u00f6rperseite)<\/span><\/td>\n<\/tr>\n<tr>\n<td style=\"width: 504.6px\" valign=\"TOP\"><span style=\"font-size: Arial,Helvetica\">analytisches, logisches Denken; linear, d.h. aufeinander folgend <\/span><\/p>\n<p><span style=\"font-size: Arial,Helvetica\">Brocca-Sprachzentrum <\/span><\/p>\n<p><span style=\"font-size: Arial,Helvetica\">Zeiterleben <\/span><\/p>\n<p><span style=\"font-size: Arial,Helvetica\">Intellekt <\/span><\/p>\n<p><span style=\"font-size: Arial,Helvetica\">Optimismus<\/span><\/td>\n<td style=\"width: 715.4px\" valign=\"TOP\"><span style=\"font-size: Arial,Helvetica\">synthetisches, ganzheitliches Denken; beziehungsreich und gleichzeitig <\/span><\/p>\n<p><span style=\"font-size: Arial,Helvetica\">r\u00e4umliches und perspektivisches Vorstellungsverm\u00f6gen <\/span><\/p>\n<p><span style=\"font-size: Arial,Helvetica\">bildhafte Vorstellung; Melodieged\u00e4chtnis; sprachfreies Ausdrucksverst\u00e4ndnis<\/span><\/p>\n<p><span style=\"font-size: Arial,Helvetica\">Intuition <\/span><\/p>\n<p><span style=\"font-size: Arial,Helvetica\">Pessimismus<\/span><\/td>\n<\/tr>\n<\/tbody>\n<\/table>\n<p>Vorwiegende Funktionsverteilung in den Gehirnhemisph\u00e4ren; individuelle Variationen sind m\u00f6glich (nach B. Sattler, M\u00fcnchen).<\/p>\n<p><span style=\"font-size: 12pt\">In: M\u00fcnchener Medizinische Wochenschrift, 128 (1986) Nr. 8<\/span><\/p>\n<p><span style=\"font-size: 12pt\">Seminar &#8222;H\u00e4ndigkeit: Rechts- und Linksh\u00e4nder&#8220;; M\u00fcnchen, 11.-12.1.1986; Veranstalter: Organisation f\u00fcr neutrale Wissenschaften (ONRS), M\u00fcnchen.<\/span><\/p>\n<p><span style=\"font-size: 12pt\">\u00a0<\/span><br \/>\n<span style=\"font-size: 12pt\">\u00a9 Copyright: B. Fischl<\/span><\/p>\n","protected":false},"excerpt":{"rendered":"<p>Umgeschulte Linksh\u00e4nder &#8211; Kongressbericht B. Fischl Nach einer statistischen Erhebung der Organisation f\u00fcr neutrale Wissenschaften in M\u00fcnchen stellen in fr\u00fcher Kindheit umgeschulte Linksh\u00e4nder (Pseudorechtsh\u00e4nder) ca. 60% aller psychotherapeutischen F\u00e4lle. Erkl\u00e4rt wird diese Tatsache durch genuine, unterschiedliche Funktionsweisen der Gehirnhemisph\u00e4ren von Links- und Rechtsh\u00e4ndern, die durch Umerziehungsprozesse gest\u00f6rt werden k\u00f6nnen. Das rechtshemisph\u00e4rische Denken der Linksh\u00e4nder. Statistische Angaben zum Anteil der Linksh\u00e4nder in unserer Bev\u00f6lkerung liegen bei ca. 10%. Wissenschaftler dagegen gehen von einer genotypischen Verteilung der Linksh\u00e4ndigkeit von bis zu 50% aus. Methodische Schwierigkeiten, Auspr\u00e4gungsunterschiede und die hohe Dunkelziffer von Pseudorechtsh\u00e4ndern f\u00fchren zu dieser Diskrepanz. Die genuine H\u00e4ndigkeit eines Menschen wird bestimmt durch die \u00fcber Kreuz mit der Handlungshand verbundene dominante Gehirnh\u00e4lfte, bei Linksh\u00e4ndern also die rechte Hemisph\u00e4re. Die \u00dcberlegenheit einer Gehirnhemisph\u00e4re bezieht sich aber nicht nur auf motorische Funktionen, sondern ist auch Grundlage besonderer Begabungen und des Bewusstseinsmodus eines Menschen (vergleiche Tabelle). Das behinderte Denken des Pseudorechtsh\u00e4nders. Auch nach der Umschulung eines Linksh\u00e4nders zu &#8230; <a title=\"Der Knacks im Ged\u00e4chtnis\" class=\"read-more\" href=\"https:\/\/lefthander-consulting.org\/deutsch\/netzwerk\/infomaterial\/der-knacks-im-gedaechtnis\/\" aria-label=\"Mehr Informationen \u00fcber Der Knacks im Ged\u00e4chtnis\">Read more<\/a><\/p>\n","protected":false},"author":4,"featured_media":0,"parent":45,"menu_order":6,"comment_status":"closed","ping_status":"closed","template":"","meta":{"_cbd_carousel_blocks":"[]","footnotes":""},"class_list":["post-2452","page","type-page","status-publish"],"_links":{"self":[{"href":"https:\/\/lefthander-consulting.org\/deutsch\/wp-json\/wp\/v2\/pages\/2452","targetHints":{"allow":["GET"]}}],"collection":[{"href":"https:\/\/lefthander-consulting.org\/deutsch\/wp-json\/wp\/v2\/pages"}],"about":[{"href":"https:\/\/lefthander-consulting.org\/deutsch\/wp-json\/wp\/v2\/types\/page"}],"author":[{"embeddable":true,"href":"https:\/\/lefthander-consulting.org\/deutsch\/wp-json\/wp\/v2\/users\/4"}],"replies":[{"embeddable":true,"href":"https:\/\/lefthander-consulting.org\/deutsch\/wp-json\/wp\/v2\/comments?post=2452"}],"version-history":[{"count":63,"href":"https:\/\/lefthander-consulting.org\/deutsch\/wp-json\/wp\/v2\/pages\/2452\/revisions"}],"predecessor-version":[{"id":4126,"href":"https:\/\/lefthander-consulting.org\/deutsch\/wp-json\/wp\/v2\/pages\/2452\/revisions\/4126"}],"up":[{"embeddable":true,"href":"https:\/\/lefthander-consulting.org\/deutsch\/wp-json\/wp\/v2\/pages\/45"}],"wp:attachment":[{"href":"https:\/\/lefthander-consulting.org\/deutsch\/wp-json\/wp\/v2\/media?parent=2452"}],"curies":[{"name":"wp","href":"https:\/\/api.w.org\/{rel}","templated":true}]}}