{"id":2398,"date":"2019-01-18T16:17:32","date_gmt":"2019-01-18T15:17:32","guid":{"rendered":"https:\/\/lefthander-consulting.org\/information\/literatur\/die-psyche-des-linkshaendigen-kindes\/vorwort-zum-buch-die-psyche-des-linkshaendigen-kindes\/"},"modified":"2019-03-07T16:57:54","modified_gmt":"2019-03-07T15:57:54","slug":"vorwort-zum-buch-die-psyche-des-linkshaendigen-kindes","status":"publish","type":"page","link":"https:\/\/lefthander-consulting.org\/deutsch\/information\/literatur\/die-psyche-des-linkshaendigen-kindes\/vorwort-zum-buch-die-psyche-des-linkshaendigen-kindes\/","title":{"rendered":"Vorwort zum Buch: Die Psyche des linksh\u00e4ndigen Kindes"},"content":{"rendered":"<p><span style=\"font-size: 22pt\">Prof. Dr. Wilhelm Franz Angermeier<\/span><\/p>\n<p><span style=\"font-family: Arial, Helvetica\">Linksh\u00e4nder haben es auch heute noch sehr schwer in unserer so genannten westlichen Zivilisation. Das merkt man schon, wenn sie versuchen, einem die Hand zu geben! Noch deutlicher wird es, wenn sich die verschleierte Einstellung der Volksseele in sprachlichen Ausdr\u00fccken \u00e4u\u00dfert, wie z.B. &#8222;Ein Linker&#8230;&#8220; oder &#8222;Das mache ich mit links!&#8220;. Dadurch wird deutlich, dass alles, was mit &#8222;links&#8220; zusammenh\u00e4ngt, als minderwertig gilt. <\/span><\/p>\n<p><span style=\"font-family: Arial, Helvetica\">Die in diesem Buch von Frau Dr. Sattler dargestellten Zusammenh\u00e4nge gehen weit \u00fcber die spekulativen Schlu\u00dffolgerungen der rein wissenschaftlichen neurophysiologischen und -anatomischen Untersuchungen hinaus, da sie praxisbezogen sind. Dies bedeutet, dass nicht nur augenscheinliche &#8222;Kausalit\u00e4t&#8220; in einem Bereich als Erkl\u00e4rungsm\u00f6glichkeit f\u00fcr diese Zusammenh\u00e4nge und Unterschiede zwischen Links- und Rechtsh\u00e4ndigkeit herangezogen werden kann. Vielmehr zeigt Frau Dr. Sattler anhand einer ganzheitlichen Betrachtungsweise, die genetische Pr\u00e4disposition, fr\u00fchkindliche Erziehungserlebnisse und Dynamik und Statik sonstiger Einfl\u00fcsse der sozialen Umwelt ber\u00fccksichtigt, wie vorteilhaft sich diese Vorgehensweise bei der Auslegung der &#8211; in der Praxis gewonnenen &#8211; Einsichten auswirkt. Au\u00dferdem wird es dem Leser klar und deutlich, wie wichtig ein Verst\u00e4ndnis der durch die H\u00e4ndigkeit verursachten Unterschiede im Denken, Sprechen und Handeln beim Umgang mit anderen Menschen ist. <\/span><\/p>\n<p><span style=\"font-family: Arial, Helvetica\">Eingebettet in ein M\u00e4rchen, dessen Hauptcharakter Aljoscha eher als wirklicher Geschichtenerz\u00e4hler denn als M\u00e4rchenfigur fasziniert, werden die unterschiedlichsten Dynamiken des menschlichen Zusammenseins herausgearbeitet. Hier ist der Bogen weit und umfassend gespannt von fr\u00fchkindlichen Einwirkungen \u00fcber Interaktionen in Freundschaften, der Ehe und im Beruf. Frau Dr. Sattler versteht es, aufgrund ihrer langj\u00e4hrigen Erfahrung in der Praxis, diese Zusammenh\u00e4nge und ihre Deutung brillant und \u00fcberzeugend darzustellen, auch f\u00fcr diejenigen, denen diese Interpretationen nicht in ihre engstirnigen Theorien passen sollten. <\/span><\/p>\n<p><span style=\"font-family: Arial, Helvetica\">Im Wechselspiel zwischen Realit\u00e4t und M\u00e4rchen &#8211; Aljoschas Geschichten und Fallbeispielen &#8211; gewinnt der unvoreingenommene Leser einen Einblick in die Probleme, mit denen Links- und Rechtsh\u00e4nder im Leben fertig werden sollen. <\/span><\/p>\n<p><span style=\"font-family: Arial, Helvetica\">Es w\u00e4re falsch zu glauben, dass das Buch Rezepte enth\u00e4lt, die es dem einzelnen erm\u00f6glichen, seine Probleme selbst zu l\u00f6sen. Aber es vermittelt Einsichten in die Probleme, die dem einzelnen helfen k\u00f6nnen, seine eigenen Schwierigkeiten zu erkennen und daf\u00fcr Hilfe zu suchen. F\u00fcr Frau Dr. Sattler hat die H\u00e4ndigkeit einen Stellenwert, \u00e4hnlich dem der Geschlechter, also wie eine Plattform, auf der gezielt aufgebaut werden kann, und die dem gesamten Bereich der Entwicklung des menschlichen Charakters und seiner unterschiedlichen Eigenschaften Raum l\u00e4sst. H\u00e4ndigkeit kann also somit nicht zu einer neuen Typologie der menschlichen Pers\u00f6nlichkeitsstruktur werden: Frau Dr. Sattler sieht in der H\u00e4ndigkeit eine Erg\u00e4nzung zur Erkl\u00e4rung der menschlichen Pers\u00f6nlichkeit und nicht eine neue Richtung. <\/span><\/p>\n<p><span style=\"font-family: Arial, Helvetica\">H\u00e4ndigkeit bestimmt unsere Einstellungen, unsere Art zu denken und unsere Handlungen mit, aber sie bestimmt sie nicht ausschlie\u00dflich. Das ist das tragende Thema dieses hervorragenden Buches. Hervorragend, weil die Autorin nicht den alten Fehler gemacht hat, alles mit einem System erkl\u00e4ren zu wollen. So kann man nach sorgf\u00e4ltiger Lekt\u00fcre dieses Buches \u00fcber den Stellenwert der H\u00e4ndigkeit m\u00f6glicherweise streiten, aber ignorieren kann man ihn nicht mehr. Ein gelungenes Werk, das neben seinem wissenschaftlichen Wert auch noch helfen kann, h\u00e4ufig auftretende pers\u00f6nliche und soziale Konflikte &#8211; \u00fcber das Verst\u00e4ndnis der Problematik der H\u00e4ndigkeit &#8211; zu entsch\u00e4rfen.<\/span><\/p>\n<p>&nbsp;<\/p>\n<p><span style=\"font-family: Arial, Helvetica\">Prof. Dr. Wilhelm Franz Angermeier <\/span><\/p>\n<p><span style=\"font-family: Arial, Helvetica\"><span style=\"font-size: 12pt\">Visiting Professor, University of Central Florida, Orlando, FL-USA <\/span><br \/>\n<span style=\"font-family: Arial, Helvetica\">Adjunct Professor, The National University of Ireland, Galway <\/span><br \/>\n<span style=\"font-family: Arial, Helvetica\">Professor emeritus, Universit\u00e4t zu K\u00f6ln<\/span> <\/span><\/p>\n<p>&nbsp;<\/p>\n","protected":false},"excerpt":{"rendered":"<p>Prof. Dr. Wilhelm Franz Angermeier Linksh\u00e4nder haben es auch heute noch sehr schwer in unserer so genannten westlichen Zivilisation. Das merkt man schon, wenn sie versuchen, einem die Hand zu geben! Noch deutlicher wird es, wenn sich die verschleierte Einstellung der Volksseele in sprachlichen Ausdr\u00fccken \u00e4u\u00dfert, wie z.B. &#8222;Ein Linker&#8230;&#8220; oder &#8222;Das mache ich mit links!&#8220;. Dadurch wird deutlich, dass alles, was mit &#8222;links&#8220; zusammenh\u00e4ngt, als minderwertig gilt. Die in diesem Buch von Frau Dr. Sattler dargestellten Zusammenh\u00e4nge gehen weit \u00fcber die spekulativen Schlu\u00dffolgerungen der rein wissenschaftlichen neurophysiologischen und -anatomischen Untersuchungen hinaus, da sie praxisbezogen sind. Dies bedeutet, dass nicht nur augenscheinliche &#8222;Kausalit\u00e4t&#8220; in einem Bereich als Erkl\u00e4rungsm\u00f6glichkeit f\u00fcr diese Zusammenh\u00e4nge und Unterschiede zwischen Links- und Rechtsh\u00e4ndigkeit herangezogen werden kann. Vielmehr zeigt Frau Dr. Sattler anhand einer ganzheitlichen Betrachtungsweise, die genetische Pr\u00e4disposition, fr\u00fchkindliche Erziehungserlebnisse und Dynamik und Statik sonstiger Einfl\u00fcsse der sozialen Umwelt ber\u00fccksichtigt, wie vorteilhaft sich diese Vorgehensweise bei der Auslegung der &#8211; &#8230; <a title=\"Vorwort zum Buch: Die Psyche des linksh\u00e4ndigen Kindes\" class=\"read-more\" href=\"https:\/\/lefthander-consulting.org\/deutsch\/information\/literatur\/die-psyche-des-linkshaendigen-kindes\/vorwort-zum-buch-die-psyche-des-linkshaendigen-kindes\/\" aria-label=\"Mehr Informationen \u00fcber Vorwort zum Buch: Die Psyche des linksh\u00e4ndigen Kindes\">Read more<\/a><\/p>\n","protected":false},"author":4,"featured_media":0,"parent":2393,"menu_order":0,"comment_status":"closed","ping_status":"closed","template":"","meta":{"_cbd_carousel_blocks":"[]","footnotes":""},"class_list":["post-2398","page","type-page","status-publish"],"_links":{"self":[{"href":"https:\/\/lefthander-consulting.org\/deutsch\/wp-json\/wp\/v2\/pages\/2398","targetHints":{"allow":["GET"]}}],"collection":[{"href":"https:\/\/lefthander-consulting.org\/deutsch\/wp-json\/wp\/v2\/pages"}],"about":[{"href":"https:\/\/lefthander-consulting.org\/deutsch\/wp-json\/wp\/v2\/types\/page"}],"author":[{"embeddable":true,"href":"https:\/\/lefthander-consulting.org\/deutsch\/wp-json\/wp\/v2\/users\/4"}],"replies":[{"embeddable":true,"href":"https:\/\/lefthander-consulting.org\/deutsch\/wp-json\/wp\/v2\/comments?post=2398"}],"version-history":[{"count":8,"href":"https:\/\/lefthander-consulting.org\/deutsch\/wp-json\/wp\/v2\/pages\/2398\/revisions"}],"predecessor-version":[{"id":4394,"href":"https:\/\/lefthander-consulting.org\/deutsch\/wp-json\/wp\/v2\/pages\/2398\/revisions\/4394"}],"up":[{"embeddable":true,"href":"https:\/\/lefthander-consulting.org\/deutsch\/wp-json\/wp\/v2\/pages\/2393"}],"wp:attachment":[{"href":"https:\/\/lefthander-consulting.org\/deutsch\/wp-json\/wp\/v2\/media?parent=2398"}],"curies":[{"name":"wp","href":"https:\/\/api.w.org\/{rel}","templated":true}]}}