{"id":2393,"date":"2019-01-18T16:11:21","date_gmt":"2019-01-18T15:11:21","guid":{"rendered":"https:\/\/lefthander-consulting.org\/information\/literatur\/die-psyche-des-linkshaendigen-kindes\/"},"modified":"2022-06-23T12:21:40","modified_gmt":"2022-06-23T10:21:40","slug":"die-psyche-des-linkshaendigen-kindes","status":"publish","type":"page","link":"https:\/\/lefthander-consulting.org\/deutsch\/information\/literatur\/die-psyche-des-linkshaendigen-kindes\/","title":{"rendered":"Die Psyche des linksh\u00e4ndigen Kindes"},"content":{"rendered":"<p data-wp-editing=\"1\"><img loading=\"lazy\" decoding=\"async\" class=\"alignleft wp-image-10772\" title=\"buch-rahmen\" src=\"https:\/\/ahajftmovo.cloudimg.io\/v7\/lefthander-consulting.org\/deutsch\/wp-content\/uploads\/2022\/06\/03091_die_psyche_des_linkshaendigen_kindes.jpg?func=bound&amp;w=300&amp;h=300\" alt=\"\" width=\"205\" height=\"291\" srcset=\"https:\/\/lefthander-consulting.org\/deutsch\/wp-content\/uploads\/2022\/06\/03091_die_psyche_des_linkshaendigen_kindes.jpg 435w, https:\/\/lefthander-consulting.org\/deutsch\/wp-content\/uploads\/2022\/06\/03091_die_psyche_des_linkshaendigen_kindes-212x300.jpg 212w\" sizes=\"auto, (max-width: 205px) 100vw, 205px\" \/>Links- und Rechtsh\u00e4ndigkeit des Menschen sind nicht nur Ausdruck der motorischen Dominanz der jeweiligen Gehirnh\u00e4lfte, sondern sie erscheinen mit bestimmten Pers\u00f6nlichkeitsz\u00fcgen und typischen Handlungsweisen verbunden, die Linksh\u00e4nder von Rechtsh\u00e4ndern unterscheiden. In diesem Buch werden verschiedene, bei Linksh\u00e4ndern h\u00e4ufig zu beobachtende Verhaltensans\u00e4tze und Handlungsimpulse aufgegliedert, analysiert und an Fallbeispielen dokumentiert. Im kontrastierenden Vergleich dazu stehen Rechtsh\u00e4nder.<\/p>\n<p>Dr. Johanna Barbara Sattler, Psychologin, approbierte Psychotherapeutin, die Leiterin der Ersten deutschen Beratungs- und Informationsstelle f\u00fcr Linksh\u00e4nder und umgeschulte Linksh\u00e4nder, M\u00fcnchen, wendet sich sowohl an Eltern linksh\u00e4ndiger Kinder, als auch an die Linksh\u00e4nder selbst. Gleichzeitig m\u00f6chte sie aber auch P\u00e4dagogen und Therapeuten auf unterschiedliche Reaktions- und Denkweisen von Links- und Rechtsh\u00e4ndern aufmerksam machen. Anliegen des Buches ist es, mehr Verst\u00e4ndnis f\u00fcr die <span class=\"SpellE\">H\u00e4ndigkeitsproblematik<\/span> besonders bei Kindern, aber auch bei Erwachsenen, zu vermitteln. So widmet sich auch ein Kapitel Fragen der Partnerschaft zwischen Links- und Rechtsh\u00e4ndern.<\/p>\n<p>Die eingeflochtenen Erz\u00e4hlungen aus dem Leben der Tiere und Menschen in der freien Natur, die Dr. Ivo-Kurt Cizek <span class=\"SpellE\">verfa\u00dfte<\/span>, bilden eine neue <span class=\"SpellE\">identifikatorische<\/span> Ebene f\u00fcr die Kinder. So sind sie ein Instrument, ihre Reaktionsweisen zu beobachten, zu analysieren und unter einem anderen Blickwinkel zu verstehen.<\/p>\n<p>Die eingeflochtenen Erz\u00e4hlungen aus dem Leben der Tiere und Menschen in der freien Natur, die Dr. Ivo-Kurt Cizek <span class=\"SpellE\">verfa\u00dfte<\/span>, bilden eine neue <span class=\"SpellE\">identifikatorische<\/span> Ebene f\u00fcr die Kinder. So sind sie ein Instrument, ihre Reaktionsweisen zu beobachten, zu analysieren und unter einem anderen Blickwinkel zu verstehen.<\/p>\n<p>Dieses Buch war an achter Stelle der <a href=\"https:\/\/lefthander-consulting.org\/deutsch\/information\/literatur\/die-zeit-bestsellerliste\/\">Bestsellerliste der Zeitschrift DIE ZEIT<\/a> vom 11.2.1999<\/p>\n<p><a href=\"https:\/\/www.auer-verlag.de\/\">Auer Verlag<\/a>, Donauw\u00f6rth, 1998, 10., mehrfach \u00fcberarbeitete und aktualisierte Auflage 2022, ISBN 3-403-03091-1, 328 Seiten<br \/>\nWeiteres finden Sie in dem <a href=\"https:\/\/lefthander-consulting.org\/deutsch\/information\/literatur\/die-psyche-des-linkshaendigen-kindes\/vorwort-zum-buch-die-psyche-des-linkshaendigen-kindes\/\">Vorwort zum Buch<\/a> von Professor Dr. W.F. Angermeier.<\/p>\n<p>Erste deutsche Beratungs- und Informationsstelle f\u00fcr Linksh\u00e4nder und umgeschulte Linksh\u00e4nder e.V., Sendlinger Str. 17, 80331 M\u00fcnchen, Tel. \/ Fax: +49 \/ 89 \/ 26 86 14, <a href=\"https:\/\/lefthander-consulting.org\">https:\/\/lefthander-consulting.org<\/a>, e-mail: info@lefthander-consulting.org<\/p>\n","protected":false},"excerpt":{"rendered":"<p>Links- und Rechtsh\u00e4ndigkeit des Menschen sind nicht nur Ausdruck der motorischen Dominanz der jeweiligen Gehirnh\u00e4lfte, sondern sie erscheinen mit bestimmten Pers\u00f6nlichkeitsz\u00fcgen und typischen Handlungsweisen verbunden, die Linksh\u00e4nder von Rechtsh\u00e4ndern unterscheiden. In diesem Buch werden verschiedene, bei Linksh\u00e4ndern h\u00e4ufig zu beobachtende Verhaltensans\u00e4tze und Handlungsimpulse aufgegliedert, analysiert und an Fallbeispielen dokumentiert. Im kontrastierenden Vergleich dazu stehen Rechtsh\u00e4nder. Dr. Johanna Barbara Sattler, Psychologin, approbierte Psychotherapeutin, die Leiterin der Ersten deutschen Beratungs- und Informationsstelle f\u00fcr Linksh\u00e4nder und umgeschulte Linksh\u00e4nder, M\u00fcnchen, wendet sich sowohl an Eltern linksh\u00e4ndiger Kinder, als auch an die Linksh\u00e4nder selbst. Gleichzeitig m\u00f6chte sie aber auch P\u00e4dagogen und Therapeuten auf unterschiedliche Reaktions- und Denkweisen von Links- und Rechtsh\u00e4ndern aufmerksam machen. Anliegen des Buches ist es, mehr Verst\u00e4ndnis f\u00fcr die H\u00e4ndigkeitsproblematik besonders bei Kindern, aber auch bei Erwachsenen, zu vermitteln. So widmet sich auch ein Kapitel Fragen der Partnerschaft zwischen Links- und Rechtsh\u00e4ndern. Die eingeflochtenen Erz\u00e4hlungen aus dem Leben der Tiere und Menschen in der freien Natur, &#8230; <a title=\"Die Psyche des linksh\u00e4ndigen Kindes\" class=\"read-more\" href=\"https:\/\/lefthander-consulting.org\/deutsch\/information\/literatur\/die-psyche-des-linkshaendigen-kindes\/\" aria-label=\"Mehr Informationen \u00fcber Die Psyche des linksh\u00e4ndigen Kindes\">Read more<\/a><\/p>\n","protected":false},"author":4,"featured_media":0,"parent":41,"menu_order":20,"comment_status":"closed","ping_status":"closed","template":"","meta":{"_cbd_carousel_blocks":"[]","footnotes":""},"class_list":["post-2393","page","type-page","status-publish"],"_links":{"self":[{"href":"https:\/\/lefthander-consulting.org\/deutsch\/wp-json\/wp\/v2\/pages\/2393","targetHints":{"allow":["GET"]}}],"collection":[{"href":"https:\/\/lefthander-consulting.org\/deutsch\/wp-json\/wp\/v2\/pages"}],"about":[{"href":"https:\/\/lefthander-consulting.org\/deutsch\/wp-json\/wp\/v2\/types\/page"}],"author":[{"embeddable":true,"href":"https:\/\/lefthander-consulting.org\/deutsch\/wp-json\/wp\/v2\/users\/4"}],"replies":[{"embeddable":true,"href":"https:\/\/lefthander-consulting.org\/deutsch\/wp-json\/wp\/v2\/comments?post=2393"}],"version-history":[{"count":2,"href":"https:\/\/lefthander-consulting.org\/deutsch\/wp-json\/wp\/v2\/pages\/2393\/revisions"}],"predecessor-version":[{"id":10776,"href":"https:\/\/lefthander-consulting.org\/deutsch\/wp-json\/wp\/v2\/pages\/2393\/revisions\/10776"}],"up":[{"embeddable":true,"href":"https:\/\/lefthander-consulting.org\/deutsch\/wp-json\/wp\/v2\/pages\/41"}],"wp:attachment":[{"href":"https:\/\/lefthander-consulting.org\/deutsch\/wp-json\/wp\/v2\/media?parent=2393"}],"curies":[{"name":"wp","href":"https:\/\/api.w.org\/{rel}","templated":true}]}}