{"id":2360,"date":"2019-01-18T15:28:23","date_gmt":"2019-01-18T14:28:23","guid":{"rendered":"https:\/\/lefthander-consulting.org\/information\/literatur\/das-linkshaendige-kind-in-der-grundschule\/"},"modified":"2022-01-21T09:04:07","modified_gmt":"2022-01-21T08:04:07","slug":"das-linkshaendige-kind-in-der-grundschule","status":"publish","type":"page","link":"https:\/\/lefthander-consulting.org\/deutsch\/information\/literatur\/das-linkshaendige-kind-in-der-grundschule\/","title":{"rendered":"Das linksh\u00e4ndige Kind in der Grundschule"},"content":{"rendered":"<p><img loading=\"lazy\" decoding=\"async\" class=\"buch-rahmen alignleft wp-image-2362\" src=\"https:\/\/lefthander-consulting.org\/deutsch\/wp-content\/uploads\/2019\/01\/2532_Cover-215x300.jpg\" alt=\"\" width=\"185\" height=\"258\" srcset=\"https:\/\/lefthander-consulting.org\/deutsch\/wp-content\/uploads\/2019\/01\/2532_Cover-215x300.jpg 215w, https:\/\/lefthander-consulting.org\/deutsch\/wp-content\/uploads\/2019\/01\/2532_Cover.jpg 300w\" sizes=\"auto, (max-width: 185px) 100vw, 185px\" \/><\/p>\n<p>Dieses Buch wurde im Auftrag des Bayerischen Staatsministeriums f\u00fcr Unterricht, Kultus, Wissenschaft und Kunst erarbeitet und wendet sich sowohl an Lehrer, Schulpsychologen, P\u00e4dagogen, Erzieher als auch an Berufsgruppen, die im medizinisch-pr\u00e4ventiven Bereich mit Kindern arbeiten. Aber auch f\u00fcr Eltern bietet es Hilfestellungen, zumal sehr wenig entsprechende Literatur vorhanden ist.<\/p>\n<p>Es ist keine theoretische Abhandlung eines oft vernachl\u00e4ssigten Themas, sondern vermittelt echte Praxishilfe und ist durch diese Praxisbezogenheit, seine fundierte und gr\u00fcndliche Auseinandersetzung mit der Situation, die wir heute in der Schule und im Alltag des linksh\u00e4ndigen Kindes vorfinden, einmalig.<\/p>\n<p>&nbsp;<\/p>\n<ul>\n<li>Hauptthemen, mit denen sich das Buch auseinandersetzt, sind:<\/li>\n<li>Diagnose und Testm\u00f6glichkeiten der H\u00e4ndigkeit<\/li>\n<li>Schreibhaltung und Sitzordnung<\/li>\n<li>Sinnvolle Gebrauchsgegenst\u00e4nde<\/li>\n<li>Hinweise zum Handarbeits- und Werkunterricht<\/li>\n<li>Hinweise zum Musikunterricht<\/li>\n<li>Turnunterricht und Bewegungsspiele<\/li>\n<li>Folgen der Umschulung der H\u00e4ndigkeit<\/li>\n<li>M\u00f6glichkeiten der R\u00fcckschulung auf die dominante Hand<\/li>\n<li>Linksh\u00e4ndigkeit und Teilleistungsst\u00f6rungen<\/li>\n<li>Verschiedene themenrelevante Adressen<\/li>\n<\/ul>\n<p>Herausgeber: ISB-Staatsinstitut f\u00fcr Schulp\u00e4dagogik und Bildungsforschung, M\u00fcnchen 1993, Vertrieb <a href=\"https:\/\/www.auer-verlag.de\/catalogsearch\/result\/?cat=0&amp;q=Linksh%C3%A4nder\">Auer Verlag<\/a>, Donauw\u00f6rth, 17., mehrfach \u00fcberarbeitete und aktualisierte Auflage 2019, ISBN 3-403-02532-2, 139 Seiten<\/p>\n<p>Weiteres im <a href=\"https:\/\/lefthander-consulting.org\/deutsch\/information\/literatur\/das-linkshaendige-kind-in-der-grundschule\/vorwort-zum-buch-das-linkshaendige-kind-in-der-grundschule\/\">Vorwort zum Buch<\/a> von Dr. Igl.<\/p>\n","protected":false},"excerpt":{"rendered":"<p>Dieses Buch wurde im Auftrag des Bayerischen Staatsministeriums f\u00fcr Unterricht, Kultus, Wissenschaft und Kunst erarbeitet und wendet sich sowohl an Lehrer, Schulpsychologen, P\u00e4dagogen, Erzieher als auch an Berufsgruppen, die im medizinisch-pr\u00e4ventiven Bereich mit Kindern arbeiten. Aber auch f\u00fcr Eltern bietet es Hilfestellungen, zumal sehr wenig entsprechende Literatur vorhanden ist. Es ist keine theoretische Abhandlung eines oft vernachl\u00e4ssigten Themas, sondern vermittelt echte Praxishilfe und ist durch diese Praxisbezogenheit, seine fundierte und gr\u00fcndliche Auseinandersetzung mit der Situation, die wir heute in der Schule und im Alltag des linksh\u00e4ndigen Kindes vorfinden, einmalig. &nbsp; Hauptthemen, mit denen sich das Buch auseinandersetzt, sind: Diagnose und Testm\u00f6glichkeiten der H\u00e4ndigkeit Schreibhaltung und Sitzordnung Sinnvolle Gebrauchsgegenst\u00e4nde Hinweise zum Handarbeits- und Werkunterricht Hinweise zum Musikunterricht Turnunterricht und Bewegungsspiele Folgen der Umschulung der H\u00e4ndigkeit M\u00f6glichkeiten der R\u00fcckschulung auf die dominante Hand Linksh\u00e4ndigkeit und Teilleistungsst\u00f6rungen Verschiedene themenrelevante Adressen Herausgeber: ISB-Staatsinstitut f\u00fcr Schulp\u00e4dagogik und Bildungsforschung, M\u00fcnchen 1993, Vertrieb Auer Verlag, Donauw\u00f6rth, 17., mehrfach \u00fcberarbeitete und aktualisierte &#8230; <a title=\"Das linksh\u00e4ndige Kind in der Grundschule\" class=\"read-more\" href=\"https:\/\/lefthander-consulting.org\/deutsch\/information\/literatur\/das-linkshaendige-kind-in-der-grundschule\/\" aria-label=\"Mehr Informationen \u00fcber Das linksh\u00e4ndige Kind in der Grundschule\">Read more<\/a><\/p>\n","protected":false},"author":4,"featured_media":0,"parent":41,"menu_order":4,"comment_status":"closed","ping_status":"closed","template":"","meta":{"_cbd_carousel_blocks":"[]","footnotes":""},"class_list":["post-2360","page","type-page","status-publish"],"_links":{"self":[{"href":"https:\/\/lefthander-consulting.org\/deutsch\/wp-json\/wp\/v2\/pages\/2360","targetHints":{"allow":["GET"]}}],"collection":[{"href":"https:\/\/lefthander-consulting.org\/deutsch\/wp-json\/wp\/v2\/pages"}],"about":[{"href":"https:\/\/lefthander-consulting.org\/deutsch\/wp-json\/wp\/v2\/types\/page"}],"author":[{"embeddable":true,"href":"https:\/\/lefthander-consulting.org\/deutsch\/wp-json\/wp\/v2\/users\/4"}],"replies":[{"embeddable":true,"href":"https:\/\/lefthander-consulting.org\/deutsch\/wp-json\/wp\/v2\/comments?post=2360"}],"version-history":[{"count":2,"href":"https:\/\/lefthander-consulting.org\/deutsch\/wp-json\/wp\/v2\/pages\/2360\/revisions"}],"predecessor-version":[{"id":2481,"href":"https:\/\/lefthander-consulting.org\/deutsch\/wp-json\/wp\/v2\/pages\/2360\/revisions\/2481"}],"up":[{"embeddable":true,"href":"https:\/\/lefthander-consulting.org\/deutsch\/wp-json\/wp\/v2\/pages\/41"}],"wp:attachment":[{"href":"https:\/\/lefthander-consulting.org\/deutsch\/wp-json\/wp\/v2\/media?parent=2360"}],"curies":[{"name":"wp","href":"https:\/\/api.w.org\/{rel}","templated":true}]}}