{"id":2260,"date":"2019-01-17T09:20:55","date_gmt":"2019-01-17T08:20:55","guid":{"rendered":"https:\/\/lefthander-consulting.org\/information\/musik-und-linkshaendigkeit\/musikinstrumente-und-linkshaendigkeit\/zupfinstrumente\/"},"modified":"2023-04-12T14:34:05","modified_gmt":"2023-04-12T12:34:05","slug":"zupfinstrumente","status":"publish","type":"page","link":"https:\/\/lefthander-consulting.org\/deutsch\/information\/musik-und-linkshaendigkeit\/musikinstrumente-und-linkshaendigkeit\/zupfinstrumente\/","title":{"rendered":"Zupfinstrumente"},"content":{"rendered":"<p>&nbsp;<\/p>\n<table style=\"height: 144px\" width=\"1096\">\n<tbody>\n<tr style=\"height: 24px\">\n<td style=\"height: 24px;width: 834.95px\">Gitarre<\/td>\n<td style=\"height: 24px;width: 15.7333px\"><strong>\u00a0<\/strong><\/td>\n<td style=\"height: 24px;width: 472.317px\"><strong><a href=\"https:\/\/lefthander-consulting.org\/deutsch\/information\/musik-und-linkshaendigkeit\/musikinstrumente-und-linkshaendigkeit\/blechblasinstrumente\/\">Blechblasinstrumente<\/a><\/strong><\/td>\n<\/tr>\n<tr style=\"height: 24px\">\n<td style=\"height: 24px;width: 834.95px\">E-Gitarre<\/td>\n<td style=\"height: 24px;width: 15.7333px\"><strong>\u00a0<\/strong><\/td>\n<td style=\"height: 24px;width: 472.317px\"><strong><a href=\"https:\/\/lefthander-consulting.org\/deutsch\/information\/musik-und-linkshaendigkeit\/musikinstrumente-und-linkshaendigkeit\/holzblasinstrumente\/\">Holzblasinstrumente<\/a><\/strong><\/td>\n<\/tr>\n<tr style=\"height: 24px\">\n<td style=\"height: 24px;width: 834.95px\">Mandoline<\/td>\n<td style=\"height: 24px;width: 15.7333px\"><strong>\u00a0<\/strong><\/td>\n<td style=\"height: 24px;width: 472.317px\"><strong><a href=\"https:\/\/lefthander-consulting.org\/deutsch\/information\/musik-und-linkshaendigkeit\/musikinstrumente-und-linkshaendigkeit\/schlagzeug-und-perkussionsinstrumente\/\">Schlagzeug und Perkussionsinstrumente<\/a> <\/strong><\/td>\n<\/tr>\n<tr style=\"height: 24px\">\n<td style=\"height: 24px;width: 834.95px\">Zither<\/td>\n<td style=\"height: 24px;width: 15.7333px\"><strong>\u00a0<\/strong><\/td>\n<td style=\"height: 24px;width: 472.317px\"><strong><a href=\"https:\/\/lefthander-consulting.org\/deutsch\/information\/musik-und-linkshaendigkeit\/musikinstrumente-und-linkshaendigkeit\/streichinstrumente\/\">Streichinstrumente<\/a><\/strong><\/td>\n<\/tr>\n<tr style=\"height: 24px\">\n<td style=\"height: 24px;width: 834.95px\">Harfe<\/td>\n<td style=\"height: 24px;width: 15.7333px\"><strong>\u00a0<\/strong><\/td>\n<td style=\"height: 24px;width: 472.317px\"><strong><a href=\"https:\/\/lefthander-consulting.org\/deutsch\/information\/musik-und-linkshaendigkeit\/musikinstrumente-und-linkshaendigkeit\/tasteninstrumente\/\">Tasteninstrumente<\/a> <\/strong><\/td>\n<\/tr>\n<tr style=\"height: 24px\">\n<td style=\"height: 24px;width: 834.95px\"><\/td>\n<td style=\"height: 24px;width: 15.7333px\"><\/td>\n<td style=\"height: 24px;width: 472.317px\"><strong><a href=\"https:\/\/lefthander-consulting.org\/deutsch\/netzwerk\/musikinstrumente-verkauf-und-verleih\/\">Bezugsquellen<\/a><\/strong><\/td>\n<\/tr>\n<\/tbody>\n<\/table>\n<p>Die <strong><em>Gitarre<\/em> <\/strong>ist in ihrer Standardbauweise ein Rechtsh\u00e4nderinstrument. Das gilt ebenso f\u00fcr die verwandten Instrumente wie <strong><em>Laute<\/em><\/strong>, <strong><em>Ukulele<\/em><\/strong> oder <strong><em>Mandoline<\/em><\/strong>. Vereinfacht gesagt, ist die linke Hand die Greifhand und die rechte Hand die Spielhand. Dabei erf\u00fcllt die Greifhand h\u00f6chst anspruchsvolle Aufgaben, denn das Abgreifen der Saiten setzt Kraft und gleichzeitig gro\u00dfe Gel\u00e4ufigkeit voraus, Vibratotechniken ben\u00f6tigen Flexibilit\u00e4t in Handgelenk und Fingern. Dennoch ist die Greifhand nur die vorbereitende Hand; erst die Zupf- oder Schlaghand bringt das Instrument zum Klingen. Diese ist f\u00fcr die Qualit\u00e4t des Tones und die Gleichm\u00e4\u00dfigkeit des Rhythmus\u2018 zust\u00e4ndig. Die Finger der tonerzeugenden Hand m\u00fcssen schnell, pr\u00e4zise, kr\u00e4ftig und ausdauernd in der Bewegungskoordination sein und au\u00dferdem viel Feingef\u00fchl f\u00fcr die Tonbildung haben. Dies sind Aufgaben, die der dominanten Hand entsprechen.<\/p>\n<p>Im Bereich der Popularmusik und der Folkmusik gibt es viele linksh\u00e4ndige Gitarristen, die ihr Instrument andersherum spielen, also mit der dominanten Hand zupfen und schlagen. Am h\u00e4ufigsten werden hier die ber\u00fchmten Vorbilder Paul McCartney und Jimi Hendrix genannt. Weitere Beispiele finden sich, besonders eindrucksvoll demonstriert, in dem gro\u00dfen, zweib\u00e4ndigen Buch von John Engel, Uncommon Sound (Br\u00fcssel, 2006).<\/p>\n<p>Im \u201eklassischen\u201c Bereich, ebenso im Bereich der sog. \u201eAlten Musik\u201c, treten auch immer mehr linksh\u00e4ndige Gitarristen und Lautenisten in die \u00d6ffentlichkeit (siehe auch die Internetseite <a href=\"http:\/\/www.linksgespielt.de\">www.linksgespielt.de<\/a>).<\/p>\n<p>An Musikschulen wird die Gitarre sowie auch die einfacher zu spielende viersaitige Ukulele, vereinzelt auch die Mandoline, durchaus h\u00e4ufig links herum unterrichtet. Im Anfangsunterricht k\u00f6nnen diese Instrumente durch das Umspannen der Saiten f\u00fcr das linksh\u00e4ndige Spiel umgebaut werden. Gitarrenbauer bauen Gitarren f\u00fcr Linksh\u00e4nder um, indem sie die Saiten umspannen und zus\u00e4tzlich den Steg anpassen. Linksh\u00e4ndergitarren von guter Qualit\u00e4t gibt es bereits serienm\u00e4\u00dfig. (Arnoldussen, H\u00e4ndigkeit und Instrument, 2020, S. 85 und S. 178)<\/p>\n<p>Ein weiteres Zupfinstrument ist die <strong><em>Harfe, <\/em><\/strong>die in verschiedenen Musikstilen verwendet und auch von Kindern (an den Musikschulen) h\u00e4ufiger gespielt wird. Eine Harfe ist nahezu symmetrisch gebaut. Die Saiten werden mit den Fingern beider H\u00e4nde (ohne den kleinen Finger) gezupft. Die Aufgabenverteilung der H\u00e4nde ist h\u00e4ufig so, dass die rechte Hand (in der oberen, k\u00f6rpern\u00e4heren Position) die Melodie spielt und die schnelleren Passagen hat und die linke Hand in der unteren Position die Begleitung, z.B. in gebrochenen Akkorden (Arpeggien) \u00fcbernimmt. Viele Techniken werden auch mit beiden H\u00e4nden gleicherma\u00dfen ausgef\u00fchrt, wie z.B. das Glissando, wo die H\u00e4nde \u00fcbereinander greifen (Mengler, Musizieren mit links, 2010, S 122 ff.). Manche Harfenist*innen bewerten den Part der linken Hand als eher schwieriger als den Part der rechten Hand, da die tiefen Saiten l\u00e4nger und dicker sind \u2013 bei den Pedalharfen sind sie aus Stahl \u2013 und somit die linke Hand, die au\u00dferdem weiter entfernt vom K\u00f6rper agiert, mehr Kraft braucht (Arnoldussen, H\u00e4ndigkeit und Instrument, 2020, S. 190).<\/p>\n<p>Einige Linksh\u00e4nder*innen spielen die Harfe mit der linken Hand in der oberen, k\u00f6rpern\u00e4heren Position. Es kommt ihrer Handdominanz entgegen, mit der linken Hand die Melodie zu spielen und das Instrument an die linke Schulter zu legen, was auch relativ problemlos m\u00f6glich ist.<br \/>\nBei einer Pedalharfe gibt es in dieser Haltung auch keine weiteren Schwierigkeiten bzgl. der Einstellung der Halbt\u00f6ne: drei Pedale werden mit dem linken Fu\u00df, vier Pedale mit dem rechten Fu\u00df bedient. Bei der Hakenharfe (Keltische Harfe) allerdings, bei der die Halbt\u00f6ne mittels \u201eHaken\u201c (Klappen) eingestellt werden, entsteht jedoch die Schwierigkeit, dass zum Bedienen der Haken die rechte Hand \u00fcber die Quers\u00e4ule hinweg greifen muss; dabei sind die Haken aber verdeckt und k\u00f6nnen nicht so schnell gegriffen werden. F\u00fcr Linksh\u00e4nder*innen ergibt sich eine weitere Schwierigkeit beim Stimmen des Instruments, da der Stimmschl\u00fcssel mit der rechten Hand auf jeden einzelnen Wirbel auf der rechten Seite des Instruments gesteckt werden muss. Die rechte, nicht dominante Hand muss dabei sehr feine, minimale Drehbewegungen ausf\u00fchren, um die exakte Tonh\u00f6he zu erreichen. Spezielle Harfen f\u00fcr Linksh\u00e4nder, die genau spiegelbildlich gebaut sind, sind Sonderanfertigungen.<\/p>\n<p>Die <strong><em>Zither, <\/em><\/strong>ein im Volksmusikbereich des bayerischen und erzgebirgischen Raumes beliebtes Instrument, ist f\u00fcr Linksh\u00e4nder*innen eher ung\u00fcnstig und l\u00e4sst sich vermutlich auch nicht umbauen. Mit einem Ring am Daumen der rechten Hand werden die Melodiesaiten gezupft, die von der linken Hand abgedr\u00fcckt werden. Eine Mehrstimmigkeit entsteht, indem die \u00fcbrigen Finger der rechten Hand die nicht abgegriffenen Begleitsaiten zupfen, was eine sehr differenzierte Technik (der rechten Hand) erfordert. (Arnoldussen, H\u00e4ndigkeit und Instrument, 2020, S 191)<\/p>\n","protected":false},"excerpt":{"rendered":"<p>&nbsp; Gitarre \u00a0 Blechblasinstrumente E-Gitarre \u00a0 Holzblasinstrumente Mandoline \u00a0 Schlagzeug und Perkussionsinstrumente Zither \u00a0 Streichinstrumente Harfe \u00a0 Tasteninstrumente Bezugsquellen Die Gitarre ist in ihrer Standardbauweise ein Rechtsh\u00e4nderinstrument. Das gilt ebenso f\u00fcr die verwandten Instrumente wie Laute, Ukulele oder Mandoline. Vereinfacht gesagt, ist die linke Hand die Greifhand und die rechte Hand die Spielhand. Dabei erf\u00fcllt die Greifhand h\u00f6chst anspruchsvolle Aufgaben, denn das Abgreifen der Saiten setzt Kraft und gleichzeitig gro\u00dfe Gel\u00e4ufigkeit voraus, Vibratotechniken ben\u00f6tigen Flexibilit\u00e4t in Handgelenk und Fingern. Dennoch ist die Greifhand nur die vorbereitende Hand; erst die Zupf- oder Schlaghand bringt das Instrument zum Klingen. Diese ist f\u00fcr die Qualit\u00e4t des Tones und die Gleichm\u00e4\u00dfigkeit des Rhythmus\u2018 zust\u00e4ndig. Die Finger der tonerzeugenden Hand m\u00fcssen schnell, pr\u00e4zise, kr\u00e4ftig und ausdauernd in der Bewegungskoordination sein und au\u00dferdem viel Feingef\u00fchl f\u00fcr die Tonbildung haben. Dies sind Aufgaben, die der dominanten Hand entsprechen. Im Bereich der Popularmusik und der Folkmusik gibt es viele linksh\u00e4ndige Gitarristen, die &#8230; <a title=\"Zupfinstrumente\" class=\"read-more\" href=\"https:\/\/lefthander-consulting.org\/deutsch\/information\/musik-und-linkshaendigkeit\/musikinstrumente-und-linkshaendigkeit\/zupfinstrumente\/\" aria-label=\"Mehr Informationen \u00fcber Zupfinstrumente\">Read more<\/a><\/p>\n","protected":false},"author":4,"featured_media":0,"parent":2190,"menu_order":5,"comment_status":"closed","ping_status":"closed","template":"","meta":{"_cbd_carousel_blocks":"[]","footnotes":""},"class_list":["post-2260","page","type-page","status-publish"],"_links":{"self":[{"href":"https:\/\/lefthander-consulting.org\/deutsch\/wp-json\/wp\/v2\/pages\/2260","targetHints":{"allow":["GET"]}}],"collection":[{"href":"https:\/\/lefthander-consulting.org\/deutsch\/wp-json\/wp\/v2\/pages"}],"about":[{"href":"https:\/\/lefthander-consulting.org\/deutsch\/wp-json\/wp\/v2\/types\/page"}],"author":[{"embeddable":true,"href":"https:\/\/lefthander-consulting.org\/deutsch\/wp-json\/wp\/v2\/users\/4"}],"replies":[{"embeddable":true,"href":"https:\/\/lefthander-consulting.org\/deutsch\/wp-json\/wp\/v2\/comments?post=2260"}],"version-history":[{"count":7,"href":"https:\/\/lefthander-consulting.org\/deutsch\/wp-json\/wp\/v2\/pages\/2260\/revisions"}],"predecessor-version":[{"id":12003,"href":"https:\/\/lefthander-consulting.org\/deutsch\/wp-json\/wp\/v2\/pages\/2260\/revisions\/12003"}],"up":[{"embeddable":true,"href":"https:\/\/lefthander-consulting.org\/deutsch\/wp-json\/wp\/v2\/pages\/2190"}],"wp:attachment":[{"href":"https:\/\/lefthander-consulting.org\/deutsch\/wp-json\/wp\/v2\/media?parent=2260"}],"curies":[{"name":"wp","href":"https:\/\/api.w.org\/{rel}","templated":true}]}}