{"id":2152,"date":"2019-01-12T18:32:14","date_gmt":"2019-01-12T17:32:14","guid":{"rendered":"https:\/\/lefthander-consulting.org\/beratung\/testung\/testung-artikel\/"},"modified":"2019-04-04T19:36:32","modified_gmt":"2019-04-04T17:36:32","slug":"testung-artikel","status":"publish","type":"page","link":"https:\/\/lefthander-consulting.org\/deutsch\/beratung\/testung\/testung-artikel\/","title":{"rendered":"Testung &#8211; Artikel"},"content":{"rendered":"<p><span style=\"font-size: 18pt;font-family: arial, helvetica, sans-serif\"><b>ZUR TESTUNG DER LINKSH\u00c4NDIGKEIT<\/b><\/span><\/p>\n<p><span style=\"font-size: 14pt;font-family: arial, helvetica, sans-serif\">Dr. Johanna Barbara Sattler (1)<\/span><\/p>\n<p><span style=\"font-family: arial, helvetica, sans-serif\"><span style=\"font-size: 14pt\"><b>Vorbemerkung<br \/>\n<\/b><\/span>Zun\u00e4chst mu\u00df eindeutig festgestellt werden, dass eine seri\u00f6se H\u00e4ndigkeitstestung nur von einem Fachmann durchgef\u00fchrt werden kann. Das ist durch die Tatsache begr\u00fcndet, dass H\u00e4ndigkeit nicht nur eine Frage des bevorzugten Handgebrauchs f\u00fcr bestimmte T\u00e4tigkeiten ist, sondern mit der Betonung im menschlichen Gehirn zusammenh\u00e4ngt, beziehungsweise durch die motorische Dominanz der gegen\u00fcberliegenden Gehirnh\u00e4lfte verursacht wird.<\/span><\/p>\n<p><span style=\"font-family: arial, helvetica, sans-serif\">Wir haben es hier also mit hoch komplizierten Prozessen aus dem neurophysiologischen Bereich zu tun, die durch bestimmte St\u00f6rungen und negative Beeinflussungen unter anderem auch in einer Irritation der H\u00e4ndigkeit m\u00fcnden k\u00f6nnen (oft treten in solchen F\u00e4llen auch andere St\u00f6rungen in der Entwicklung des Kindes auf, zum Beispiel in der Fein- und Grobmotorik oder der Sprache, wobei die nach au\u00dfen nicht eindeutige H\u00e4ndigkeitsentwicklung nicht Ursache, sondern Folge ist.<\/span><\/p>\n<p><span style=\"font-family: arial, helvetica, sans-serif\">Neben diesen neurophysiologischen Irritationen der H\u00e4ndigkeitsentwicklung kennen wir aber noch zwei andere massive Einflu\u00dffaktoren:<\/span><\/p>\n<p><span style=\"font-family: arial, helvetica, sans-serif\">1. Umschulungsversuche der Umgebung des linksh\u00e4ndigen Kindes zum Gebrauch der rechten Hand und<\/span><br \/>\n<span style=\"font-family: arial, helvetica, sans-serif\">2. Modell- und Nachahmungsverhalten des linksh\u00e4ndigen Kindes als Anpassung an die rechtsh\u00e4ndige Umwelt.Das bedeutet, dass Linksh\u00e4ndigkeit sich bei einem Kind, aber auch bei einem Erwachsenen, sehr unterschiedlich nach au\u00dfen manifestieren kann und vornehmlich durch eine oder mehrere der drei genannten Ursachen verzerrend beeinflu\u00dft worden sein kann.<\/span><\/p>\n<p><span style=\"font-family: arial, helvetica, sans-serif\">Hier zu einem sicheren Ergebnis \u00fcber die tats\u00e4chliche, angeborene H\u00e4ndigkeit zu kommen, ist oft nicht leicht, denn es setzt sowohl medizinische Kenntnisse, als auch psychologisches und soziologisches Wissen voraus und dann geh\u00f6rt noch eine sehr geschulte Beobachtung und Kenntnis sinnvoller Testmethodik zur H\u00e4ndigkeitsuntersuchung dazu.<\/span><\/p>\n<p><span style=\"font-family: arial, helvetica, sans-serif\">Eine pure Selbsteinsch\u00e4tzung der eigenen H\u00e4ndigkeit durch das Kind, aber auch bei vielen Erwachsenen, ist besonders bei nicht eindeutiger H\u00e4ndigkeitsmanifestation sehr gef\u00e4hrlich und es soll ausdr\u00fccklich davor gewarnt werden.<\/span><\/p>\n<p><span style=\"font-family: arial, helvetica, sans-serif\"><b>Professionelle H\u00e4ndigkeitstestung<br \/>\n<\/b>Folgende Berufsgruppen sind zur H\u00e4ndigkeitstestung besonders pr\u00e4destiniert, wo-bei der einzelne Vertreter aber doch eine etwas tiefergehende Weiterbildung auf diesem Gebiet vorweisen k\u00f6nnen sollten, denn in den meisten Berufsausbildungen wird bis heute leider nicht speziell auf Linksh\u00e4ndertestung eingegangen, jedoch best\u00e4tigen Ausnahmen nat\u00fcrlich wieder die Regel: Ergo- und Mototherapeuten, Heilp\u00e4dagogen, Schulpsychologen und manche Sozialp\u00e4dagogen.<\/span><\/p>\n<p><span style=\"font-family: arial, helvetica, sans-serif\"><b>\u00dcberlegungen zur Selbstbeobachtung<br \/>\n<\/b>Um aber auch dem Nichtfachmann und den Betroffenen gewisse Anhaltspunkte zu geben, sollen doch einige, eher als Vortest zu betrachtende Hinweise aufgef\u00fchrt werden.<\/span><\/p>\n<p><span style=\"font-family: arial, helvetica, sans-serif\">Selbstverst\u00e4ndlich ist bei manchen Menschen die Linksh\u00e4ndigkeit so eindeutig, dass keinerlei Zweifel an ihr bestehen und die oben aufgef\u00fchrten \u00dcberlegungen nicht relevant sind. Das sind Menschen, die oft schon seit dem Alter von ein bis zwei Jahren wichtige T\u00e4tigkeiten bevorzugt mit der linken Hand ausf\u00fchren. Sofern es nicht zu einer Beeinflussung der Linksh\u00e4ndigkeit von au\u00dfen kommt, wechseln diese Kinder auch nicht im Handgebrauch, sondern bevorzugen durchgehend die linke Hand. Oft trifft das auch auf die F\u00fc\u00dfe zu, doch ist hier manchmal nicht eindeutig zu entscheiden, welches bei bestimmten Bewegungsabl\u00e4ufen der wichtigere Fu\u00df ist, besonders wenn beide F\u00fc\u00dfe dabei gebraucht werden &#8211; wie zum Beispiel beim Fu\u00dfballspielen, wo auch das Standbein und nicht nur der kickende Fu\u00df wichtig ist.<\/span><\/p>\n<p><span style=\"font-family: arial, helvetica, sans-serif\">Dann gibt es aber die Gruppe der Linksh\u00e4nder, die durch sanfte oder fr\u00fcher massive bis brutale Umschulungsma\u00dfnahmen (wie \u00dcberredung, Schl\u00e4ge, Festbinden oder Eingipsen der linken Hand) zum Gebrauch der rechten Hand umgeschult wurden. Das betrifft besonders Kulturverhalten und -techniken, wie essen mit Messer, Gabel und L\u00f6ffel, Hand geben bei der Begr\u00fc\u00dfung (&#8222;gib doch das sch\u00f6ne H\u00e4ndchen&#8220;), malen, schreiben und schneiden, Kartoffeln sch\u00e4len und Handarbeiten.<\/span><\/p>\n<p><span style=\"font-family: arial, helvetica, sans-serif\">Diese Gruppe der linksh\u00e4ndigen Kinder bzw. Erwachsenen verrichtet viele der genannten T\u00e4tigkeiten mit der rechten Hand. Andere, von den Erziehungsma\u00dfnahmen nicht betroffene T\u00e4tigkeiten werden jedoch zu einem gro\u00dfen Teil weiter links vollzogen. Dazu geh\u00f6rt oft werfen, Z\u00e4hne putzen, greifen, Blumen gie\u00dfen, h\u00e4mmern, w\u00fcrfeln, kreiseln. Hier werden bewu\u00dft T\u00e4tigkeiten aufgez\u00e4hlt, die nur mit einer Hand vollzogen werden und deren Beobachtungsm\u00f6glichkeit dann leichter und aussagekr\u00e4ftiger ist. Aber schon das Werfen und Sportarten, wie Tennis, Fechten, Hockey, Golf sind wieder stark von der Art, wie der Lehrer es dem linksh\u00e4ndigen Kind vorgemacht und gezeigt hat, abh\u00e4ngig und sie sind daher kein sicheres Indiz, dass es sich um &#8222;keinen echten Linksh\u00e4nder&#8220; handelt, weil das Kind zum Beispiel rechts wirft oder Golf spielt, wenn es ansonsten viel links macht.<\/span><\/p>\n<p><span style=\"font-family: arial, helvetica, sans-serif\">Linksh\u00e4ndige Kinder, die oft auf Grund von leichten zerebralen St\u00f6rungen (die im Normalfall nicht die Intelligenz betreffen!) l\u00e4ngere Zeit brauchen, um deutlich ihre Linksh\u00e4ndigkeit zu manifestieren und die zeitweise im bevorzugten Handgebrauch hin- und herwechseln, sind besonders gef\u00e4hrdet, sich eine falsche H\u00e4ndigkeit einzu\u00fcben. Sie haben manchmal leichte St\u00f6rungen in der Feinmotorik und daher erm\u00fcdet die dominante Hand schneller und sie wechseln dann auf die andere Hand \u00fcber. Manche linksh\u00e4ndige Kinder gew\u00f6hnen sich dadurch einen andauernden Wechsel des Handgebrauchs so an, dass die nicht dominante rechte Hand schlie\u00dflich bestimmte T\u00e4tigkeiten ganz \u00fcbernimmt und automatisiert. Das kann in umgekehrter Richtung auch bei einem rechtsh\u00e4ndigen Kind geschehen. Allerdings zielen auch heute noch die zwar meist eher vorsichtig versuchten Umschulungen bei kleinen Kindern eher in eine Beeinflussung zur Rechtsh\u00e4ndigkeit und somit sind linksh\u00e4ndige Kinder mit zun\u00e4chst wechselndem Handgebrauch st\u00e4rker gef\u00e4hrdet. Man sollte diese Kinder in Ruhe lassen und m\u00f6glichst wenig Fragen zur H\u00e4ndigkeit vor dem Kind diskutieren, um es nicht zu beeinflussen. Ansonsten kann es geschehen, dass sich manche linksh\u00e4ndigen Kinder bewu\u00dft selbst umschulen, weil sie meinen, Rechtsh\u00e4ndigkeit sei besser f\u00fcr sie oder weil sie zum Beispiel einem Elternteil die gr\u00f6\u00dfere Glaubw\u00fcrdigkeit einr\u00e4umen und sich nach dessen Meinung ausrichten.<\/span><\/p>\n<p><span style=\"font-family: arial, helvetica, sans-serif\">Hier ist besonders das Modell- und Nachahmungsverhalten der intelligenten und wachen Kinder ein gef\u00e4hrlicher Beeinflussungsfaktor der angeborenen H\u00e4ndigkeit.<\/span><\/p>\n<p><span style=\"font-family: arial, helvetica, sans-serif\">Hat sich bei einem solchen Kind etwa im Alter von vier bis f\u00fcnf Jahren noch keine eindeutige H\u00e4ndigkeit herausgestellt, sollte unbedingt fachlicher Rat und komponente Hilfe eingeholt werden. Denn letztendlich zu Schulbeginn mu\u00df die Schreibhand sp\u00e4testens festgelegt sein. Andere T\u00e4tigkeiten k\u00f6nnen eventuell auf der nicht dominanten Hand bleiben, um einge\u00fcbte Handlungsabl\u00e4ufe des Kindes nicht zu sehr durcheinanderzubringen und das Kind durch zu viele Umstellungen zu \u00fcberlasten und zu stark zu frustrieren.<\/span><\/p>\n<p><span style=\"font-family: arial, helvetica, sans-serif\">Erwachsene Linksh\u00e4nder haben diesen wechselnden Handgebrauch und die Anpassung an die rechtsh\u00e4ndige Umwelt in der fr\u00fchen Kindheit oft vergessen und verdr\u00e4ngt, so dass mancher eine sehr gro\u00dfe Affinit\u00e4t zu seiner linken Hand versp\u00fcrt, ohne sich aber konkret an eine Umschulung der H\u00e4ndigkeit zu erinnern. Er ist eigentlich ein Linksh\u00e4nder, kann diese Wahrnehmung aber nicht mehr an Geschehnissen und Erinnerungen festmachen. Manchmal k\u00f6nnen hier Kinderfotos weiterhelfen, denn auch die Eltern haben die anf\u00e4ngliche Neigung zur Linksh\u00e4ndigkeit ihres Kindes sp\u00e4ter oft vergessen oder \u00fcberhaupt nicht wirklich darauf geachtet und wahrgenommen.<\/span><\/p>\n<p><span style=\"font-family: arial, helvetica, sans-serif\">Es gibt aber auch viele linksh\u00e4ndige Kinder, die wach und intelligent sind und ihre Umgebung sehr beobachten und genau nachahmen. Wenn so ein linksh\u00e4ndiges Kind etwas zum Wechseln des Handgebrauchs neigt und\/oder die Umgebung gute Argumente f\u00fcr den Gebrauch der rechten Hand anbringt, schulen sich solche linksh\u00e4ndigen Kinder oft selbst auf die rechte Hand um, was dann in die entsprechende Umschulungsfolgen m\u00fcndet (2).<\/span><br \/>\n<b><\/b><\/p>\n<p><span style=\"font-family: arial, helvetica, sans-serif\"><b>Einige T\u00e4tigkeiten, die zur H\u00e4ndigkeitsbestimmung geeignet beziehungsweise ungeeignet sind<br \/>\n<\/b>1. a) Besonders aussagekr\u00e4ftig sind T\u00e4tigkeiten die nur mit <strong>einer Hand<\/strong> durchgef\u00fchrt <strong>werden und m\u00f6glichst wenig von erzieherischen Ma\u00dfnahmen beeinflu\u00dft<\/strong> sind:<\/span><\/p>\n<ul>\n<li><span style=\"font-family: arial, helvetica, sans-serif\">Blumen gie\u00dfen (kleine Kanne)<\/span><\/li>\n<li><span style=\"font-family: arial, helvetica, sans-serif\">Z\u00e4hne putzen<\/span><\/li>\n<li><span style=\"font-family: arial, helvetica, sans-serif\">kreiseln<\/span><\/li>\n<li><span style=\"font-family: arial, helvetica, sans-serif\">w\u00fcrfeln<\/span><\/li>\n<li><span style=\"font-family: arial, helvetica, sans-serif\">Perlen aus einem Gef\u00e4\u00df holen und wieder in dieses einsammeln<\/span><\/li>\n<li><span style=\"font-family: arial, helvetica, sans-serif\">Perlen auf einen senkrecht befestigen d\u00fcnnen Draht stecken<\/span><\/li>\n<li><span style=\"font-family: arial, helvetica, sans-serif\">Streichh\u00f6lzer z\u00e4hlen<\/span><\/li>\n<li><span style=\"font-family: arial, helvetica, sans-serif\">Streichh\u00f6lzer in die Schachtel zur\u00fccklegen<\/span><\/li>\n<\/ul>\n<p><span style=\"font-family: arial, helvetica, sans-serif\">1. b) T\u00e4tigkeiten, die<strong> beide H\u00e4nde<\/strong> erfordern erweisen sich oft als <strong>irritierende Beobachtungskriterien<\/strong>, weil verschiedene Gr\u00f6\u00dfen und unterschiedlich gutes Handeling von Gegenst\u00e4nden den Handgebrauch beeinflu\u00dft:<\/span><\/p>\n<ul>\n<li><span style=\"font-family: arial, helvetica, sans-serif\">Perlen auff\u00e4deln<\/span><\/li>\n<li><span style=\"font-family: arial, helvetica, sans-serif\">kehren mit Besen und Schaufel<\/span><\/li>\n<li><span style=\"font-family: arial, helvetica, sans-serif\">bl\u00e4ttern in einem Buch<\/span><\/li>\n<li><span style=\"font-family: arial, helvetica, sans-serif\">Messer und Gabel<\/span><\/li>\n<\/ul>\n<p><span style=\"font-family: arial, helvetica, sans-serif\">2. Bestimmte T\u00e4tigkeiten k\u00f6nnen ein sehr gutes Beobachtungskriterium sein, da sie aber stark im Blickpunkt der Erziehung stehen, werden sie oft beeinflu\u00dft und sind bei unternommenen Umschulungsversuchen der H\u00e4ndigkeit \u00e4u\u00dferst irref\u00fchrend:<\/span><\/p>\n<ul>\n<li><span style=\"font-family: arial, helvetica, sans-serif\">essen mit dem L\u00f6ffel, der Gabel<\/span><\/li>\n<li><span style=\"font-family: arial, helvetica, sans-serif\">malen und schreiben<\/span><\/li>\n<\/ul>\n<p><span style=\"font-family: arial, helvetica, sans-serif\">3. Durch <strong>fehlende linkshandgerechte Gebrauchsgegenst\u00e4nde<\/strong> beeinflu\u00dfter Handgebrauch ist auch ein oft sehr irritierendes Beurteilungskriterium, besonders weil h\u00e4ufig die durch Automatisierung erfolgte feste Ein\u00fcbung vergessen wird. So glauben manche Eltern, dass wenn sie ihrem sechsj\u00e4hrigen, linksh\u00e4ndigen Kind jetzt endlich eine Linksh\u00e4nderschere kaufen, es diese auch begeistert annimmt und sofort mit ihr problemlos schneiden kann. Sie vergessen, dass das Kind schon mindestens drei Jahre mit der nicht so g\u00fcnstigen Rechtsh\u00e4nderschere in der linken Hand geschnitten hat, die Hand-Augenkoordination sich fest eingepr\u00e4gt hat und das Kind nicht ohne Anpassungs- und Umlernprozesse mit der eigentlich viel geeigneteren Linksh\u00e4nderschere schneiden kann. Ganz besonders mu\u00df hier genannt werden:<\/span><\/p>\n<ul>\n<li><span style=\"font-family: arial, helvetica, sans-serif\">schneiden<\/span><\/li>\n<li><span style=\"font-family: arial, helvetica, sans-serif\">Gebrauch des Kartoffelsch\u00e4lers und Dosen\u00f6ffners<\/span><\/li>\n<li><span style=\"font-family: arial, helvetica, sans-serif\">\u00f6ffnen einer Flasche mit dem Korkenzieher<\/span><\/li>\n<li><span style=\"font-family: arial, helvetica, sans-serif\">oft auch die Benutzung des B\u00fcgeleisens<\/span><\/li>\n<\/ul>\n<p><span style=\"font-family: arial, helvetica, sans-serif\">4. Typisch f\u00fcr linksh\u00e4ndige Kinder ist die <strong>Spiegelschrift<\/strong>, also das Verdrehen einzelner Buchstaben und ganzer Worte. Viele linksh\u00e4ndige Kinder m\u00f6chten in der oberen rechten Ecke zu lesen beginnen oder bl\u00e4ttern das Buch von hinten nach vorne. Allerdings ist hier wieder Vorsicht angesagt, denn auch rechtsh\u00e4ndige Kinder verdrehen anfangs manchmal Buchstaben.<\/span><\/p>\n<p><span style=\"font-family: arial, helvetica, sans-serif\">5. H\u00e4ndigkeitstests wie Spurennachzeichnen, Punktieren u.\u00e4. sollten nur von Fachleuten durchgef\u00fchrt und ausgewertet werden.<\/span><br \/>\n<span style=\"font-family: arial, helvetica, sans-serif\">Auch ist vor weitgehenden <strong>R\u00fcckschl\u00fcssen aus der Schreibqualit\u00e4t<\/strong> von Kindern zu warnen, insbesondere, wenn man Kinder im Alter um die Einschulungszeit ihren Namen einmal mit der rechten und einmal mit der linken Hand schreiben l\u00e4\u00dft. Dieses erste Schreiben ist oft mehr ein sehr konzentriertes Malen und kein wirklich aussagekr\u00e4ftiges Kriterium \u00fcber die H\u00e4ndigkeit des Kindes.<\/span><\/p>\n<p><span style=\"font-family: arial, helvetica, sans-serif\">6. Die <strong>F\u00fc\u00dfigkeit ist ein sehr gef\u00e4hrliches Testkriterium<\/strong>. Auf der einen Seite treten Entscheidungsschwierigkeiten auf, welcher Fu\u00df der wichtigere ist und auf der anderen Seite k\u00f6nnen bei der F\u00fc\u00dfigkeit oft auch wieder irritierende Auswirkungen aus ganz anderer Ursache relevant werden. Nat\u00fcrlich kann man den bevorzugten Fu\u00dfgebrauch beobachten, aber man sollte sehr vorsichtig mit Schlu\u00dffolgerungen sein.<\/span><\/p>\n<p><span style=\"font-family: arial, helvetica, sans-serif\">7. H\u00e4ufig wird auch die <strong>\u00c4ugigkeit<\/strong> gepr\u00fcft, zum Beispiel beim Durchschauen durch ein Papierrohr, ein Kaleidoskop oder durch das Schl\u00fcsselloch. Aber \u00e4hnlich wie auch bei der <strong>Ohrigkeit<\/strong> kommt es hier oft zu Irritationen auf Grund von ganz anderen Einfl\u00fcssen, die in Funktionsst\u00f6rungen bereits in dem jeweiligen Organ, also dem Auge oder Ohr, begr\u00fcndet sind oder sogar im Gehirn. Daher sind auch dies sehr mit Vorsicht zu behandelnde T\u00e4tigkeitskriterien.<\/span><\/p>\n<p><span style=\"font-family: arial, helvetica, sans-serif\"><b>Schlu\u00df\u00fcberlegungen<br \/>\n<\/b>Es war nicht Absicht dieses Artikels Eltern oder Betroffene zu verwirren, sondern vor \u00fcbereilten Schl\u00fcssen zu warnen, die massive negative Folgen f\u00fcr den Betroffenen haben k\u00f6nnen.<\/span><\/p>\n<p><span style=\"font-family: arial, helvetica, sans-serif\">Gerade bei der Testung der Linksh\u00e4ndigkeit wurde und wird leider auch heute noch manchmal sehr oberfl\u00e4chlich und leichtfertig vorgegangen und zwar meist zum Schaden des Linksh\u00e4nders.<\/span><\/p>\n<p><span style=\"font-family: arial, helvetica, sans-serif\">Zuletzt soll aber noch betont werden, dass man sich nicht verr\u00fcckt machen, sondern die Sache eher mit Gelassenheit angehen soll.<\/span><\/p>\n<p><span style=\"font-family: arial, helvetica, sans-serif\">Eine Tatsache darf dabei nie vergessen werden: Wir haben zwei H\u00e4nde, die wir benutzen und meist stellt sich die F\u00fchrungshand eindeutig heraus, aber manchmal benutzt man auch die andere, nicht dominante Hand f\u00fcr vermeintliche oder tats\u00e4chliche F\u00fchrungsaufgaben, ohne dass es sofort zu Irritationen kommt.<\/span><\/p>\n<p><span style=\"font-family: arial, helvetica, sans-serif\">Kritisch wird es auf alle F\u00e4lle beim Schreiben mit der nicht dominanten Hand und bei anderen sehr h\u00e4ufig ausgef\u00fchrten, eine Hand besonders belastende T\u00e4tigkeiten, wie zum Beispiel beim Musizieren und Sport und ganz besonders sp\u00e4ter bei Profis. Zu nennen ist zum Beispiel Schlagzeug und Gitarre oder auch Fechten, Tennis und Bewegungsabl\u00e4ufe wie beim Ballett. Hier ist es absolut wichtig, die tats\u00e4chlich dominante Hand herauszufinden <span style=\"font-size: 12pt\">und gerade sie f\u00fcr diese T\u00e4tigkeiten zu benutzen.<\/span><\/span><\/p>\n<p><span style=\"font-family: arial, helvetica, sans-serif;font-size: 12pt\"><b>Anmerkungen:<br \/>\n<\/b>1) Leiterin der Ersten deutschen Beratungs- und Informationsstelle f\u00fcr Linksh\u00e4nder und umgeschulte Linksh\u00e4nder, M\u00fcnchen<\/span><\/p>\n<p><span style=\"font-family: arial, helvetica, sans-serif;font-size: 12pt\">2) Siehe dazu Sattler, Johanna Barbara,\u00a0<a href=\"https:\/\/lefthander-consulting.org\/deutsch\/information\/literatur\/der-umgeschulte-linkshaender-oder-der-knoten-im-gehirn\/\">Der umgeschulte Linksh\u00e4nder oder Der Knoten im Gehirn<\/a>.\u00a0<a href=\"\/deutsch\/AuerVerlag.htm\">Auer Verlag<\/a>\u00a0Donauw\u00f6rth, 1998 (4).<\/span><\/p>\n<p><span style=\"font-family: arial, helvetica, sans-serif;font-size: 12pt\">Dieser Artikel erschien in der Zeitschrift &#8222;LeftHandCorner&#8220;, Nr. 2\/1998, S. 6-12<\/span><\/p>\n","protected":false},"excerpt":{"rendered":"<p>ZUR TESTUNG DER LINKSH\u00c4NDIGKEIT Dr. Johanna Barbara Sattler (1) Vorbemerkung Zun\u00e4chst mu\u00df eindeutig festgestellt werden, dass eine seri\u00f6se H\u00e4ndigkeitstestung nur von einem Fachmann durchgef\u00fchrt werden kann. Das ist durch die Tatsache begr\u00fcndet, dass H\u00e4ndigkeit nicht nur eine Frage des bevorzugten Handgebrauchs f\u00fcr bestimmte T\u00e4tigkeiten ist, sondern mit der Betonung im menschlichen Gehirn zusammenh\u00e4ngt, beziehungsweise durch die motorische Dominanz der gegen\u00fcberliegenden Gehirnh\u00e4lfte verursacht wird. Wir haben es hier also mit hoch komplizierten Prozessen aus dem neurophysiologischen Bereich zu tun, die durch bestimmte St\u00f6rungen und negative Beeinflussungen unter anderem auch in einer Irritation der H\u00e4ndigkeit m\u00fcnden k\u00f6nnen (oft treten in solchen F\u00e4llen auch andere St\u00f6rungen in der Entwicklung des Kindes auf, zum Beispiel in der Fein- und Grobmotorik oder der Sprache, wobei die nach au\u00dfen nicht eindeutige H\u00e4ndigkeitsentwicklung nicht Ursache, sondern Folge ist. Neben diesen neurophysiologischen Irritationen der H\u00e4ndigkeitsentwicklung kennen wir aber noch zwei andere massive Einflu\u00dffaktoren: 1. Umschulungsversuche der Umgebung des linksh\u00e4ndigen Kindes zum Gebrauch &#8230; <a title=\"Testung &#8211; Artikel\" class=\"read-more\" href=\"https:\/\/lefthander-consulting.org\/deutsch\/beratung\/testung\/testung-artikel\/\" aria-label=\"Mehr Informationen \u00fcber Testung &#8211; Artikel\">Read more<\/a><\/p>\n","protected":false},"author":1,"featured_media":0,"parent":49,"menu_order":0,"comment_status":"closed","ping_status":"closed","template":"","meta":{"_cbd_carousel_blocks":"[]","footnotes":""},"class_list":["post-2152","page","type-page","status-publish"],"_links":{"self":[{"href":"https:\/\/lefthander-consulting.org\/deutsch\/wp-json\/wp\/v2\/pages\/2152","targetHints":{"allow":["GET"]}}],"collection":[{"href":"https:\/\/lefthander-consulting.org\/deutsch\/wp-json\/wp\/v2\/pages"}],"about":[{"href":"https:\/\/lefthander-consulting.org\/deutsch\/wp-json\/wp\/v2\/types\/page"}],"author":[{"embeddable":true,"href":"https:\/\/lefthander-consulting.org\/deutsch\/wp-json\/wp\/v2\/users\/1"}],"replies":[{"embeddable":true,"href":"https:\/\/lefthander-consulting.org\/deutsch\/wp-json\/wp\/v2\/comments?post=2152"}],"version-history":[{"count":11,"href":"https:\/\/lefthander-consulting.org\/deutsch\/wp-json\/wp\/v2\/pages\/2152\/revisions"}],"predecessor-version":[{"id":4790,"href":"https:\/\/lefthander-consulting.org\/deutsch\/wp-json\/wp\/v2\/pages\/2152\/revisions\/4790"}],"up":[{"embeddable":true,"href":"https:\/\/lefthander-consulting.org\/deutsch\/wp-json\/wp\/v2\/pages\/49"}],"wp:attachment":[{"href":"https:\/\/lefthander-consulting.org\/deutsch\/wp-json\/wp\/v2\/media?parent=2152"}],"curies":[{"name":"wp","href":"https:\/\/api.w.org\/{rel}","templated":true}]}}