{"id":1642,"date":"2019-01-02T15:50:00","date_gmt":"2019-01-02T14:50:07","guid":{"rendered":"https:\/\/lefthander-consulting.org\/?page_id=1642"},"modified":"2025-10-07T18:09:48","modified_gmt":"2025-10-07T16:09:48","slug":"linkshaender-beratung-de","status":"publish","type":"page","link":"https:\/\/lefthander-consulting.org\/deutsch\/","title":{"rendered":"LH_Beratung"},"content":{"rendered":"<h2><span style=\"color: #e8b35e;\">Linksh\u00e4nder<\/span>-Beratung<br \/>\nund Information.<\/h2>\n<p>Das BeraterInnen-Netzwerk f\u00fcr\u00a0Linksh\u00e4nder\u00a0und<br \/>\nwissenschaftliche Informationen zu\u00a0Linksh\u00e4ndigkeit<br \/>\nin Kindheit, Beruf und Freizeit.<\/p>\n<p><a class=\"button porsche\" href=\"https:\/\/lefthander-consulting.org\/deutsch\/netzwerk\/berater-finden\/\">BeraterIn finden<\/a> <a class=\"button white-lh\" href=\"https:\/\/lefthander-consulting.org\/deutsch\/information\/\">Informationen<\/a><\/p>\n<p><a class=\"button red\" href=\"https:\/\/lefthander-consulting.org\/deutsch\/beratung\/kindergruppen\/#online-beratung\">Online-Schreibberatung f\u00fcr Kinder und Erwachsene<\/a><\/p>\n<h2 style=\"text-align: center\"><span style=\"color: #e8b45e\" data-css=\"tve-u-165faffed3d\">Linksh\u00e4ndigkeit<\/span>\u00a0<span style=\"color: #333333\">ist keine Krankheit!<\/span><\/h2>\n<hr \/>\n<p style=\"text-align: center\" data-css=\"tve-u-16718f0fca6\">Wir helfen\u00a0<span style=\"color: #e8b45e\">Linksh\u00e4ndern<\/span>\u00a0und ihren Familien,<br \/>\ndenen\u00a0<span style=\"color: #e8b45e\">Linksh\u00e4ndigkeit<\/span>\u00a0als Problem erscheint,<br \/>\ndaraus eine St\u00e4rke zu machen.<\/p>\n<div><strong>Sie finden hier:<\/strong><\/div>\n<ul>\n<li>Informationen aus Forschung und Lehre<\/li>\n<li>Kindergruppen f\u00fcr Linksh\u00e4nder<\/li>\n<li>Individuelle Linksh\u00e4nder-Beratung in Ihrer N\u00e4he<\/li>\n<li>Netzwerk f\u00fcr zertifizierte Linksh\u00e4nder-BeraterInnen zur H\u00e4ndigkeit<\/li>\n<li>Infos zu Weiterbildung und Zertifizierung als Linksh\u00e4nder-Beraterin<\/li>\n<\/ul>\n<p>[row cols_nr=3][col size=&#8220;3.3&#8243;]<\/p>\n<h3 style=\"text-align: center;\">Kindergruppen f\u00fcr <span style=\"color: #e8b35e;\">Linksh\u00e4nder\u00a0<\/span>zur Schreibvorbereitung mit links<\/h3>\n<p><a href=\"https:\/\/lefthander-consulting.org\/deutsch\/beratung\/kindergruppen\/\"><img loading=\"lazy\" decoding=\"async\" class=\"buch-rahmen aligncenter wp-image-1611 size-medium\" src=\"https:\/\/lefthander-consulting.org\/deutsch\/wp-content\/uploads\/2018\/12\/LH-Kindergruppe-10.12.18_7-Foto-Sattler-300x169.jpg\" alt=\"\" width=\"300\" height=\"169\" srcset=\"https:\/\/lefthander-consulting.org\/deutsch\/wp-content\/uploads\/2018\/12\/LH-Kindergruppe-10.12.18_7-Foto-Sattler-300x169.jpg 300w, https:\/\/lefthander-consulting.org\/deutsch\/wp-content\/uploads\/2018\/12\/LH-Kindergruppe-10.12.18_7-Foto-Sattler-768x432.jpg 768w, https:\/\/lefthander-consulting.org\/deutsch\/wp-content\/uploads\/2018\/12\/LH-Kindergruppe-10.12.18_7-Foto-Sattler-1024x576.jpg 1024w\" sizes=\"auto, (max-width: 300px) 100vw, 300px\" \/><\/a><\/p>\n<hr \/>\n<p>[\/col][col size=&#8220;3.3&#8243;]<\/p>\n<h3 style=\"text-align: center;\">Informationen \u00fcber die <span style=\"color: #e8b35e;\">Linksh\u00e4ndigkeit<\/span><\/h3>\n<p>Hier finden Sie Antworten zu den h\u00e4ufigsten Fragen \u00fcber die Linksh\u00e4ndigkeit und die Wahrnehmung als Problem&#8230;<\/p>\n<p style=\"text-align: center;\"><a class=\"button san-marino\" href=\"https:\/\/lefthander-consulting.org\/deutsch\/information\/wo-finde-ich-was\/\">weiterlesen &#8230;<\/a><\/p>\n<hr \/>\n<p>[\/col][col size=&#8220;3.3&#8243;]<\/p>\n<h3 style=\"text-align: center;\">Netzwerk f\u00fcr zertifizierte <span style=\"color: #e8b35e;\">Linksh\u00e4nder<\/span>-BeraterInnen<\/h3>\n<p><a href=\"https:\/\/lefthander-consulting.org\/deutsch\/netzwerk\/\"><img loading=\"lazy\" decoding=\"async\" class=\"buch-rahmen aligncenter wp-image-1006 size-medium\" src=\"https:\/\/lefthander-consulting.org\/deutsch\/wp-content\/uploads\/2018\/10\/172-Fachtreffen-14.09.13-Follow-up-Dr-Barth-Greshake-Schreiber-u.a.-Foto-Vasterling-e1540223666730-300x205.jpg\" alt=\"Fachtagung\" width=\"300\" height=\"205\" \/><\/a><\/p>\n<hr \/>\n<p>[\/col][\/row]<\/p>\n<p>\u00a0<\/p>\n<h2>Sie suchen eine(n)\u00a0<span>BeraterIn<br \/>\n<\/span>in Ihrer N\u00e4he?<\/h2>\n<p>Mit Klick auf den nachstehenden Button<br \/>\nkommen Sie direkt zur <span>BeraterInnen<\/span>-Datenbank.<\/p>\n<p>Dort finden Sie Kontaktinformationen von<br \/>\nLinksh\u00e4nder-<span>BeraterInnen<\/span> in Ihrer N\u00e4he.<\/p>\n<p><a class=\"button porsche\" href=\"https:\/\/lefthander-consulting.org\/deutsch\/beratung\/berater-finden\">BeraterIn finden<\/a><\/p>\n<h2><span style=\"color: #333333\">Wollen Sie sich als<\/span>\u00a0<span style=\"color: #e8b35e\">Linksh\u00e4nder-BeraterIn<\/span><br \/>\n<span style=\"color: #333333\">weiterbilden oder zertifizieren lassen?<\/span><\/h2>\n<p>An den folgenden Orten werden Kurse zum\/zur\u00a0zertifizierten<br \/>\nLinksh\u00e4nder-BeraterIn\u00a0angeboten:<br \/>\nBad Nenndorf (Hannover), Berlin, Bremen, Leipzig, M\u00fcnchen.<\/p>\n<p>Die detaillierte Kursliste und\u00a0ausf\u00fchrliche Informationen\u00a0zur<br \/>\nWeiterbildung und Zertifizierung senden wir Ihnen gerne zu.<\/p>\n<span class=\"tve-leads-two-step-trigger tl-2step-trigger-4438\"><a class=\"button san-marino\">Ja, bitte informieren Sie mich.<\/a><\/span>\n","protected":false},"excerpt":{"rendered":"<p>Linksh\u00e4nder-Beratung und Information. Das BeraterInnen-Netzwerk f\u00fcr\u00a0Linksh\u00e4nder\u00a0und wissenschaftliche Informationen zu\u00a0Linksh\u00e4ndigkeit in Kindheit, Beruf und Freizeit. BeraterIn finden Informationen Online-Schreibberatung f\u00fcr Kinder und Erwachsene Linksh\u00e4ndigkeit\u00a0ist keine Krankheit! Wir helfen\u00a0Linksh\u00e4ndern\u00a0und ihren Familien, denen\u00a0Linksh\u00e4ndigkeit\u00a0als Problem erscheint, daraus eine St\u00e4rke zu machen. Sie finden hier: Informationen aus Forschung und Lehre Kindergruppen f\u00fcr Linksh\u00e4nder Individuelle Linksh\u00e4nder-Beratung in Ihrer N\u00e4he Netzwerk f\u00fcr zertifizierte Linksh\u00e4nder-BeraterInnen zur H\u00e4ndigkeit Infos zu Weiterbildung und Zertifizierung als Linksh\u00e4nder-Beraterin [row cols_nr=3][col size=&#8220;3.3&#8243;] Kindergruppen f\u00fcr Linksh\u00e4nder\u00a0zur Schreibvorbereitung mit links [\/col][col size=&#8220;3.3&#8243;] Informationen \u00fcber die Linksh\u00e4ndigkeit Hier finden Sie Antworten zu den h\u00e4ufigsten Fragen \u00fcber die Linksh\u00e4ndigkeit und die Wahrnehmung als Problem&#8230; weiterlesen &#8230; [\/col][col size=&#8220;3.3&#8243;] Netzwerk f\u00fcr zertifizierte Linksh\u00e4nder-BeraterInnen [\/col][\/row] \u00a0 Sie suchen eine(n)\u00a0BeraterIn in Ihrer N\u00e4he? Mit Klick auf den nachstehenden Button kommen Sie direkt zur BeraterInnen-Datenbank. Dort finden Sie Kontaktinformationen von Linksh\u00e4nder-BeraterInnen in Ihrer N\u00e4he. BeraterIn finden Wollen Sie sich als\u00a0Linksh\u00e4nder-BeraterIn weiterbilden oder zertifizieren lassen? An den folgenden Orten werden Kurse zum\/zur\u00a0zertifizierten Linksh\u00e4nder-BeraterIn\u00a0angeboten: Bad Nenndorf (Hannover), &#8230; <a title=\"LH_Beratung\" class=\"read-more\" href=\"https:\/\/lefthander-consulting.org\/deutsch\/\" aria-label=\"Mehr Informationen \u00fcber LH_Beratung\">Read more<\/a><\/p>\n","protected":false},"author":1,"featured_media":0,"parent":0,"menu_order":7,"comment_status":"closed","ping_status":"closed","template":"","meta":{"_cbd_carousel_blocks":"[]","footnotes":""},"class_list":["post-1642","page","type-page","status-publish"],"_links":{"self":[{"href":"https:\/\/lefthander-consulting.org\/deutsch\/wp-json\/wp\/v2\/pages\/1642","targetHints":{"allow":["GET"]}}],"collection":[{"href":"https:\/\/lefthander-consulting.org\/deutsch\/wp-json\/wp\/v2\/pages"}],"about":[{"href":"https:\/\/lefthander-consulting.org\/deutsch\/wp-json\/wp\/v2\/types\/page"}],"author":[{"embeddable":true,"href":"https:\/\/lefthander-consulting.org\/deutsch\/wp-json\/wp\/v2\/users\/1"}],"replies":[{"embeddable":true,"href":"https:\/\/lefthander-consulting.org\/deutsch\/wp-json\/wp\/v2\/comments?post=1642"}],"version-history":[{"count":3,"href":"https:\/\/lefthander-consulting.org\/deutsch\/wp-json\/wp\/v2\/pages\/1642\/revisions"}],"predecessor-version":[{"id":15103,"href":"https:\/\/lefthander-consulting.org\/deutsch\/wp-json\/wp\/v2\/pages\/1642\/revisions\/15103"}],"wp:attachment":[{"href":"https:\/\/lefthander-consulting.org\/deutsch\/wp-json\/wp\/v2\/media?parent=1642"}],"curies":[{"name":"wp","href":"https:\/\/api.w.org\/{rel}","templated":true}]}}