{"id":112,"date":"2018-06-07T15:42:17","date_gmt":"2018-06-07T13:42:17","guid":{"rendered":"https:\/\/lefthander-consulting.org\/?page_id=112"},"modified":"2025-08-15T14:34:42","modified_gmt":"2025-08-15T12:34:42","slug":"kunst-wahrnehmungspsychologie","status":"publish","type":"page","link":"https:\/\/lefthander-consulting.org\/deutsch\/information\/kunst-wahrnehmungspsychologie\/","title":{"rendered":"Kunst \/ Wahrnehmungspsychologie"},"content":{"rendered":"<p><span style=\"font-family: Arial,Helvetica\">Es hat sich gezeigt, &#8222;dass der Mensch die rechte und linke Seite seines Gesichtsfeldes verschieden wahrnimmt und dass diese Unterschiede auf neurophysiologischen Gegebenheiten basieren&#8220; (Sattler,\u00a0<a href=\"https:\/\/lefthander-consulting.org\/deutsch\/information\/literatur\/links-und-rechts-in-der-wahrnehmung-des-menschen\/\">Links und Rechts in der Wahrnehmung des Menschen<\/a>, S. 137). Linksh\u00e4nder verarbeiten &#8222;Visuelles h\u00e4ufig anders als Rechtsh\u00e4nder. Sie treffen z.B. oft entgegengesetzte Pr\u00e4ferenzauswahlen bei Bildern und deren Spiegelansicht als Rechtsh\u00e4nder&#8220; (ebenda).<\/span><\/p>\n<p><span style=\"font-family: Arial,Helvetica\">Doch ist auch die Kunst sehr von traditionellen Seitenbedeutungen gepr\u00e4gt und es besteht z.T. bis heute die Auffassung, dass Bewegungsrichtungen von links nach rechts Gl\u00fcck bringend seien und von rechts nach links Ungl\u00fcck verhie\u00dfen. Charakeristischerweise neigen gerade Linksh\u00e4nder dazu, Bildkompositionen von rechts nach links anzulegen.<\/span><\/p>\n<p><span style=\"font-family: Arial,Helvetica\">Die erste Ausstellung mit Werken von ausschlie\u00dflich linksh\u00e4ndigen K\u00fcnstlern fand 1987 in M\u00fcnchen statt (Sattler,\u00a0<a href=\"https:\/\/lefthander-consulting.org\/deutsch\/information\/literatur\/links-und-rechts-in-der-wahrnehmung-des-menschen\/\">Links und Rechts in der Wahrnehmung des Menschen<\/a>, S. 256 ff.).<\/span><\/p>\n<p><span style=\"font-family: Arial,Helvetica\">Hinzu kommt, dass wohl eine gro\u00dfe Anzahl der K\u00fcnstler Linksh\u00e4nder waren und sind. Allerdings wurde auch fr\u00fcher traditionell eher rechts geschrieben, so dass wir manchen Hinweis auf die Linksh\u00e4ndigkeit eines K\u00fcnstlers nicht sicher nachvollziehen k\u00f6nnen.<\/span><\/p>\n<p><span style=\"font-family: Arial,Helvetica\">\u00a9 Copyright: Erste deutsche Beratungs- und Informationsstelle f\u00fcr Linksh\u00e4nder und umgeschulte Linksh\u00e4nder, Sendlinger Str. 17, 80331 M\u00fcnchen, Tel. \/ Fax: +49 \/ 89 \/ 26 86 14, <a href=\"https:\/\/lefthander-consulting.org\">https:\/\/www.linkshaender-beratung.de<\/a>, e-mail: info@lefthander-consulting.org<\/span><\/p>\n","protected":false},"excerpt":{"rendered":"<p>Es hat sich gezeigt, &#8222;dass der Mensch die rechte und linke Seite seines Gesichtsfeldes verschieden wahrnimmt und dass diese Unterschiede auf neurophysiologischen Gegebenheiten basieren&#8220; (Sattler,\u00a0Links und Rechts in der Wahrnehmung des Menschen, S. 137). Linksh\u00e4nder verarbeiten &#8222;Visuelles h\u00e4ufig anders als Rechtsh\u00e4nder. Sie treffen z.B. oft entgegengesetzte Pr\u00e4ferenzauswahlen bei Bildern und deren Spiegelansicht als Rechtsh\u00e4nder&#8220; (ebenda). Doch ist auch die Kunst sehr von traditionellen Seitenbedeutungen gepr\u00e4gt und es besteht z.T. bis heute die Auffassung, dass Bewegungsrichtungen von links nach rechts Gl\u00fcck bringend seien und von rechts nach links Ungl\u00fcck verhie\u00dfen. Charakeristischerweise neigen gerade Linksh\u00e4nder dazu, Bildkompositionen von rechts nach links anzulegen. Die erste Ausstellung mit Werken von ausschlie\u00dflich linksh\u00e4ndigen K\u00fcnstlern fand 1987 in M\u00fcnchen statt (Sattler,\u00a0Links und Rechts in der Wahrnehmung des Menschen, S. 256 ff.). Hinzu kommt, dass wohl eine gro\u00dfe Anzahl der K\u00fcnstler Linksh\u00e4nder waren und sind. Allerdings wurde auch fr\u00fcher traditionell eher rechts geschrieben, so dass wir manchen Hinweis auf die Linksh\u00e4ndigkeit &#8230; <a title=\"Kunst \/ Wahrnehmungspsychologie\" class=\"read-more\" href=\"https:\/\/lefthander-consulting.org\/deutsch\/information\/kunst-wahrnehmungspsychologie\/\" aria-label=\"Mehr Informationen \u00fcber Kunst \/ Wahrnehmungspsychologie\">Read more<\/a><\/p>\n","protected":false},"author":1,"featured_media":0,"parent":811,"menu_order":42,"comment_status":"closed","ping_status":"closed","template":"","meta":{"_cbd_carousel_blocks":"[]","footnotes":""},"class_list":["post-112","page","type-page","status-publish"],"_links":{"self":[{"href":"https:\/\/lefthander-consulting.org\/deutsch\/wp-json\/wp\/v2\/pages\/112","targetHints":{"allow":["GET"]}}],"collection":[{"href":"https:\/\/lefthander-consulting.org\/deutsch\/wp-json\/wp\/v2\/pages"}],"about":[{"href":"https:\/\/lefthander-consulting.org\/deutsch\/wp-json\/wp\/v2\/types\/page"}],"author":[{"embeddable":true,"href":"https:\/\/lefthander-consulting.org\/deutsch\/wp-json\/wp\/v2\/users\/1"}],"replies":[{"embeddable":true,"href":"https:\/\/lefthander-consulting.org\/deutsch\/wp-json\/wp\/v2\/comments?post=112"}],"version-history":[{"count":8,"href":"https:\/\/lefthander-consulting.org\/deutsch\/wp-json\/wp\/v2\/pages\/112\/revisions"}],"predecessor-version":[{"id":5216,"href":"https:\/\/lefthander-consulting.org\/deutsch\/wp-json\/wp\/v2\/pages\/112\/revisions\/5216"}],"up":[{"embeddable":true,"href":"https:\/\/lefthander-consulting.org\/deutsch\/wp-json\/wp\/v2\/pages\/811"}],"wp:attachment":[{"href":"https:\/\/lefthander-consulting.org\/deutsch\/wp-json\/wp\/v2\/media?parent=112"}],"curies":[{"name":"wp","href":"https:\/\/api.w.org\/{rel}","templated":true}]}}