{"id":103,"date":"2018-06-07T15:39:03","date_gmt":"2018-06-07T13:39:03","guid":{"rendered":"https:\/\/lefthander-consulting.org\/?page_id=103"},"modified":"2025-08-15T14:34:42","modified_gmt":"2025-08-15T12:34:42","slug":"musik-und-linkshaendigkeit","status":"publish","type":"page","link":"https:\/\/lefthander-consulting.org\/deutsch\/information\/musik-und-linkshaendigkeit\/","title":{"rendered":"Musik und Linksh\u00e4ndigkeit"},"content":{"rendered":"<table>\n<tbody>\n<tr>\n<td width=\"710\">Auch in der Musik gilt:<\/td>\n<\/tr>\n<tr>\n<td width=\"710\"><strong><em>\u201eH\u00e4ndigkeit ist Hirnigkeit\u201c<br \/>\n<\/em><\/strong>(Sattler, 1991)<\/td>\n<\/tr>\n<\/tbody>\n<\/table>\n<p style=\"font-weight: 400\"><em>\u00a0<\/em><\/p>\n<table style=\"width: 85.1562%;height: 216px\">\n<tbody>\n<tr style=\"height: 24px\">\n<td style=\"width: 99.3174%;height: 24px\" colspan=\"2\">Praktizierte Musikalit\u00e4t dr\u00fcckt sich durch die dominante Hand aus und daher sollte jeder das Musikinstrument entsprechend seiner H\u00e4ndigkeit spielen d\u00fcrfen!<\/td>\n<\/tr>\n<tr style=\"height: 24px\">\n<td style=\"width: 42.6621%;height: 24px\">\u266a<\/td>\n<td style=\"width: 56.6553%;height: 24px\"><a href=\"https:\/\/lefthander-consulting.org\/deutsch\/information\/musik-und-linkshaendigkeit\/musizieren-mit-links\/\">Musizieren mit links<\/a><\/td>\n<\/tr>\n<tr style=\"height: 24px\">\n<td style=\"width: 42.6621%;height: 24px\">\u266a<\/td>\n<td style=\"width: 56.6553%;height: 24px\"><a href=\"https:\/\/lefthander-consulting.org\/deutsch\/andrea-arnoldussen-haendigkeit-und-instrument-wie-machen-linkshaender-musik\/\">H\u00e4ndigkeit und Instrument<\/a><\/td>\n<\/tr>\n<tr style=\"height: 24px\">\n<td style=\"width: 42.6621%;height: 24px\">\u266a<\/td>\n<td style=\"width: 56.6553%;height: 24px\"><a href=\"https:\/\/lefthander-consulting.org\/deutsch\/information\/musik-und-linkshaendigkeit\/musikinstrumente-und-linkshaendigkeit\/\">Musikinstrumente und Linksh\u00e4ndigkeit<\/a><\/td>\n<\/tr>\n<tr style=\"height: 24px\">\n<td style=\"width: 42.6621%;height: 24px\">\u266a<\/td>\n<td style=\"width: 56.6553%;height: 24px\"><a href=\"https:\/\/lefthander-consulting.org\/deutsch\/netzwerk\/musikinstrumente-verkauf-und-verleih\/\">Bezugsquellen von Musikinstrumenten f\u00fcr Linksh\u00e4nder<\/a><\/td>\n<\/tr>\n<tr style=\"height: 24px\">\n<td style=\"width: 42.6621%;height: 24px\">\u266a<\/td>\n<td style=\"width: 56.6553%;height: 24px\">Musikp\u00e4dagogik\u00a0[in Vorbereitung]<\/td>\n<\/tr>\n<tr style=\"height: 24px\">\n<td style=\"width: 42.6621%;height: 24px\">\u266a<\/td>\n<td style=\"width: 56.6553%;height: 24px\"><a href=\"https:\/\/lefthander-consulting.org\/deutsch\/faq.php\">H\u00e4ufig gestellte Fragen \u2013 FAQ<\/a><\/td>\n<\/tr>\n<tr style=\"height: 24px\">\n<td style=\"width: 42.6621%;height: 24px\">\u266a<\/td>\n<td style=\"width: 56.6553%;height: 24px\">Linksh\u00e4ndige Komponisten und linksh\u00e4ndige Musiker [in Vorbereitung]<\/td>\n<\/tr>\n<tr style=\"height: 24px\">\n<td style=\"width: 42.6621%;height: 24px\">\u266a<\/td>\n<td style=\"width: 56.6553%;height: 24px\"><a href=\"https:\/\/lefthander-consulting.org\/deutsch\/information\/musik-und-linkshaendigkeit\/quellen-und-literaturangaben-zu-musik-und-linkshaendigkeit\/\">Quellen- und Literaturangaben zu Musik und Linksh\u00e4ndigkeit<\/a><\/td>\n<\/tr>\n<\/tbody>\n<\/table>\n<p>\u266a<\/p>\n<table style=\"height: 528px;width: 85.1562%\">\n<tbody>\n<tr style=\"height: 24px\">\n<td style=\"height: 24px;width: 99.3186%\" colspan=\"2\"><strong>Artikel und Rezensionen zum Thema Linksh\u00e4ndigkeit und Musik:<\/strong><\/td>\n<\/tr>\n<tr style=\"height: 24px\">\n<td style=\"height: 24px;width: 42.5043%\">\u266a<\/td>\n<td style=\"height: 24px;width: 56.8143%\">1. Deutsches Symposium Linksh\u00e4ndigkeit und Musik am 24. September 2005 in Hamburg<\/td>\n<\/tr>\n<tr style=\"height: 24px\">\n<td style=\"height: 24px;width: 42.5043%\">\u266a<\/td>\n<td style=\"height: 24px;width: 56.8143%\">Musik f\u00fcr die linke Hand und Musik f\u00fcr Linksh\u00e4nder\u00a0\u00a0\u00a0[in Vorbereitung]<\/td>\n<\/tr>\n<tr style=\"height: 168px\">\n<td style=\"height: 168px;width: 42.5043%\">\u266a<\/td>\n<td style=\"height: 168px;width: 56.8143%\">Fachtagung der Linksh\u00e4nder-BeraterInnen mit dem Schwerpunktthema \u201eLinksh\u00e4ndigkeit in der Musik\u201c 2009:<br \/>\n&#8211;\u00a0\u00a0Eva Hartmann: Zum Seminar und der Musikdarbietung von Christopher Seed: Ausf\u00fchrungen und Spiel auf seinem gespiegelten Linksh\u00e4nderklavier<br \/>\n<a href=\"https:\/\/lefthander-consulting.org\/deutsch\/information\/musik-und-linkshaendigkeit\/quellen-und-literaturangaben-zu-musik-und-linkshaendigkeit\/zum-seminar-und-der-musikdarbietung-von-christopher-seed-2\/\">Zum Seminar und der Musikdarbietung von Christopher Seed<\/a><u><br \/>\n<\/u>&#8211;\u00a0\u00a0Dr. Philip Barth: Protokoll vom Workshop mit Christopher Seed<br \/>\n<a href=\"https:\/\/lefthander-consulting.org\/deutsch\/information\/musik-und-linkshaendigkeit\/quellen-und-literaturangaben-zu-musik-und-linkshaendigkeit\/protokoll-vom-workshop-mit-christopher-seed\/\">Protokoll zum Workshop mit Christoper Seed<\/a><\/td>\n<\/tr>\n<tr style=\"height: 72px\">\n<td style=\"height: 72px;width: 42.5043%\">\u266a<\/td>\n<td style=\"height: 72px;width: 56.8143%\">Rezension von Dr. Andrea Arnoldussen: Musizieren mit links. Linksh\u00e4ndiges Instrumentalspiel in Theorie und Praxis. Von Walter Mengler, Schott Music, Mainz, 2010<br \/>\n<a href=\"https:\/\/lefthander-consulting.org\/deutsch\/information\/musik-und-linkshaendigkeit\/quellen-und-literaturangaben-zu-musik-und-linkshaendigkeit\/rezension-musizieren-mit-links-von-walter-mengler\/\">Rezension: Musizieren mit links von Walter Mengler<\/a><\/td>\n<\/tr>\n<tr>\n<td style=\"width: 42.5043%\">\u266a<\/td>\n<td style=\"width: 56.8143%\">Rezension von Almuth Vasterling: H\u00e4ndigkeit und Instrument. Wie machen Linksh\u00e4nder Musik? Von Andrea Arnoldussen, Schott Music, Mainz, 2020<br \/>\n<a href=\"https:\/\/lefthander-consulting.org\/deutsch\/information\/musik-und-linkshaendigkeit\/quellen-und-literaturangaben-zu-musik-und-linkshaendigkeit\/rezension-haendigkeit-und-instrument-von-almuth-vasterling\/\">Rezension: H\u00e4ndigkeit und Instrument von Dr. Andrea Arnoldussen<\/a><\/td>\n<\/tr>\n<tr style=\"height: 72px\">\n<td style=\"height: 72px;width: 42.5043%\">\u266a<\/td>\n<td style=\"height: 72px;width: 56.8143%\">Rezension von Sylvia Engel: Konzert f\u00fcr die linke Hand. Von Lea Singer, Hoffmann und Campe Verlag, Hamburg, 2008<br \/>\n<a href=\"https:\/\/lefthander-consulting.org\/deutsch\/information\/musik-und-linkshaendigkeit\/quellen-und-literaturangaben-zu-musik-und-linkshaendigkeit\/rezention-konzert-fuer-die-linke-hand\/\">Rezension: Konzert f\u00fcr die linke Hand von Lea Singer<\/a><\/td>\n<\/tr>\n<tr style=\"height: 72px\">\n<td style=\"height: 72px;width: 42.5043%\">\u266a<\/td>\n<td style=\"height: 72px;width: 56.8143%\">Die Basler Trommel in Bezug auf die Linksh\u00e4ndigkeit<br \/>\nBrigitte Eichkorn<br \/>\n<a href=\"https:\/\/lefthander-consulting.org\/deutsch\/wp-content\/uploads\/2019\/04\/Referat-Trommler-Brigitte-Eichkorn.pdf\">Die Basler Trommel in Bezug auf die Linksh\u00e4ndigkeit<\/a><\/td>\n<\/tr>\n<\/tbody>\n<\/table>\n<p style=\"font-weight: 400\">Diese Seiten wird von dem \u201eArbeitskreis Linksh\u00e4ndigkeit und Musik der S-MH<sup>\u00ae<\/sup> Linksh\u00e4nder-Beraterinnen und Linksh\u00e4nder-Berater\u201c bearbeitet.<\/p>\n<p>\u00a9 Copyright: Erste deutsche Beratungs- und Informationsstelle f\u00fcr Linksh\u00e4nder und umgeschulte Linksh\u00e4nder, Sendlinger Str. 17, 80331 M\u00fcnchen, Tel. \/ Fax: +49 \/ 89 \/ 26 86 14<br \/>\n<a href=\"https:\/\/lefthander-consulting.org\">https:\/\/lefthander-consulting.org,<\/a> e-mail: <a href=\"mailto:info@linkshaender-beratung.de\">info@lefthander-consulting.org<\/a><\/p>\n<p>&nbsp;<\/p>\n<p style=\"font-weight: 400\">Stand:\u00a0 12.04.2023<\/p>\n","protected":false},"excerpt":{"rendered":"<p>Auch in der Musik gilt: \u201eH\u00e4ndigkeit ist Hirnigkeit\u201c (Sattler, 1991) \u00a0 Praktizierte Musikalit\u00e4t dr\u00fcckt sich durch die dominante Hand aus und daher sollte jeder das Musikinstrument entsprechend seiner H\u00e4ndigkeit spielen d\u00fcrfen! \u266a Musizieren mit links \u266a H\u00e4ndigkeit und Instrument \u266a Musikinstrumente und Linksh\u00e4ndigkeit \u266a Bezugsquellen von Musikinstrumenten f\u00fcr Linksh\u00e4nder \u266a Musikp\u00e4dagogik\u00a0[in Vorbereitung] \u266a H\u00e4ufig gestellte Fragen \u2013 FAQ \u266a Linksh\u00e4ndige Komponisten und linksh\u00e4ndige Musiker [in Vorbereitung] \u266a Quellen- und Literaturangaben zu Musik und Linksh\u00e4ndigkeit \u266a Artikel und Rezensionen zum Thema Linksh\u00e4ndigkeit und Musik: \u266a 1. Deutsches Symposium Linksh\u00e4ndigkeit und Musik am 24. September 2005 in Hamburg \u266a Musik f\u00fcr die linke Hand und Musik f\u00fcr Linksh\u00e4nder\u00a0\u00a0\u00a0[in Vorbereitung] \u266a Fachtagung der Linksh\u00e4nder-BeraterInnen mit dem Schwerpunktthema \u201eLinksh\u00e4ndigkeit in der Musik\u201c 2009: &#8211;\u00a0\u00a0Eva Hartmann: Zum Seminar und der Musikdarbietung von Christopher Seed: Ausf\u00fchrungen und Spiel auf seinem gespiegelten Linksh\u00e4nderklavier Zum Seminar und der Musikdarbietung von Christopher Seed &#8211;\u00a0\u00a0Dr. Philip Barth: Protokoll vom Workshop mit Christopher Seed Protokoll &#8230; <a title=\"Musik und Linksh\u00e4ndigkeit\" class=\"read-more\" href=\"https:\/\/lefthander-consulting.org\/deutsch\/information\/musik-und-linkshaendigkeit\/\" aria-label=\"Mehr Informationen \u00fcber Musik und Linksh\u00e4ndigkeit\">Read more<\/a><\/p>\n","protected":false},"author":1,"featured_media":0,"parent":811,"menu_order":39,"comment_status":"closed","ping_status":"closed","template":"","meta":{"_cbd_carousel_blocks":"[]","footnotes":""},"class_list":["post-103","page","type-page","status-publish"],"_links":{"self":[{"href":"https:\/\/lefthander-consulting.org\/deutsch\/wp-json\/wp\/v2\/pages\/103","targetHints":{"allow":["GET"]}}],"collection":[{"href":"https:\/\/lefthander-consulting.org\/deutsch\/wp-json\/wp\/v2\/pages"}],"about":[{"href":"https:\/\/lefthander-consulting.org\/deutsch\/wp-json\/wp\/v2\/types\/page"}],"author":[{"embeddable":true,"href":"https:\/\/lefthander-consulting.org\/deutsch\/wp-json\/wp\/v2\/users\/1"}],"replies":[{"embeddable":true,"href":"https:\/\/lefthander-consulting.org\/deutsch\/wp-json\/wp\/v2\/comments?post=103"}],"version-history":[{"count":12,"href":"https:\/\/lefthander-consulting.org\/deutsch\/wp-json\/wp\/v2\/pages\/103\/revisions"}],"predecessor-version":[{"id":12030,"href":"https:\/\/lefthander-consulting.org\/deutsch\/wp-json\/wp\/v2\/pages\/103\/revisions\/12030"}],"up":[{"embeddable":true,"href":"https:\/\/lefthander-consulting.org\/deutsch\/wp-json\/wp\/v2\/pages\/811"}],"wp:attachment":[{"href":"https:\/\/lefthander-consulting.org\/deutsch\/wp-json\/wp\/v2\/media?parent=103"}],"curies":[{"name":"wp","href":"https:\/\/api.w.org\/{rel}","templated":true}]}}